000
CXUS54 KTSA 011113
CF6MKO
PRELIMINARY LOCAL CLIMATOLOGICAL DATA (WS FORM: F-6)
STATION: MUSKOGEE OKLAHOMA
MONTH: MARCH
YEAR: 2020
LATITUDE: 35 40 N
LONGITUDE: 95 22 W
TEMPERATURE IN F: :PCPN: SNOW: WIND :SUNSHINE: SKY :PK WND
================================================================================
1 2 3 4 5 6A 6B 7 8 9 10 11 12 13 14 15 16 17 18
12Z AVG MX 2MIN
DY MAX MIN AVG DEP HDD CDD WTR SNW DPTH SPD SPD DIR MIN PSBL S-S WX SPD DR
================================================================================
1 73 55 64 17 1 0 0.00 0.0 0 13.5 23 190 M M 4 35 200
2 64 42 53 6 12 0 0.00 0.0 0 6.5 17 350 M M 5 1 22 350
3 66 38 52 4 13 0 0.00 0.0 0 3.3 12 10 M M 0 16 20
4 61 43 52 4 13 0 0.00 0.0 0 7.0 15 20 M M 0 19 40
5 70 30 50 2 15 0 0.00 0.0 0 8.3 25 360 M M 0 34 10
6 64 34 49 1 16 0 0.00 0.0 0 5.8 14 20 M M 0 19 20
7 69 32 51 2 14 0 0.00 0.0 0 9.7 18 180 M M 0 27 170
8 65 41 53 4 12 0 0.00 0.0 0 12.7 28 170 M M 2 40 170
9 74 47 61 11 4 0 0.18 0.0 0 15.1 25 190 M M 7 13 37 170
10 66 43 55 5 10 0 0.00 0.0 0 7.6 15 340 M M 5 20 350
11 74 53 64 14 1 0 0.07 0.0 0 7.2 24 350 M M 2 13 35 340
12 88 59 74 24 0 9 0.00 0.0 0 13.9 25 10 M M 3 36 230
13 59 43 51 0 14 0 0.40 0.0 0 13.6 23 30 M M 7 1 30 100
14 53 42 48 -3 17 0 1.63 0.0 0 9.4 18 120 M M 10 13 26 110
15 53 45 49 -3 16 0 0.00 0.0 0 8.4 15 120 M M 10 1 20 130
16 50 44 47 -5 18 0 0.06 0.0 0 7.2 23 130 M M 10 1 32 130
17 58 49 54 2 11 0 0.59 0.0 0 8.2 18 120 M M 10 13 27 120
18 77 52 65 13 0 0 0.28 0.0 0 11.2 21 190 M M 6 13 30 180
19 68 61 65 12 0 0 2.09 0.0 0 10.2 22 200 M M 6 13 34 220
20 62 36 49 -4 16 0 0.00 0.0 0 13.3 25 340 M M 6 34 340
21 59 32 46 -7 19 0 0.00 0.0 0 7.3 16 180 M M 2 25 140
22 53 44 49 -5 16 0 0.24 0.0 0 8.0 15 140 M M 9 1 22 130
23 62 49 56 2 9 0 0.00 0.0 0 8.2 18 140 M M 10 1 26 130
24 75 50 63 9 2 0 0.11 0.0 0 8.8 20 330 M M 4 1 35 310
25 83 44 64 10 1 0 0.00 0.0 0 9.9 21 200 M M 0 12 29 200
26 94 59 77 22 0 12 0.00 0.0 0 11.4 18 190 M M 0 27 180
27 78 69 74 19 0 9 0.00 0.0 0 10.8 20 140 M M 3 28 190
28 77 53 65 10 0 0 0.02 0.0 0 14.2 26 240 M M 1 13 36 250
29 73 41 57 1 8 0 0.00 0.0 0 4.5 12 270 M M 0 17 270
30 65 50 58 2 7 0 0.87 0.0 0 6.2 16 90 M M 6 1 22 100
31 68 48 58 2 7 0 0.10 0.0 0 8.0 15 20 M M 5 1 21 360
================================================================================
SM 2101 1428 272 30 6.64 0.0 289.4 M 133
================================================================================
AV 67.8 46.1 9.3 FASTST M M 4 MAX(MPH)
MISC ----> # 28 170 # 40 170
================================================================================
NOTES:
# LAST OF SEVERAL OCCURRENCES
COLUMN 17 PEAK WIND IN M.P.H.
PRELIMINARY LOCAL CLIMATOLOGICAL DATA (WS FORM: F-6) , PAGE 2
STATION: MUSKOGEE OKLAHOMA
MONTH: MARCH
YEAR: 2020
LATITUDE: 35 40 N
LONGITUDE: 95 22 W
[TEMPERATURE DATA] [PRECIPITATION DATA] SYMBOLS USED IN COLUMN 16
AVERAGE MONTHLY: 56.9 TOTAL FOR MONTH: 6.64 1 = FOG OR MIST
DPTR FM NORMAL: 5.2 DPTR FM NORMAL: 2.87 2 = FOG REDUCING VISIBILITY
HIGHEST: 94 ON 26 GRTST 24HR 2.09 ON 19-19 TO 1/4 MILE OR LESS
LOWEST: 30 ON 5 3 = THUNDER
SNOW, ICE PELLETS, HAIL 4 = ICE PELLETS
TOTAL MONTH: 0.0 INCH 5 = HAIL
GRTST 24HR 0.0 6 = FREEZING RAIN OR DRIZZLE
GRTST DEPTH: 0 7 = DUSTSTORM OR SANDSTORM:
VSBY 1/2 MILE OR LESS
8 = SMOKE OR HAZE
[NO. OF DAYS WITH] [WEATHER - DAYS WITH] 9 = BLOWING SNOW
X = TORNADO
MAX 32 OR BELOW: 0 0.01 INCH OR MORE: 13
MAX 90 OR ABOVE: 1 0.10 INCH OR MORE: 10
MIN 32 OR BELOW: 3 0.50 INCH OR MORE: 4
MIN 0 OR BELOW: 0 1.00 INCH OR MORE: 2
[HDD (BASE 65) ]
TOTAL THIS MO. 272 CLEAR (SCALE 0-3) 12
DPTR FM NORMAL -150 PTCLDY (SCALE 4-7) 13
TOTAL FM JUL 1 2939 CLOUDY (SCALE 8-10) 6
DPTR FM NORMAL -342
[CDD (BASE 65) ]
TOTAL THIS MO. 30
DPTR FM NORMAL 21 [PRESSURE DATA]
TOTAL FM JAN 1 30 HIGHEST SLP 30.60 ON 6
DPTR FM NORMAL 20 LOWEST SLP 29.56 ON 28
[REMARKS]
#FINAL-03-20#