000
CXUS52 KMLB 010634
CF6MLB
PRELIMINARY LOCAL CLIMATOLOGICAL DATA (WS FORM: F-6)
STATION: MELBOURNE
MONTH: MAY
YEAR: 2023
LATITUDE: 28 6 N
LONGITUDE: 80 39 W
TEMPERATURE IN F: :PCPN: SNOW: WIND :SUNSHINE: SKY :PK WND
================================================================================
1 2 3 4 5 6A 6B 7 8 9 10 11 12 13 14 15 16 17 18
12Z AVG MX 2MIN
DY MAX MIN AVG DEP HDD CDD WTR SNW DPTH SPD SPD DIR MIN PSBL S-S WX SPD DR
================================================================================
1 86 62 74 -2 0 9 0.00 0.0 0 10.0 22 250 M M 0 29 250
2 89 65 77 1 0 12 0.00 0.0 0 11.5 21 250 M M 0 28 240
3 84 63 74 -2 0 9 0.00 0.0 0 10.4 21 300 M M 0 28 260
4 82 58 70 -6 0 5 0.00 0.0 0 7.6 14 110 M M 0 19 60
5 83 65 74 -2 0 9 0.00 0.0 0 9.6 17 60 M M 1 24 70
6 82 68 75 -2 0 10 0.08 0.0 0 10.9 22 60 M M 7 18 28 60
7 81 73 77 0 0 12 0.00 0.0 0 13.9 21 110 M M 2 29 70
8 80 71 76 -1 0 11 0.00 0.0 0 8.5 13 130 M M 0 20 90
9 87 64 76 -1 0 11 0.00 0.0 0 6.5 13 140 M M 0 18 100
10 87 66 77 0 0 12 0.00 0.0 0 6.7 14 100 M M 0 18 100
11 86 71 79 2 0 14 0.00 0.0 0 8.1 16 120 M M 1 22 100
12 86 77 82 4 0 17 0.00 0.0 0 11.7 18 110 M M 4 26 100
13 84 76 80 2 0 15 0.00 0.0 0 11.1 18 110 M M 1 26 110
14 83 73 78 0 0 13 0.00 0.0 0 8.5 14 60 M M 1 22 80
15 85 67 76 -2 0 11 0.00 0.0 0 7.9 16 50 M M 1 24 50
16 86 68 77 -1 0 12 0.00 0.0 0 7.6 14 70 M M 2 19 60
17 93 71 82 4 0 17 0.39 0.0 0 7.2 28 280 M M 3 13 38 270
18 86 69 78 0 0 13 T 0.0 0 6.0 17 210 M M 2 3 22 210
19 88 69 79 0 0 14 0.00 0.0 0 5.7 16 100 M M 1 24 90
20 87 75 81 2 0 16 0.00 0.0 0 6.4 14 120 M M 3 3 20 110
21 87 71 79 0 0 14 0.00 0.0 0 6.4 15 100 M M 1 19 70
22 86 73 80 1 0 15 0.58 0.0 0 7.4 18 60 M M 5 13 24 70
23 83 70 77 -2 0 12 0.30 0.0 0 7.5 16 70 M M 4 13 20 70
24 84 71 78 -1 0 13 0.87 0.0 0 7.3 21 30 M M 5 123 29 40
25 82 71 77 -3 0 12 1.23 0.0 0 10.2 18 30 M M 4 123 26 90
26 85 70 78 -2 0 13 0.40 0.0 0 12.5 29 340 M M 6 138 38 330
27 84 65 75 -5 0 10 0.00 0.0 0 8.8 15 300 M M 2 20 310
28 81 68 75 -5 0 10 0.00 0.0 0 8.1 14 90 M M 4 19 60
29 83 72 78 -2 0 13 0.00 0.0 0 9.0 16 20 M M 3 23 30
30 84 66 75 -5 0 10 0.00 0.0 0 8.1 17 110 M M 0 22 120
31 86 74 80 0 0 15 0.95 0.0 0 12.6 22 70 M M 4 1 29 50
================================================================================
SM 2630 2142 0 379 4.80 0.0 273.7 M 67
================================================================================
AV 84.8 69.1 8.8 FASTST M M 2 MAX(MPH)
MISC ----> 29 340 # 38 270
================================================================================
NOTES:
# LAST OF SEVERAL OCCURRENCES
COLUMN 17 PEAK WIND IN M.P.H.
PRELIMINARY LOCAL CLIMATOLOGICAL DATA (WS FORM: F-6) , PAGE 2
STATION: MELBOURNE
MONTH: MAY
YEAR: 2023
LATITUDE: 28 6 N
LONGITUDE: 80 39 W
[TEMPERATURE DATA] [PRECIPITATION DATA] SYMBOLS USED IN COLUMN 16
AVERAGE MONTHLY: 77.0 TOTAL FOR MONTH: 4.80 1 = FOG OR MIST
DPTR FM NORMAL: -1.1 DPTR FM NORMAL: 1.27 2 = FOG REDUCING VISIBILITY
HIGHEST: 93 ON 17 GRTST 24HR 1.96 ON 24-25 TO 1/4 MILE OR LESS
LOWEST: 58 ON 4 3 = THUNDER
SNOW, ICE PELLETS, HAIL 4 = ICE PELLETS
TOTAL MONTH: 0.0 INCH 5 = HAIL
GRTST 24HR 0.0 6 = FREEZING RAIN OR DRIZZLE
GRTST DEPTH: 0 7 = DUSTSTORM OR SANDSTORM:
VSBY 1/2 MILE OR LESS
8 = SMOKE OR HAZE
[NO. OF DAYS WITH] [WEATHER - DAYS WITH] 9 = BLOWING SNOW
X = TORNADO
MAX 32 OR BELOW: 0 0.01 INCH OR MORE: 8
MAX 90 OR ABOVE: 1 0.10 INCH OR MORE: 7
MIN 32 OR BELOW: 0 0.50 INCH OR MORE: 4
MIN 0 OR BELOW: 0 1.00 INCH OR MORE: 1
[HDD (BASE 65) ]
TOTAL THIS MO. 0 CLEAR (SCALE 0-3) 21
DPTR FM NORMAL 0 PTCLDY (SCALE 4-7) 10
TOTAL FM JUL 1 242 CLOUDY (SCALE 8-10) 0
DPTR FM NORMAL -149
[CDD (BASE 65) ]
TOTAL THIS MO. 379
DPTR FM NORMAL -29 [PRESSURE DATA]
TOTAL FM JAN 1 1230 HIGHEST SLP M ON M
DPTR FM NORMAL 237 LOWEST SLP 29.74 ON 25
[REMARKS]
#FINAL-05-23#