000
CXUS54 KSHV 040328
CF6MLU
PRELIMINARY LOCAL CLIMATOLOGICAL DATA (WS FORM: F-6)
STATION: MONROE
MONTH: OCTOBER
YEAR: 2020
LATITUDE: 32 30 N
LONGITUDE: 92 2 W
TEMPERATURE IN F: :PCPN: SNOW: WIND :SUNSHINE: SKY :PK WND
================================================================================
1 2 3 4 5 6A 6B 7 8 9 10 11 12 13 14 15 16 17 18
12Z AVG MX 2MIN
DY MAX MIN AVG DEP HDD CDD WTR SNW DPTH SPD SPD DIR MIN PSBL S-S WX SPD DR
================================================================================
1 81 55 68 -3 0 3 0.00 0.0 0 5.8 16 30 M M 0 21 70
2 76 50 63 -8 2 0 0.00 0.0 0 5.6 13 360 M M 0 18 20
3 77 49 63 -7 2 0 0.00 0.0 0 2.3 8 150 M M 0 12 160
4 82 51 67 -3 0 2 T 0.0 0 4.9 15 30 M M 1 1 20 20
5 76 49 63 -7 2 0 0.00 0.0 0 4.6 14 40 M M 0 18 40
6 83 48 66 -3 0 1 0.00 0.0 0 2.5 8 10 M M 0 1 11 40
7 88 53 71 2 0 6 0.00 0.0 0 3.5 9 10 M M 0 11 10
8 72 66 69 0 0 4 0.58 0.0 0 4.9 10 90 M M 7 1 15 80
9 72 67 70 2 0 5 3.94 0.0 0 10.9 44 30 M M 8 1 59 30
10 77 65 71 3 0 6 1.96 0.0 0 18.3 43 10 M M 9 1 63 20
11 87 64 76 8 0 11 0.00 0.0 0 3.2 13 290 M M 2 1 15 290
12 87 62 75 8 0 10 0.00 0.0 0 8.8 20 260 M M 4 1 25 260
13 79 53 66 -1 0 1 0.00 0.0 0 4.6 14 10 M M 0 17 10
14 81 49 65 -2 0 0 0.00 0.0 0 2.0 8 170 M M 0 12 12 150
15 84 55 70 4 0 5 T 0.0 0 8.9 21 40 M M 6 1 29 40
16 70 46 58 -8 7 0 0.08 0.0 0 9.2 24 40 M M 4 1 29 30
17 73 45 59 -7 6 0 0.00 0.0 0 4.6 12 180 M M 3 18 130
18 83 57 70 5 0 5 0.00 0.0 0 4.2 13 180 M M 2 18 190
19 85 67 76 11 0 11 0.00 0.0 0 4.4 10 190 M M 5 1 14 160
20 85 62 74 9 0 9 0.00 0.0 0 2.5 13 200 M M 2 12 15 160
21 88 62 75 11 0 10 0.00 0.0 0 1.6 8 140 M M 1 1 13 140
22 87 63 75 11 0 10 0.00 0.0 0 2.3 10 160 M M 1 128 16 180
23 85 65 75 11 0 10 3.36 0.0 0 4.6 21 310 M M 5 13 29 310
24 65 52 59 -5 6 0 T 0.0 0 9.5 20 350 M M 10 1 24 10
25 62 52 57 -6 8 0 0.00 0.0 0 4.4 9 30 M M 10 1 12 60
26 73 55 64 1 1 0 0.00 0.0 0 6.9 15 40 M M 8 19 40
27 64 58 61 -2 4 0 T 0.0 0 8.1 14 40 M M 10 1 17 50
28 69 56 63 1 2 0 0.51 0.0 0 9.0 20 310 M M 10 1 24 310
29 57 43 50 -12 15 0 0.01 0.0 0 12.4 29 260 M M 8 1 34 250
30 63 45 54 -8 11 0 0.00 0.0 0 7.1 15 40 M M 2 20 20
31 69 40 55 -6 10 0 0.00 0.0 0 1.8 8 220 M M 0 1 11 240
================================================================================
SM 2380 1704 76 109 10.44 0.0 183.4 M 118
================================================================================
AV 76.8 55.0 5.9 FASTST M M 4 MAX(MPH)
MISC ----> # 44 30 # 63 20
================================================================================
NOTES:
# LAST OF SEVERAL OCCURRENCES
COLUMN 17 PEAK WIND IN M.P.H.
PRELIMINARY LOCAL CLIMATOLOGICAL DATA (WS FORM: F-6) , PAGE 2
STATION: MONROE
MONTH: OCTOBER
YEAR: 2020
LATITUDE: 32 30 N
LONGITUDE: 92 2 W
[TEMPERATURE DATA] [PRECIPITATION DATA] SYMBOLS USED IN COLUMN 16
AVERAGE MONTHLY: 65.9 TOTAL FOR MONTH: 10.44 1 = FOG OR MIST
DPTR FM NORMAL: -0.3 DPTR FM NORMAL: 5.66 2 = FOG REDUCING VISIBILITY
HIGHEST: 88 ON 21, 7 GRTST 24HR 3.94 ON 9- 9 TO 1/4 MILE OR LESS
LOWEST: 40 ON 31 3 = THUNDER
SNOW, ICE PELLETS, HAIL 4 = ICE PELLETS
TOTAL MONTH: 0.0 INCH 5 = HAIL
GRTST 24HR 0.0 6 = FREEZING RAIN OR DRIZZLE
GRTST DEPTH: 0 7 = DUSTSTORM OR SANDSTORM:
VSBY 1/2 MILE OR LESS
8 = SMOKE OR HAZE
[NO. OF DAYS WITH] [WEATHER - DAYS WITH] 9 = BLOWING SNOW
X = TORNADO
MAX 32 OR BELOW: 0 0.01 INCH OR MORE: 7
MAX 90 OR ABOVE: 0 0.10 INCH OR MORE: 5
MIN 32 OR BELOW: 0 0.50 INCH OR MORE: 5
MIN 0 OR BELOW: 0 1.00 INCH OR MORE: 3
[HDD (BASE 65) ]
TOTAL THIS MO. 76 CLEAR (SCALE 0-3) 16
DPTR FM NORMAL -8 PTCLDY (SCALE 4-7) 10
TOTAL FM JUL 1 76 CLOUDY (SCALE 8-10) 5
DPTR FM NORMAL -14
[CDD (BASE 65) ]
TOTAL THIS MO. 109
DPTR FM NORMAL -11 [PRESSURE DATA]
TOTAL FM JAN 1 2505 HIGHEST SLP 30.36 ON 16
DPTR FM NORMAL 21 LOWEST SLP 29.37 ON 10
[REMARKS]
#FINAL-10-20#