000
CXUS56 KPQR 011155
CF6MMV
PRELIMINARY LOCAL CLIMATOLOGICAL DATA (WS FORM: F-6)
STATION: MCMINNVILLE OR
MONTH: SEPTEMBER
YEAR: 2022
LATITUDE: 45 11 N
LONGITUDE: 123 8 W
TEMPERATURE IN F: :PCPN: SNOW: WIND :SUNSHINE: SKY :PK WND
================================================================================
1 2 3 4 5 6A 6B 7 8 9 10 11 12 13 14 15 16 17 18
12Z AVG MX 2MIN
DY MAX MIN AVG DEP HDD CDD WTR SNW DPTH SPD SPD DIR MIN PSBL S-S WX SPD DR
================================================================================
1 93 50 72 6 0 7 0.00 M M 4.0 10 260 M M 0 12 30
2 85 54 70 4 0 5 0.00 M M 8.2 24 220 M M 0 29 210
3 78 56 67 2 0 2 0.00 M M 4.2 10 140 M M 5 15 160
4 85 51 68 3 0 3 0.00 M M 4.6 16 250 M M 0 20 250
5 82 48 65 0 0 0 0.00 M M 6.7 17 10 M M 1 1 20 20
6 92 46 69 4 0 4 0.00 M M 3.5 10 290 M M 0 11 290
7 87 47 67 2 0 2 0.00 M M 5.1 18 360 M M 0 25 20
8 83 38 61 -3 4 0 0.00 M M 5.0 16 10 M M 0 1 21 20
9 89 57 73 9 0 8 0.00 M M 12.7 24 40 M M 0 30 50
10 89 63 76 12 0 11 0.00 M M 9.4 16 330 M M 10 8 20 330
11 78 58 68 4 0 3 0.02 M M 4.5 15 230 M M 0 18 18 230
12 76 57 67 3 0 2 T M M 4.7 12 220 M M 4 18 14 140
13 73 58 66 2 0 1 T M M 3.4 12 260 M M 10 12 260
14 76 59 68 5 0 3 0.00 M M 4.0 9 300 M M 9 12 330
15 74 55 65 2 0 0 0.00 M M 3.7 10 250 M M 10 12 260
16 70 53 62 -1 3 0 0.00 M M 4.4 13 320 M M 9 16 320
17 71 47 59 -3 6 0 T M M 4.2 9 330 M M 3 13 320
18 79 54 67 5 0 2 0.00 M M 5.1 13 40 M M 3 16 350
19 82 48 65 3 0 0 0.00 M M 3.7 10 240 M M 0 13 230
20 84 47 66 4 0 1 0.00 M M 2.4 10 220 M M 0 13 210
21 76 49 63 2 2 0 0.00 M M 4.1 14 220 M M 1 19 180
22 76 47 62 1 3 0 0.00 M M 6.1 18 180 M M 3 21 170
23 76 41 59 -2 6 0 0.00 M M 2.4 9 360 M M 0 1 12 360
24 82 45 64 4 1 0 0.00 M M 2.7 10 350 M M 0 1 13 350
25 89 44 67 7 0 2 0.00 M M 1.8 8 350 M M 0 11 340
26 86 50 68 8 0 3 0.00 M M 2.7 10 230 M M 0 12 220
27 77 50 64 4 1 0 0.00 M M 7.2 20 220 M M 0 24 220
28 70 51 61 2 4 0 0.33 M M 5.5 16 160 M M 7 1 20 210
29 71 50 61 2 4 0 0.03 M M 5.6 15 200 M M 8 12 19 200
30 74 44 59 1 6 0 0.00 M M 2.6 8 340 M M 4 12 13 10
================================================================================
SM 2403 1517 40 59 0.38 M 144.2 M 87
================================================================================
AV 80.1 50.6 4.8 FASTST M M 3 MAX(MPH)
MISC ----> # 24 220 30 50
================================================================================
NOTES:
# LAST OF SEVERAL OCCURRENCES
COLUMN 17 PEAK WIND IN M.P.H.
PRELIMINARY LOCAL CLIMATOLOGICAL DATA (WS FORM: F-6) , PAGE 2
STATION: MCMINNVILLE OR
MONTH: SEPTEMBER
YEAR: 2022
LATITUDE: 45 11 N
LONGITUDE: 123 8 W
[TEMPERATURE DATA] [PRECIPITATION DATA] SYMBOLS USED IN COLUMN 16
AVERAGE MONTHLY: 65.3 TOTAL FOR MONTH: 0.38 1 = FOG OR MIST
DPTR FM NORMAL: 2.7 DPTR FM NORMAL: -0.92 2 = FOG REDUCING VISIBILITY
HIGHEST: 93 ON 1 GRTST 24HR 0.36 ON 28-29 TO 1/4 MILE OR LESS
LOWEST: 38 ON 8 3 = THUNDER
SNOW, ICE PELLETS, HAIL 4 = ICE PELLETS
TOTAL MONTH: M 5 = HAIL
GRTST 24HR M ON M 6 = FREEZING RAIN OR DRIZZLE
GRTST DEPTH: M ON M 7 = DUSTSTORM OR SANDSTORM:
VSBY 1/2 MILE OR LESS
8 = SMOKE OR HAZE
[NO. OF DAYS WITH] [WEATHER - DAYS WITH] 9 = BLOWING SNOW
X = TORNADO
MAX 32 OR BELOW: 0 0.01 INCH OR MORE: 3
MAX 90 OR ABOVE: 2 0.10 INCH OR MORE: 1
MIN 32 OR BELOW: 0 0.50 INCH OR MORE: 0
MIN 0 OR BELOW: 0 1.00 INCH OR MORE: 0
[HDD (BASE 65) ]
TOTAL THIS MO. 40 CLEAR (SCALE 0-3) 20
DPTR FM NORMAL -72 PTCLDY (SCALE 4-7) 5
TOTAL FM JUL 1 54 CLOUDY (SCALE 8-10) 5
DPTR FM NORMAL -117
[CDD (BASE 65) ]
TOTAL THIS MO. 59
DPTR FM NORMAL 19 [PRESSURE DATA]
TOTAL FM JAN 1 437 HIGHEST SLP 30.25 ON 8
DPTR FM NORMAL 155 LOWEST SLP 29.66 ON 18
[REMARKS]
#FINAL-09-22#