000
CXUS54 KMOB 011711
CF6MOB
PRELIMINARY LOCAL CLIMATOLOGICAL DATA (WS FORM: F-6)
STATION: MOBILE
MONTH: DECEMBER
YEAR: 2022
LATITUDE: 30 40 N
LONGITUDE: 88 15 W
TEMPERATURE IN F: :PCPN: SNOW: WIND :SUNSHINE: SKY :PK WND
================================================================================
1 2 3 4 5 6A 6B 7 8 9 10 11 12 13 14 15 16 17 18
12Z AVG MX 2MIN
DY MAX MIN AVG DEP HDD CDD WTR SNW DPTH SPD SPD DIR MIN PSBL S-S WX SPD DR
================================================================================
1 64 39 52 -4 13 0 0.00 0.0 0 7.9 16 20 M M 3 23 60
2 72 43 58 3 7 0 0.00 0.0 0 7.8 15 110 M M 6 18 20 110
3 80 66 73 18 0 8 0.26 0.0 0 4.7 12 200 M M 9 12 18 190
4 77 58 68 13 0 3 0.00 0.0 0 4.3 14 10 M M 8 128 17 10
5 75 59 67 12 0 2 0.00 0.0 0 5.7 13 190 M M 10 128 17 200
6 82 66 74 19 0 9 0.00 0.0 0 7.3 20 200 M M 6 1 27 200
7 85 61 73 19 0 8 0.00 0.0 0 3.1 10 130 M M 7 12 14 230
8 80 64 72 18 0 7 0.00 0.0 0 3.8 8 160 M M 8 128 13 290
9 70 56 63 9 2 0 0.00 0.0 0 2.8 9 300 M M 8 128 13 310
10 74 57 66 12 0 1 0.00 0.0 0 1.3 8 180 M M 8 128 11 190
11 68 63 66 12 0 1 0.14 0.0 0 3.5 9 140 M M 9 128 12 140
12 71 61 66 12 0 1 0.00 0.0 0 4.9 12 10 M M 9 128 14 360
13 71 64 68 14 0 3 0.03 0.0 0 10.9 21 130 M M 10 18 30 130
14 78 57 68 14 0 3 0.78 0.0 0 13.5 44 170 M M 10 138 60 180
15 63 41 52 -1 13 0 0.00 0.0 0 5.1 15 350 M M 1 22 340
16 63 38 51 -2 14 0 0.00 0.0 0 3.0 13 340 M M 1 17 350
17 52 36 44 -9 21 0 0.00 0.0 0 6.2 15 340 M M 6 22 340
18 55 31 43 -10 22 0 0.00 0.0 0 7.7 20 10 M M 3 25 30
19 53 33 43 -10 22 0 1.28 0.0 0 7.6 16 20 M M 7 1 21 20
20 52 44 48 -5 17 0 0.12 0.0 0 12.0 21 20 M M 10 1 31 10
21 52 46 49 -3 16 0 0.00 0.0 0 7.9 16 10 M M 10 18 22 360
22 62 50 56 4 9 0 0.04 0.0 0 4.5 20 320 M M 10 18 31 350
23 52 22 37 -15 28 0 0.00 0.0 0 15.5 30 340 M M 3 45 330
24 37 20 29 -23 36 0 0.00 0.0 0 8.3 20 340 M M 2 26 340
25 48 23 36 -16 29 0 0.00 0.0 0 4.9 15 360 M M 1 20 330
26 55 23 39 -13 26 0 0.00 0.0 0 1.9 8 210 M M 1 10 210
27 61 29 45 -7 20 0 0.00 0.0 0 2.6 9 160 M M 2 13 90
28 66 37 52 0 13 0 0.00 0.0 0 8.3 17 100 M M 5 1 22 130
29 75 56 66 14 0 1 0.00 0.0 0 10.3 21 140 M M 7 1 29 140
30 67 57 62 11 3 0 2.14 0.0 0 8.3 28 280 M M 7 1238 45 260
31 73 59 66 15 0 1 0.01 0.0 0 4.6 14 210 M M 9 128 19 190
================================================================================
SM 2033 1459 311 48 4.80 0.0 200.2 M 196
================================================================================
AV 65.6 47.1 6.5 FASTST M M 6 MAX(MPH)
MISC ----> 44 170 60 180
================================================================================
NOTES:
# LAST OF SEVERAL OCCURRENCES
COLUMN 17 PEAK WIND IN M.P.H.
PRELIMINARY LOCAL CLIMATOLOGICAL DATA (WS FORM: F-6) , PAGE 2
STATION: MOBILE
MONTH: DECEMBER
YEAR: 2022
LATITUDE: 30 40 N
LONGITUDE: 88 15 W
[TEMPERATURE DATA] [PRECIPITATION DATA] SYMBOLS USED IN COLUMN 16
AVERAGE MONTHLY: 56.3 TOTAL FOR MONTH: 4.80 1 = FOG OR MIST
DPTR FM NORMAL: 3.0 DPTR FM NORMAL: -0.65 2 = FOG REDUCING VISIBILITY
HIGHEST: 85 ON 7 GRTST 24HR 2.15 ON 30-31 TO 1/4 MILE OR LESS
LOWEST: 20 ON 24 3 = THUNDER
SNOW, ICE PELLETS, HAIL 4 = ICE PELLETS
TOTAL MONTH: 0.0 INCH 5 = HAIL
GRTST 24HR 0.0 6 = FREEZING RAIN OR DRIZZLE
GRTST DEPTH: 0 7 = DUSTSTORM OR SANDSTORM:
VSBY 1/2 MILE OR LESS
8 = SMOKE OR HAZE
[NO. OF DAYS WITH] [WEATHER - DAYS WITH] 9 = BLOWING SNOW
X = TORNADO
MAX 32 OR BELOW: 0 0.01 INCH OR MORE: 9
MAX 90 OR ABOVE: 0 0.10 INCH OR MORE: 6
MIN 32 OR BELOW: 6 0.50 INCH OR MORE: 3
MIN 0 OR BELOW: 0 1.00 INCH OR MORE: 2
[HDD (BASE 65) ]
TOTAL THIS MO. 311 CLEAR (SCALE 0-3) 8
DPTR FM NORMAL -69 PTCLDY (SCALE 4-7) 12
TOTAL FM JUL 1 528 CLOUDY (SCALE 8-10) 11
DPTR FM NORMAL -120
[CDD (BASE 65) ]
TOTAL THIS MO. 48
DPTR FM NORMAL 32 [PRESSURE DATA]
TOTAL FM JAN 1 2978 HIGHEST SLP 30.55 ON 24
DPTR FM NORMAL 379 LOWEST SLP 29.63 ON 14
[REMARKS]
#FINAL-12-22#