000
CXUS56 KSTO 070452
CF6MOD
PRELIMINARY LOCAL CLIMATOLOGICAL DATA (WS FORM: F-6)
STATION: MODESTO CA
MONTH: APRIL
YEAR: 2022
LATITUDE: 37 37 N
LONGITUDE: 120 57 W
TEMPERATURE IN F: :PCPN: SNOW: WIND :SUNSHINE: SKY :PK WND
================================================================================
1 2 3 4 5 6A 6B 7 8 9 10 11 12 13 14 15 16 17 18
12Z AVG MX 2MIN
DY MAX MIN AVG DEP HDD CDD WTR SNW DPTH SPD SPD DIR MIN PSBL S-S WX SPD DR
================================================================================
1 76 45 61 3 4 0 0.00 0.0 M 5.0 13 340 M M 0 1 19 330
2 78 47 63 4 2 0 0.00 0.0 M 8.2 18 320 M M 0 8 23 340
3 82 51 67 8 0 2 0.00 M M 10.5 23 290 M M 0 29 300
4 76 48 62 3 3 0 0.00 M M 9.8 22 300 M M 0 28 330
5 73 50 62 3 3 0 0.00 0.0 M 12.1 24 300 M M 0 30 320
6 81 51 66 7 0 1 0.00 0.0 M 6.3 15 330 M M 0 20 330
7 91 50 71 12 0 6 0.00 0.0 M 3.7 10 320 M M 0 14 140
8 92 56 74 14 0 9 0.00 M M 6.4 16 320 M M 0 22 320
9 78 57 68 8 0 3 0.00 M M 17.4 28 310 M M 0 36 320
10 73 51 62 2 3 0 0.00 0.0 M 13.9 22 310 M M 0 28 330
11 63 45 54 -6 11 0 0.02 M M 13.1 29 300 M M 5 1 37 270
12 62 39 51 -9 14 0 0.00 0.0 M 11.9 21 280 M M 1 27 270
13 64 36 50 -10 15 0 0.00 0.0 M 7.3 20 300 M M 2 24 290
14 63 51 57 -4 8 0 T 0.0 M 2.8 10 270 M M 9 16 290
15 74 48 61 0 4 0 0.00 0.0 M 5.7 20 310 M M 3 1 25 300
16 71 51 61 0 4 0 0.01 0.0 M 8.2 17 160 M M 6 1 23 160
17 76 46 61 0 4 0 0.00 0.0 M 6.6 17 320 M M 0 21 320
18 70 44 57 -5 8 0 0.00 M M 6.4 16 330 M M 0 20 330
19 68 50 59 -3 6 0 T M M 5.5 17 320 M M 4 1 20 320
20 73 47 60 -2 5 0 0.00 0.0 M 5.9 14 170 M M 2 19 150
21 62 51 57 -5 8 0 0.18 0.0 M 7.7 16 130 M M 8 13 21 120
22 68 48 58 -4 7 0 0.02 0.0 M 7.7 20 330 M M 5 24 300
23 75 46 61 -2 4 0 0.00 0.0 M 10.4 21 320 M M 0 25 320
24 80 49 65 2 0 0 0.00 0.0 M 5.8 14 330 M M 0 18 360
25 83 47 65 2 0 0 0.00 0.0 M 5.8 21 300 M M 0 25 320
26 76 52 64 1 1 0 0.00 M M 11.0 18 310 M M 0 24 310
27 77 46 62 -2 3 0 0.00 M M 8.1 18 310 M M 0 22 310
28 70 48 59 -5 6 0 0.00 M M 12.9 22 310 M M 0 29 300
29 77 47 62 -2 3 0 0.00 M M 10.1 18 330 M M 0 8 27 330
30 81 48 65 1 0 0 0.00 0.0 M 10.3 28 300 M M 0 33 310
================================================================================
SM 2233 1445 126 21 0.23 0.0 256.5 M 45
================================================================================
AV 74.4 48.2 8.6 FASTST M M 2 MAX(MPH)
MISC ----> 29 300 37 270
================================================================================
NOTES:
# LAST OF SEVERAL OCCURRENCES
COLUMN 17 PEAK WIND IN M.P.H.
PRELIMINARY LOCAL CLIMATOLOGICAL DATA (WS FORM: F-6) , PAGE 2
STATION: MODESTO CA
MONTH: APRIL
YEAR: 2022
LATITUDE: 37 37 N
LONGITUDE: 120 57 W
[TEMPERATURE DATA] [PRECIPITATION DATA] SYMBOLS USED IN COLUMN 16
AVERAGE MONTHLY: 61.3 TOTAL FOR MONTH: 0.23 1 = FOG OR MIST
DPTR FM NORMAL: 0.2 DPTR FM NORMAL: -0.77 2 = FOG REDUCING VISIBILITY
HIGHEST: 92 ON 8 GRTST 24HR 0.18 ON 21-21 TO 1/4 MILE OR LESS
LOWEST: 36 ON 13 3 = THUNDER
SNOW, ICE PELLETS, HAIL 4 = ICE PELLETS
TOTAL MONTH: 0.0 INCH 5 = HAIL
GRTST 24HR 0.0 6 = FREEZING RAIN OR DRIZZLE
GRTST DEPTH: M ON M 7 = DUSTSTORM OR SANDSTORM:
VSBY 1/2 MILE OR LESS
8 = SMOKE OR HAZE
[NO. OF DAYS WITH] [WEATHER - DAYS WITH] 9 = BLOWING SNOW
X = TORNADO
MAX 32 OR BELOW: 0 0.01 INCH OR MORE: 4
MAX 90 OR ABOVE: 2 0.10 INCH OR MORE: 1
MIN 32 OR BELOW: 0 0.50 INCH OR MORE: 0
MIN 0 OR BELOW: 0 1.00 INCH OR MORE: 0
[HDD (BASE 65) ]
TOTAL THIS MO. 126 CLEAR (SCALE 0-3) 24
DPTR FM NORMAL -20 PTCLDY (SCALE 4-7) 5
TOTAL FM JUL 1 2197 CLOUDY (SCALE 8-10) 1
DPTR FM NORMAL -55
[CDD (BASE 65) ]
TOTAL THIS MO. 21
DPTR FM NORMAL -8 [PRESSURE DATA]
TOTAL FM JAN 1 29 HIGHEST SLP 30.28 ON 13
DPTR FM NORMAL -3 LOWEST SLP 29.85 ON 20
[REMARKS]
#FINAL-04-22#