000
CXUS56 KSTO 281300
CF6MOD
PRELIMINARY LOCAL CLIMATOLOGICAL DATA (WS FORM: F-6)
STATION: MODESTO CA
MONTH: MARCH
YEAR: 2024
LATITUDE: 37 37 N
LONGITUDE: 120 57 W
TEMPERATURE IN F: :PCPN: SNOW: WIND :SUNSHINE: SKY :PK WND
================================================================================
1 2 3 4 5 6A 6B 7 8 9 10 11 12 13 14 15 16 17 18
12Z AVG MX 2MIN
DY MAX MIN AVG DEP HDD CDD WTR SNW DPTH SPD SPD DIR MIN PSBL S-S WX SPD DR
================================================================================
1 60 50 55 0 10 0 0.32 M M 10.6 21 200 M M 8 18 32 180
2 54 43 49 -6 16 0 0.11 M M 6.8 18 260 M M 7 1 27 170
3 57 40 49 -6 16 0 0.08 M M 6.3 17 170 M M 8 1 25 180
4 59 38 49 -6 16 0 0.00 M M 1.7 10 320 M M 2 1 14 320
5 62 40 51 -4 14 0 0.00 M M 6.0 13 150 M M 2 20 140
6 63 45 54 -2 11 0 0.00 M M 5.7 16 300 M M 2 22 300
7 62 43 53 -3 12 0 0.00 M M 8.1 20 320 M M 3 27 300
8 66 42 54 -2 11 0 0.00 M M 4.0 12 300 M M 0 18 16 300
9 63 40 52 -4 13 0 0.00 M M 4.3 10 340 M M 0 1 15 340
10 65 45 55 -1 10 0 0.00 0.0 M 3.7 12 300 M M 0 15 300
11 65 42 54 -2 11 0 T 0.0 M 5.2 16 330 M M 6 1 22 330
12 62 48 55 -1 10 0 0.10 M M 6.2 14 310 M M 7 1 18 300
13 64 43 54 -2 11 0 0.00 M M 13.9 26 330 M M 0 1 39 340
14 69 45 57 1 8 0 0.00 M M 14.5 23 330 M M 0 32 330
15 73 45 59 2 6 0 0.00 M M 7.4 14 280 M M 0 20 290
16 71 42 57 0 8 0 0.00 M M 4.6 14 340 M M 0 19 340
17 72 43 58 1 7 0 0.00 M M 3.5 10 20 M M 0 18 16 20
18 74 46 60 3 5 0 0.00 M M 2.4 14 350 M M 0 1 17 350
19 77 47 62 5 3 0 0.00 M M 5.1 14 340 M M 0 1 19 360
20 76 44 60 3 5 0 0.00 M M 4.8 14 330 M M 0 19 340
21 72 49 61 4 4 0 0.00 M M 6.5 13 330 M M 0 8 17 330
22 72 51 62 5 3 0 0.29 M M 5.6 14 340 M M 2 13 20 250
23 59 46 53 -4 12 0 0.39 M M 5.0 16 170 M M 6 13 25 170
24 63 46 55 -3 10 0 0.04 M M 6.9 18 320 M M 6 28 310
25 64 41 53 -5 12 0 0.00 M M 4.9 15 300 M M 1 1 19 300
26 66 43 55 -3 10 0 0.00 0.0 M 4.6 14 320 M M 2 20 320
27 64 43 54 -4 11 0 0.03 0.0 M 5.3 14 150 M M 5 1 22 150
================================================================================
SM 1774 1190 265 0 1.36 0.0 163.6 M 67
================================================================================
AV 65.7 44.1 6.1 FASTST M M 2 MAX(MPH)
MISC ----> 26 330 39 340
================================================================================
NOTES:
# LAST OF SEVERAL OCCURRENCES
COLUMN 17 PEAK WIND IN M.P.H.
PRELIMINARY LOCAL CLIMATOLOGICAL DATA (WS FORM: F-6) , PAGE 2
STATION: MODESTO CA
MONTH: MARCH
YEAR: 2024
LATITUDE: 37 37 N
LONGITUDE: 120 57 W
[TEMPERATURE DATA] [PRECIPITATION DATA] SYMBOLS USED IN COLUMN 16
AVERAGE MONTHLY: 54.9 TOTAL FOR MONTH: 1.36 1 = FOG OR MIST
DPTR FM NORMAL: -1.6 DPTR FM NORMAL: -0.21 2 = FOG REDUCING VISIBILITY
HIGHEST: 77 ON 19 GRTST 24HR 0.66 ON 22-23 TO 1/4 MILE OR LESS
LOWEST: 38 ON 4 3 = THUNDER
SNOW, ICE PELLETS, HAIL 4 = ICE PELLETS
TOTAL MONTH: 0.0 INCH 5 = HAIL
GRTST 24HR 0.0 6 = FREEZING RAIN OR DRIZZLE
GRTST DEPTH: M ON M 7 = DUSTSTORM OR SANDSTORM:
VSBY 1/2 MILE OR LESS
8 = SMOKE OR HAZE
[NO. OF DAYS WITH] [WEATHER - DAYS WITH] 9 = BLOWING SNOW
X = TORNADO
MAX 32 OR BELOW: 0 0.01 INCH OR MORE: 8
MAX 90 OR ABOVE: 0 0.10 INCH OR MORE: 5
MIN 32 OR BELOW: 0 0.50 INCH OR MORE: 0
MIN 0 OR BELOW: 0 1.00 INCH OR MORE: 0
[HDD (BASE 65) ]
TOTAL THIS MO. 265 CLEAR (SCALE 0-3) 19
DPTR FM NORMAL 31 PTCLDY (SCALE 4-7) 7
TOTAL FM JUL 1 1914 CLOUDY (SCALE 8-10) 1
DPTR FM NORMAL -164
[CDD (BASE 65) ]
TOTAL THIS MO. 0
DPTR FM NORMAL 0 [PRESSURE DATA]
TOTAL FM JAN 1 0 HIGHEST SLP M ON M
DPTR FM NORMAL 0 LOWEST SLP 29.75 ON 15
[REMARKS]