000
CXUS51 KPHI 010915
CF6MPO
PRELIMINARY LOCAL CLIMATOLOGICAL DATA (WS FORM: F-6)
STATION: MOUNT POCONO PA
MONTH: FEBRUARY
YEAR: 2021
LATITUDE: 41 8 N
LONGITUDE: 75 24 W
TEMPERATURE IN F: :PCPN: SNOW: WIND :SUNSHINE: SKY :PK WND
================================================================================
1 2 3 4 5 6A 6B 7 8 9 10 11 12 13 14 15 16 17 18
12Z AVG MX 2MIN
DY MAX MIN AVG DEP HDD CDD WTR SNW DPTH SPD SPD DIR MIN PSBL S-S WX SPD DR
================================================================================
1 27 15 21 -3 44 0 1.50 M M 18.4 35 10 M M 10 1 48 360
2 28 20 24 0 41 0 0.10 M M 16.6 26 310 M M 10 18 36 310
3 28 20 24 0 41 0 0.03 M M 19.7 29 320 M M 10 18 38 320
4 34 19 27 3 38 0 0.00 M M 13.6 25 310 M M 3 34 300
5 37 27 32 8 33 0 0.15 M M 10.8 25 280 M M 6 1 44 280
6 32 17 25 1 40 0 T M M 10.8 29 230 M M 1 41 260
7 32 11 22 -3 43 0 0.10 M M 9.4 25 300 M M 6 1 35 300
8 23 5 14 -11 51 0 0.00 M M 8.5 24 300 M M 2 33 300
9 29 15 22 -3 43 0 0.45 M M 8.6 22 310 M M 8 1 26 310
10 25 16 21 -4 44 0 0.13 M M 10.0 21 300 M M 5 1 28 300
11 23 13 18 -7 47 0 0.01 M M 7.4 18 310 M M 6 1 23 310
12 24 8 16 -9 49 0 0.00 M M 4.9 18 10 M M 6 23 10
13 22 13 18 -8 47 0 T M M 6.3 13 20 M M 9 4 15 20
14 27 16 22 -4 43 0 0.00 M M 6.6 13 320 M M 10 1 16 320
15 28 21 25 -1 40 0 0.07 M M 5.7 15 100 M M 10 16 24 110
16 40 19 30 4 35 0 0.55 M M 15.0 31 260 M M 9 126 41 270
17 22 9 16 -10 49 0 T M M 10.3 24 310 M M 3 33 310
18 20 16 18 -8 47 0 0.20 M M 5.8 12 60 M M 10 16 22 70
19 29 20 25 -2 40 0 0.25 M M 6.6 17 320 M M 10 1 21 310
20 25 16 21 -6 44 0 T M M 13.9 25 280 M M 10 1 34 310
21 29 13 21 -6 44 0 T M M 9.1 21 310 M M 5 27 290
22 29 22 26 -1 39 0 0.30 M M 10.2 20 270 M M 8 12 27 280
23 36 26 31 3 34 0 M M M 16.6 33 270 M M 8 1 42 270
24 45 29 37 9 28 0 T M M 12.8 24 270 M M 2 31 270
25 42 22 32 4 33 0 0.00 M M 13.8 28 300 M M 3 38 310
26 35 13 24 -4 41 0 0.00 M M 5.8 14 130 M M 0 19 140
27 43 27 35 7 30 0 0.39 M M 12.4 24 270 M M 7 146 31 260
28 35 29 32 3 33 0 0.31 M M 7.8 17 320 M M 6 12 22 320
================================================================================
SM 849 497 1141 0 4.54 M 297.4 M 183
================================================================================
AV 30.3 17.8 10.6 FASTST M M 7 MAX(MPH)
MISC ----> 35 10 48 360
================================================================================
NOTES:
# LAST OF SEVERAL OCCURRENCES
COLUMN 17 PEAK WIND IN M.P.H.
PRELIMINARY LOCAL CLIMATOLOGICAL DATA (WS FORM: F-6) , PAGE 2
STATION: MOUNT POCONO PA
MONTH: FEBRUARY
YEAR: 2021
LATITUDE: 41 8 N
LONGITUDE: 75 24 W
[TEMPERATURE DATA] [PRECIPITATION DATA] SYMBOLS USED IN COLUMN 16
AVERAGE MONTHLY: 24.0 TOTAL FOR MONTH: 4.54 1 = FOG OR MIST
DPTR FM NORMAL: -2.0 DPTR FM NORMAL: 2.13 2 = FOG REDUCING VISIBILITY
HIGHEST: 45 ON 24 GRTST 24HR 1.50 ON 1- 1 TO 1/4 MILE OR LESS
LOWEST: 5 ON 8 3 = THUNDER
SNOW, ICE PELLETS, HAIL 4 = ICE PELLETS
TOTAL MONTH: M 5 = HAIL
GRTST 24HR M ON M 6 = FREEZING RAIN OR DRIZZLE
GRTST DEPTH: M ON M 7 = DUSTSTORM OR SANDSTORM:
VSBY 1/2 MILE OR LESS
8 = SMOKE OR HAZE
[NO. OF DAYS WITH] [WEATHER - DAYS WITH] 9 = BLOWING SNOW
X = TORNADO
MAX 32 OR BELOW: 19 0.01 INCH OR MORE: 15
MAX 90 OR ABOVE: 0 0.10 INCH OR MORE: 12
MIN 32 OR BELOW: 28 0.50 INCH OR MORE: 2
MIN 0 OR BELOW: 0 1.00 INCH OR MORE: 1
[HDD (BASE 65) ]
TOTAL THIS MO. 1141 CLEAR (SCALE 0-3) 6
DPTR FM NORMAL 49 PTCLDY (SCALE 4-7) 12
TOTAL FM JUL 1 4867 CLOUDY (SCALE 8-10) 10
DPTR FM NORMAL -256
[CDD (BASE 65) ]
TOTAL THIS MO. 0
DPTR FM NORMAL 0 [PRESSURE DATA]
TOTAL FM JAN 1 0 HIGHEST SLP 30.52 ON 21
DPTR FM NORMAL 0 LOWEST SLP 29.43 ON 3
[REMARKS]
#FINAL-02-21#