000
CXUS54 KMAF 011110
CF6MRF
PRELIMINARY LOCAL CLIMATOLOGICAL DATA (WS FORM: F-6)
STATION: MARFA
MONTH: JULY
YEAR: 2022
LATITUDE: 30 22 N
LONGITUDE: 104 1 W
TEMPERATURE IN F: :PCPN: SNOW: WIND :SUNSHINE: SKY :PK WND
================================================================================
1 2 3 4 5 6A 6B 7 8 9 10 11 12 13 14 15 16 17 18
12Z AVG MX 2MIN
DY MAX MIN AVG DEP HDD CDD WTR SNW DPTH SPD SPD DIR MIN PSBL S-S WX SPD DR
================================================================================
1 92 59 76 M 0 11 T M M 7.9 22 290 M M 1 31 50
2 91 62 77 M 0 12 M M M 6.3 22 80 M M 2 3 39 60
3 89 58 74 M 0 9 0.01 M M 9.1 20 100 M M 3 3 33 110
4 91 62 77 M 0 12 0.10 M M 6.7 38 140 M M 3 38 51 130
5 91 66 79 M 0 14 0.14 M M 7.9 26 250 M M 4 3 37 260
6 87 64 76 M 0 11 T M M 7.1 13 300 M M 2 M M
7 94 61 78 M 0 13 M M M 5.6 16 360 M M 1 3 31 90
8 93 63 78 M 0 13 M M M 7.8 15 70 M M 0 23 99
9 93 63 78 M 0 13 0.03 M M 8.2 23 10 M M 1 31 20
10 90 64 77 M 0 12 T M M 5.5 17 110 M M 2 3 26 110
11 95 62 79 M 0 14 M M M 7.7 14 70 M M 0 20 40
12 93 61 77 M 0 12 M M M 10.7 23 30 M M 1 30 20
13 85 64 75 M 0 10 T M M 8.2 22 40 M M 2 3 26 40
14 92 61 77 M 0 12 M M M 8.5 16 100 M M 0 24 80
15 92 62 77 M 0 12 M M M 9.9 23 30 M M 1 32 30
16 91 60 76 M 0 11 M M M 7.1 12 90 M M 2 22 100
17 94 61 78 M 0 13 M M M 6.7 16 100 M M 2 16 40
18 96 60 78 M 0 13 M M M 6.2 15 110 M M 0 18 360
19 99 61 80 M 0 15 M M M 5.7 10 100 M M 0 17 40
20 100 63 82 M 0 17 M M M 7.2 16 30 M M 0 26 40
21 97 68 83 M 0 18 T M M 7.6 21 180 M M 1 3 33 180
22 90 66 78 M 0 13 0.24 M M 6.3 14 330 M M 2 3 36 320
23 90 61 76 M 0 11 M M M 7.6 16 110 M M 1 22 110
24 89 65 77 M 0 12 0.11 M M 6.6 13 110 M M 3 3 M M
25 92 64 78 M 0 13 0.08 M M 6.8 24 360 M M 3 3 37 200
26 91 60 76 M 0 11 M M M 7.3 13 140 M M 2 22 190
27 92 65 79 M 0 14 M M M 7.4 25 70 M M 2 3 45 60
28 89 62 76 M 0 11 0.28 M M 6.8 31 90 M M 1 3 55 80
29 89 62 76 M 0 11 0.08 M M 6.4 15 110 M M 3 44 60
30 91 62 77 M 0 12 M M M 6.8 14 100 M M 2 23 110
31 93 61 77 M 0 12 M M M 7.3 15 100 M M 0 17 170
================================================================================
SM 2851 1933 0 387 1.07 M 226.9 M 47
================================================================================
AV 92.0 62.4 7.3 FASTST M M 2 MAX(MPH)
MISC ----> 38 140 55 80
================================================================================
NOTES:
# LAST OF SEVERAL OCCURRENCES
COLUMN 17 PEAK WIND IN M.P.H.
PRELIMINARY LOCAL CLIMATOLOGICAL DATA (WS FORM: F-6) , PAGE 2
STATION: MARFA
MONTH: JULY
YEAR: 2022
LATITUDE: 30 22 N
LONGITUDE: 104 1 W
[TEMPERATURE DATA] [PRECIPITATION DATA] SYMBOLS USED IN COLUMN 16
AVERAGE MONTHLY: 77.2 TOTAL FOR MONTH: 1.07 1 = FOG OR MIST
DPTR FM NORMAL: 0.0 DPTR FM NORMAL: M 2 = FOG REDUCING VISIBILITY
HIGHEST: 100 ON 20 GRTST 24HR 0.28 ON 28-28 TO 1/4 MILE OR LESS
LOWEST: 58 ON 3 3 = THUNDER
SNOW, ICE PELLETS, HAIL 4 = ICE PELLETS
TOTAL MONTH: M 5 = HAIL
GRTST 24HR M ON M 6 = FREEZING RAIN OR DRIZZLE
GRTST DEPTH: M ON M 7 = DUSTSTORM OR SANDSTORM:
VSBY 1/2 MILE OR LESS
8 = SMOKE OR HAZE
[NO. OF DAYS WITH] [WEATHER - DAYS WITH] 9 = BLOWING SNOW
X = TORNADO
MAX 32 OR BELOW: 0 0.01 INCH OR MORE: 9
MAX 90 OR ABOVE: 25 0.10 INCH OR MORE: 5
MIN 32 OR BELOW: 0 0.50 INCH OR MORE: 0
MIN 0 OR BELOW: 0 1.00 INCH OR MORE: 0
[HDD (BASE 65) ]
TOTAL THIS MO. 0 CLEAR (SCALE 0-3) 27
DPTR FM NORMAL M PTCLDY (SCALE 4-7) 4
TOTAL FM JUL 1 0 CLOUDY (SCALE 8-10) 0
DPTR FM NORMAL M
[CDD (BASE 65) ]
TOTAL THIS MO. 387
DPTR FM NORMAL M [PRESSURE DATA]
TOTAL FM JAN 1 956 HIGHEST SLP M ON M
DPTR FM NORMAL M LOWEST SLP M ON M
[REMARKS]
#FINAL-07-22#