000
CXUS52 KMHX 011117
CF6MRH
PRELIMINARY LOCAL CLIMATOLOGICAL DATA (WS FORM: F-6)
STATION: BEAUFORT/SMITH FIELD NC
MONTH: JANUARY
YEAR: 2024
LATITUDE: 34 43 N
LONGITUDE: 76 39 W
TEMPERATURE IN F: :PCPN: SNOW: WIND :SUNSHINE: SKY :PK WND
================================================================================
1 2 3 4 5 6A 6B 7 8 9 10 11 12 13 14 15 16 17 18
12Z AVG MX 2MIN
DY MAX MIN AVG DEP HDD CDD WTR SNW DPTH SPD SPD DIR MIN PSBL S-S WX SPD DR
================================================================================
1 59 44 52 5 13 0 0.00 0.0 0 10.4 18 340 M M 2 25 340
2 52 34 43 -4 22 0 0.00 0.0 0 11.3 23 330 M M 0 30 340
3 56 32 44 -3 21 0 T 0.0 0 6.2 16 230 M M 1 22 220
4 53 36 45 -2 20 0 0.58 0.0 0 11.2 23 330 M M 4 1 31 340
5 50 31 41 -6 24 0 0.00 0.0 0 6.3 13 10 M M 0 18 10
6 66 41 54 7 11 0 0.12 0.0 0 11.8 28 160 M M 9 128 44 170
7 58 45 52 6 13 0 0.00 0.0 0 10.2 21 290 M M 4 27 280
8 51 39 45 -1 20 0 0.00 0.0 0 9.4 18 50 M M 1 26 30
9 71 47 59 13 6 0 1.60 0.0 0 20.3 40 180 M M 10 1238 69 180
10 58 48 53 7 12 0 T 0.0 0 17.5 37 230 M M 2 55 230
11 55 40 48 2 17 0 0.00 0.0 0 7.6 16 220 M M 0 19 220
12 68 34 51 5 14 0 0.09 0.0 0 10.5 28 150 M M 4 1 43 160
13 68 48 58 12 7 0 T 0.0 0 15.9 29 230 M M 4 1 43 230
14 57 41 49 3 16 0 0.00 0.0 0 11.4 22 220 M M 0 28 220
15 62 42 52 6 13 0 0.00 0.0 0 3.9 9 240 M M 1 14 230
16 62 39 51 5 14 0 0.22 0.0 0 7.4 24 340 M M 9 12 35 340
17 42 30 36 -10 29 0 0.00 0.0 0 9.6 17 340 M M 2 8 25 350
18 55 27 41 -5 24 0 0.00 0.0 0 4.2 12 320 M M 2 15 290
19 60 39 50 4 15 0 0.10 M 0 13.0 25 310 M M 6 1 34 310
20 41 29 35 -11 30 0 0.00 0.0 0 15.0 23 310 M M 0 29 320
21 41 24 33 -13 32 0 0.00 0.0 0 11.7 23 340 M M 0 31 330
22 50 23 37 -9 28 0 0.00 0.0 0 2.0 8 200 M M 0 10 200
23 63 32 48 2 17 0 0.00 0.0 0 3.3 10 150 M M 0 16 130
24 71 55 63 17 2 0 T 0.0 0 7.6 15 150 M M 3 1 21 170
25 74 62 68 22 0 3 0.01 0.0 0 9.4 16 200 M M 9 1 22 190
26 70 59 65 19 0 0 0.04 0.0 0 11.5 18 210 M M 9 128 26 190
27 72 56 64 18 1 0 0.01 0.0 0 5.7 13 230 M M 7 12 17 230
28 68 57 63 17 2 0 0.07 0.0 0 16.6 26 220 M M 5 1 37 210
29 59 44 52 6 13 0 0.00 0.0 0 11.7 25 310 M M 4 33 320
30 54 37 46 0 19 0 0.00 0.0 0 6.7 15 20 M M 2 22 10
31 56 44 50 4 15 0 0.00 0.0 0 12.0 23 360 M M 6 30 360
================================================================================
SM 1822 1259 470 3 2.84 0.0 311.3 M 106
================================================================================
AV 58.8 40.6 10.0 FASTST M M 3 MAX(MPH)
MISC ----> 40 180 69 180
================================================================================
NOTES:
# LAST OF SEVERAL OCCURRENCES
COLUMN 17 PEAK WIND IN M.P.H.
PRELIMINARY LOCAL CLIMATOLOGICAL DATA (WS FORM: F-6) , PAGE 2
STATION: BEAUFORT/SMITH FIELD NC
MONTH: JANUARY
YEAR: 2024
LATITUDE: 34 43 N
LONGITUDE: 76 39 W
[TEMPERATURE DATA] [PRECIPITATION DATA] SYMBOLS USED IN COLUMN 16
AVERAGE MONTHLY: 49.7 TOTAL FOR MONTH: 2.84 1 = FOG OR MIST
DPTR FM NORMAL: 3.5 DPTR FM NORMAL: -1.33 2 = FOG REDUCING VISIBILITY
HIGHEST: 74 ON 25 GRTST 24HR 1.60 ON 9- 9 TO 1/4 MILE OR LESS
LOWEST: 23 ON 22 3 = THUNDER
SNOW, ICE PELLETS, HAIL 4 = ICE PELLETS
TOTAL MONTH: 0.0 INCH 5 = HAIL
GRTST 24HR 0.0 6 = FREEZING RAIN OR DRIZZLE
GRTST DEPTH: 0 7 = DUSTSTORM OR SANDSTORM:
VSBY 1/2 MILE OR LESS
8 = SMOKE OR HAZE
[NO. OF DAYS WITH] [WEATHER - DAYS WITH] 9 = BLOWING SNOW
X = TORNADO
MAX 32 OR BELOW: 0 0.01 INCH OR MORE: 10
MAX 90 OR ABOVE: 0 0.10 INCH OR MORE: 5
MIN 32 OR BELOW: 8 0.50 INCH OR MORE: 2
MIN 0 OR BELOW: 0 1.00 INCH OR MORE: 1
[HDD (BASE 65) ]
TOTAL THIS MO. 470 CLEAR (SCALE 0-3) 17
DPTR FM NORMAL -113 PTCLDY (SCALE 4-7) 9
TOTAL FM JUL 1 1152 CLOUDY (SCALE 8-10) 5
DPTR FM NORMAL -251
[CDD (BASE 65) ]
TOTAL THIS MO. 3
DPTR FM NORMAL 3 [PRESSURE DATA]
TOTAL FM JAN 1 3 HIGHEST SLP 30.70 ON 22
DPTR FM NORMAL 3 LOWEST SLP 29.35 ON 9
[REMARKS]
#FINAL-01-24#