000
CXUS53 KMKX 011724 CCA
CF6MSN
PRELIMINARY LOCAL CLIMATOLOGICAL DATA (WS FORM: F-6)
STATION: MADISON WI
MONTH: FEBRUARY
YEAR: 2022
LATITUDE: 43 7 N
LONGITUDE: 89 20 W
TEMPERATURE IN F: :PCPN: SNOW: WIND :SUNSHINE: SKY :PK WND
================================================================================
1 2 3 4 5 6A 6B 7 8 9 10 11 12 13 14 15 16 17 18
12Z AVG MX 2MIN
DY MAX MIN AVG DEP HDD CDD WTR SNW DPTH SPD SPD DIR MIN PSBL S-S WX SPD DR
================================================================================
1 44 20 32 13 33 0 0.00 0.0 5 9.1 21 170 M M 6 26 180
2 20 8 14 -6 51 0 0.00 0.0 4 11.8 17 360 M M 9 26 340
3 13 0 7 -13 58 0 0.00 0.0 4 10.0 18 20 M M 3 23 360
4 18 -3 8 -12 57 0 0.02 0.3 4 4.8 16 310 M M 6 23 310
5 21 -2 10 -10 55 0 0.00 0.0 4 10.8 25 170 M M 5 35 190
6 37 18 28 8 37 0 T T 4 8.1 16 320 M M 6 16 25 330
7 24 14 19 -2 46 0 T T 4 6.8 15 330 M M 6 1 23 320
8 38 18 28 7 37 0 0.00 0.0 4 8.3 17 170 M M 6 22 190
9 39 28 34 13 31 0 T T 4 7.9 16 340 M M 9 25 320
10 34 23 29 8 36 0 0.04 0.4 4 10.1 23 190 M M 9 1 32 200
11 42 14 28 6 37 0 0.02 0.2 4 10.7 22 340 M M 9 1 38 340
12 15 5 10 -12 55 0 0.00 0.0 4 7.3 20 340 M M 6 28 340
13 14 3 9 -13 56 0 T T 4 5.7 15 320 M M 6 8 21 300
14 24 10 17 -6 48 0 T T 4 4.1 10 170 M M 7 14 170
15 37 10 24 1 41 0 0.00 0.0 3 9.9 23 150 M M 6 29 150
16 46 30 38 15 27 0 0.05 0.0 3 7.7 17 190 M M 7 1 26 190
17 30 6 18 -6 47 0 0.00 0.0 2 12.4 22 360 M M 8 29 360
18 37 3 20 -4 45 0 0.06 1.3 2 11.7 24 290 M M 4 129 49 280
19 19 2 11 -13 54 0 0.00 0.0 3 10.9 25 310 M M 2 42 320
20 51 18 35 10 30 0 0.00 0.0 3 10.4 22 200 M M 3 36 210
21 35 25 30 5 35 0 0.01 0.0 1 14.7 23 70 M M 9 16 30 60
22 25 16 21 -4 44 0 0.10 0.5 1 13.0 23 20 M M 10 1346 32 30
23 21 5 13 -13 52 0 T T 1 7.7 16 310 M M 4 25 320
24 22 12 17 -9 48 0 0.08 1.8 1 11.2 21 70 M M 10 1 27 50
25 27 11 19 -8 46 0 0.02 0.9 3 5.8 18 10 M M 6 18 25 10
26 31 8 20 -7 45 0 0.00 0.0 3 6.4 15 240 M M 0 28 220
27 40 22 31 4 34 0 0.00 0.0 2 4.1 13 320 M M 4 18 310
28 49 22 36 8 29 0 0.00 0.0 2 5.7 16 170 M M 6 23 280
================================================================================
SM 853 346 1214 0 0.40 5.4 247.1 M 172
================================================================================
AV 30.5 12.4 8.8 FASTST M M 6 MAX(MPH)
MISC ----> # 25 170 49 280
================================================================================
NOTES:
# LAST OF SEVERAL OCCURRENCES
COLUMN 17 PEAK WIND IN M.P.H.
PRELIMINARY LOCAL CLIMATOLOGICAL DATA (WS FORM: F-6) , PAGE 2
STATION: MADISON WI
MONTH: FEBRUARY
YEAR: 2022
LATITUDE: 43 7 N
LONGITUDE: 89 20 W
[TEMPERATURE DATA] [PRECIPITATION DATA] SYMBOLS USED IN COLUMN 16
AVERAGE MONTHLY: 21.4 TOTAL FOR MONTH: 0.40 1 = FOG OR MIST
DPTR FM NORMAL: -1.6 DPTR FM NORMAL: -1.12 2 = FOG REDUCING VISIBILITY
HIGHEST: 51 ON 20 GRTST 24HR 0.11 ON 21-22 TO 1/4 MILE OR LESS
LOWEST: -3 ON 4 3 = THUNDER
SNOW, ICE PELLETS, HAIL 4 = ICE PELLETS
TOTAL MONTH: 5.4 INCHES 5 = HAIL
GRTST 24HR 1.8 ON 24-24 6 = FREEZING RAIN OR DRIZZLE
GRTST DEPTH: 5 ON 01-01 7 = DUSTSTORM OR SANDSTORM:
VSBY 1/2 MILE OR LESS
8 = SMOKE OR HAZE
[NO. OF DAYS WITH] [WEATHER - DAYS WITH] 9 = BLOWING SNOW
X = TORNADO
MAX 32 OR BELOW: 15 0.01 INCH OR MORE: 9
MAX 90 OR ABOVE: 0 0.10 INCH OR MORE: 1
MIN 32 OR BELOW: 28 0.50 INCH OR MORE: 0
MIN 0 OR BELOW: 3 1.00 INCH OR MORE: 0
[HDD (BASE 65) ]
TOTAL THIS MO. 1214 CLEAR (SCALE 0-3) 4
DPTR FM NORMAL 40 PTCLDY (SCALE 4-7) 16
TOTAL FM JUL 1 5039 CLOUDY (SCALE 8-10) 8
DPTR FM NORMAL -288
[CDD (BASE 65) ]
TOTAL THIS MO. 0
DPTR FM NORMAL 0 [PRESSURE DATA]
TOTAL FM JAN 1 0 HIGHEST SLP 30.64 ON 3
DPTR FM NORMAL 0 LOWEST SLP 29.38 ON 11
[REMARKS]
#FINAL-02-22#