000
CXUS51 KBTV 230700
CF6MSS
PRELIMINARY LOCAL CLIMATOLOGICAL DATA (WS FORM: F-6)
STATION: MASSENA NY
MONTH: APRIL
YEAR: 2024
LATITUDE: 44 55 N
LONGITUDE: 74 51 W
TEMPERATURE IN F: :PCPN: SNOW: WIND :SUNSHINE: SKY :PK WND
================================================================================
1 2 3 4 5 6A 6B 7 8 9 10 11 12 13 14 15 16 17 18
12Z AVG MX 2MIN
DY MAX MIN AVG DEP HDD CDD WTR SNW DPTH SPD SPD DIR MIN PSBL S-S WX SPD DR
================================================================================
1 54 32 43 7 22 0 0.00 M M 8.1 18 30 M M 4 25 290
2 52 28 40 4 25 0 0.00 M M 15.9 28 50 M M 0 1 38 50
3 48 33 41 4 24 0 0.73 M M 17.8 28 50 M M 10 1 40 60
4 34 30 32 -5 33 0 0.07 M M 20.7 30 50 M M 10 12 47 50
5 40 33 37 -1 28 0 0.13 M M 6.3 13 20 M M 10 1 17 340
6 45 35 40 2 25 0 T M M 4.3 13 90 M M 9 17 10
7 57 26 42 3 23 0 0.00 M M 4.4 13 360 M M 1 16 350
8 63 30 47 8 18 0 0.00 M M 4.8 13 290 M M 0 17 310
9 68 30 49 9 16 0 0.00 M M 5.4 18 60 M M 2 23 60
10 68 43 56 16 9 0 T M M 9.3 24 200 M M 4 32 190
11 61 40 51 10 14 0 0.68 M M 6.6 15 50 M M 6 1 20 60
12 73 47 60 19 5 0 0.25 M M 12.4 33 160 M M 8 1 45 160
13 47 37 42 0 23 0 0.12 M M 13.3 25 200 M M 10 1 36 290
14 51 33 42 0 23 0 0.11 M M 4.6 18 210 M M 5 1 29 210
15 58 40 49 6 16 0 0.11 M M 7.8 25 300 M M 7 1 37 290
16 57 32 45 2 20 0 0.00 M M 6.6 18 290 M M 2 12 25 260
17 51 33 42 -2 23 0 0.00 M M 15.3 24 50 M M 0 33 60
18 49 41 45 1 20 0 0.28 M M 8.2 21 60 M M 9 1 28 50
19 59 46 53 8 12 0 0.03 M M 8.5 24 200 M M 9 1 35 210
20 50 36 43 -2 22 0 0.06 M M 10.5 24 280 M M 6 32 280
21 48 33 41 -5 24 0 T M M 13.3 23 250 M M 8 1 35 320
22 50 29 40 -6 25 0 0.00 M M 8.6 18 270 M M 0 27 250
================================================================================
SM 1183 767 450 0 2.57 M 212.7 M 120
================================================================================
AV 53.8 34.9 9.7 FASTST M M 5 MAX(MPH)
MISC ----> 33 160 47 50
================================================================================
NOTES:
# LAST OF SEVERAL OCCURRENCES
COLUMN 17 PEAK WIND IN M.P.H.
PRELIMINARY LOCAL CLIMATOLOGICAL DATA (WS FORM: F-6) , PAGE 2
STATION: MASSENA NY
MONTH: APRIL
YEAR: 2024
LATITUDE: 44 55 N
LONGITUDE: 74 51 W
[TEMPERATURE DATA] [PRECIPITATION DATA] SYMBOLS USED IN COLUMN 16
AVERAGE MONTHLY: 44.3 TOTAL FOR MONTH: 2.57 1 = FOG OR MIST
DPTR FM NORMAL: 3.3 DPTR FM NORMAL: 0.44 2 = FOG REDUCING VISIBILITY
HIGHEST: 73 ON 12 GRTST 24HR 0.80 ON 3- 4 TO 1/4 MILE OR LESS
LOWEST: 26 ON 7 3 = THUNDER
SNOW, ICE PELLETS, HAIL 4 = ICE PELLETS
TOTAL MONTH: M 5 = HAIL
GRTST 24HR M ON M 6 = FREEZING RAIN OR DRIZZLE
GRTST DEPTH: M ON M 7 = DUSTSTORM OR SANDSTORM:
VSBY 1/2 MILE OR LESS
8 = SMOKE OR HAZE
[NO. OF DAYS WITH] [WEATHER - DAYS WITH] 9 = BLOWING SNOW
X = TORNADO
MAX 32 OR BELOW: 0 0.01 INCH OR MORE: 11
MAX 90 OR ABOVE: 0 0.10 INCH OR MORE: 8
MIN 32 OR BELOW: 8 0.50 INCH OR MORE: 2
MIN 0 OR BELOW: 0 1.00 INCH OR MORE: 0
[HDD (BASE 65) ]
TOTAL THIS MO. 450 CLEAR (SCALE 0-3) 7
DPTR FM NORMAL -78 PTCLDY (SCALE 4-7) 7
TOTAL FM JUL 1 6274 CLOUDY (SCALE 8-10) 8
DPTR FM NORMAL -1195
[CDD (BASE 65) ]
TOTAL THIS MO. 0
DPTR FM NORMAL 0 [PRESSURE DATA]
TOTAL FM JAN 1 0 HIGHEST SLP M ON M
DPTR FM NORMAL 0 LOWEST SLP 29.09 ON 12
[REMARKS]