000
CXUS51 KBTV 010700
CF6MSS
PRELIMINARY LOCAL CLIMATOLOGICAL DATA (WS FORM: F-6)
STATION: MASSENA NY
MONTH: MARCH
YEAR: 2022
LATITUDE: 44 55 N
LONGITUDE: 74 51 W
TEMPERATURE IN F: :PCPN: SNOW: WIND :SUNSHINE: SKY :PK WND
================================================================================
1 2 3 4 5 6A 6B 7 8 9 10 11 12 13 14 15 16 17 18
12Z AVG MX 2MIN
DY MAX MIN AVG DEP HDD CDD WTR SNW DPTH SPD SPD DIR MIN PSBL S-S WX SPD DR
================================================================================
1 18 1 10 -12 55 0 0.16 M M 6.7 15 60 M M 9 18 60
2 29 0 15 -8 50 0 0.01 M M 6.9 17 230 M M 8 18 21 220
3 25 -12 7 -16 58 0 T M M 8.4 20 280 M M 3 8 25 260
4 27 -18 5 -19 60 0 T M M 9.2 20 230 M M 6 26 240
5 36 0 18 -6 47 0 0.00 M M 5.4 15 50 M M 4 19 50
6 63 29 46 22 19 0 0.26 M M 13.9 36 240 M M 8 168 50 250
7 41 29 35 10 30 0 0.25 M M 8.8 22 270 M M 10 1 31 270
8 31 23 27 2 38 0 0.00 M M 11.2 23 290 M M 5 31 290
9 41 25 33 8 32 0 0.00 M M 4.5 20 220 M M 5 24 220
10 38 26 32 6 33 0 0.00 M M 9.5 18 270 M M 1 23 220
11 35 25 30 4 35 0 0.16 M M 4.1 14 60 M M 9 18 16 60
12 32 16 24 -3 41 0 0.07 M M 13.7 23 280 M M 7 12 31 270
13 27 11 19 -8 46 0 T M M 12.9 24 220 M M 6 18 32 280
14 42 25 34 6 31 0 0.11 M M 11.7 25 220 M M 9 1 33 230
15 41 25 33 5 32 0 T M M 3.1 9 60 M M 8 128 12 60
16 46 22 34 6 31 0 0.00 M M 5.7 18 220 M M 4 23 210
17 66 28 47 18 18 0 0.00 M M 7.2 20 220 M M 4 18 26 220
18 52 40 46 17 19 0 T M M 8.2 20 60 M M 5 26 50
19 41 36 39 9 26 0 0.93 M M 12.7 38 50 M M 10 1 49 40
20 45 29 37 7 28 0 T M M 11.5 24 210 M M 8 1 32 210
21 45 25 35 5 30 0 0.00 M M 10.1 25 270 M M 1 33 300
22 41 22 32 1 33 0 0.00 M M 7.8 17 290 M M 0 23 280
23 41 21 31 0 34 0 0.35 M M 11.3 23 60 M M 3 1 31 40
24 52 34 43 11 22 0 0.40 M M 5.9 20 60 M M 8 1 24 60
25 50 37 44 12 21 0 0.25 M M 11.5 23 220 M M 9 1 30 220
26 46 35 41 8 24 0 0.05 M M 8.8 23 210 M M 9 1 27 210
27 37 13 25 -8 40 0 0.03 M M 15.0 24 280 M M 10 1 31 280
28 19 11 15 -19 50 0 T M M 12.7 21 280 M M 10 8 28 280
29 30 16 23 -11 42 0 0.00 M M 11.7 22 280 M M 3 29 290
30 41 15 28 -7 37 0 0.02 M M 4.0 15 60 M M 3 20 60
31 62 32 47 12 18 0 0.04 M M 9.0 24 230 M M 5 1 37 220
================================================================================
SM 1240 621 1080 0 3.09 M 283.1 M 190
================================================================================
AV 40.0 20.0 9.1 FASTST M M 6 MAX(MPH)
MISC ----> 38 50 50 250
================================================================================
NOTES:
# LAST OF SEVERAL OCCURRENCES
COLUMN 17 PEAK WIND IN M.P.H.
PRELIMINARY LOCAL CLIMATOLOGICAL DATA (WS FORM: F-6) , PAGE 2
STATION: MASSENA NY
MONTH: MARCH
YEAR: 2022
LATITUDE: 44 55 N
LONGITUDE: 74 51 W
[TEMPERATURE DATA] [PRECIPITATION DATA] SYMBOLS USED IN COLUMN 16
AVERAGE MONTHLY: 30.0 TOTAL FOR MONTH: 3.09 1 = FOG OR MIST
DPTR FM NORMAL: 1.5 DPTR FM NORMAL: 1.05 2 = FOG REDUCING VISIBILITY
HIGHEST: 66 ON 17 GRTST 24HR 0.93 ON 19-19 TO 1/4 MILE OR LESS
LOWEST: -18 ON 4 3 = THUNDER
SNOW, ICE PELLETS, HAIL 4 = ICE PELLETS
TOTAL MONTH: M 5 = HAIL
GRTST 24HR M ON M 6 = FREEZING RAIN OR DRIZZLE
GRTST DEPTH: M ON M 7 = DUSTSTORM OR SANDSTORM:
VSBY 1/2 MILE OR LESS
8 = SMOKE OR HAZE
[NO. OF DAYS WITH] [WEATHER - DAYS WITH] 9 = BLOWING SNOW
X = TORNADO
MAX 32 OR BELOW: 9 0.01 INCH OR MORE: 15
MAX 90 OR ABOVE: 0 0.10 INCH OR MORE: 9
MIN 32 OR BELOW: 26 0.50 INCH OR MORE: 1
MIN 0 OR BELOW: 4 1.00 INCH OR MORE: 0
[HDD (BASE 65) ]
TOTAL THIS MO. 1080 CLEAR (SCALE 0-3) 5
DPTR FM NORMAL -53 PTCLDY (SCALE 4-7) 16
TOTAL FM JUL 1 6853 CLOUDY (SCALE 8-10) 10
DPTR FM NORMAL -88
[CDD (BASE 65) ]
TOTAL THIS MO. 0
DPTR FM NORMAL 0 [PRESSURE DATA]
TOTAL FM JAN 1 0 HIGHEST SLP M ON M
DPTR FM NORMAL 0 LOWEST SLP 29.29 ON 31
[REMARKS]
#FINAL-03-22#