000
CXUS55 KGJT 010910
CF6MTJ
PRELIMINARY LOCAL CLIMATOLOGICAL DATA (WS FORM: F-6)
STATION: MONTROSE CO
MONTH: JULY
YEAR: 2021
LATITUDE: 38 30 N
LONGITUDE: 107 53 W
TEMPERATURE IN F: :PCPN: SNOW: WIND :SUNSHINE: SKY :PK WND
================================================================================
1 2 3 4 5 6A 6B 7 8 9 10 11 12 13 14 15 16 17 18
12Z AVG MX 2MIN
DY MAX MIN AVG DEP HDD CDD WTR SNW DPTH SPD SPD DIR MIN PSBL S-S WX SPD DR
================================================================================
1 85 59 72 -1 0 7 0.10 M M 6.7 30 290 M M 2 3 40 300
2 91 57 74 1 0 9 0.00 M M 7.1 28 170 M M 0 3 35 160
3 93 60 77 4 0 12 0.00 M M 6.3 16 240 M M 0 25 230
4 97 60 79 6 0 14 0.00 M M 7.0 15 300 M M 0 28 320
5 95 64 80 7 0 15 T M M 9.6 25 250 M M 1 34 290
6 92 61 77 3 0 12 0.00 M M 7.2 22 100 M M 0 30 110
7 95 59 77 3 0 12 0.00 M M 7.4 22 100 M M 0 29 110
8 97 65 81 7 0 16 0.00 M M 7.4 30 190 M M 0 42 190
9 100 65 83 9 0 18 0.00 M M 6.2 17 120 M M 0 21 120
10 96 62 79 5 0 14 0.00 M M 6.7 13 130 M M 0 17 310
11 93 56 75 1 0 10 0.00 M M 6.1 15 130 M M 0 18 130
12 96 58 77 3 0 12 0.00 M M 7.0 15 300 M M 0 8 19 300
13 93 61 77 3 0 12 0.18 M M 9.9 33 150 M M 2 38 45 160
14 77 60 69 -5 0 4 0.22 M M 5.3 18 80 M M 4 13 24 50
15 89 56 73 -1 0 8 0.00 M M 5.3 13 130 M M 0 16 300
16 90 59 75 1 0 10 0.00 M M 7.9 23 160 M M 0 30 160
17 91 64 78 4 0 13 0.02 M M 10.0 26 150 M M 2 32 160
18 96 59 78 4 0 13 0.00 M M 6.7 18 140 M M 0 24 150
19 96 66 81 7 0 16 0.00 M M 7.6 21 310 M M 0 26 310
20 92 66 79 5 0 14 0.00 M M 7.6 29 150 M M 1 38 34 170
21 93 64 79 5 0 14 0.05 M M 8.6 31 210 M M 2 38 42 210
22 90 63 77 3 0 12 0.00 M M 7.2 24 100 M M 1 3 32 90
23 93 65 79 5 0 14 0.38 M M 8.9 25 160 M M 3 13 34 150
24 81 63 72 -2 0 7 0.05 M M 6.3 25 30 M M 4 3 33 40
25 88 62 75 1 0 10 T M M 6.8 32 120 M M 2 38 48 140
26 91 62 77 3 0 12 0.01 M M 7.8 23 160 M M 2 3 27 170
27 91 61 76 2 0 11 0.00 M M 7.7 15 150 M M 1 22 250
28 90 67 79 5 0 14 T M M 7.6 36 160 M M 1 38 44 160
29 89 61 75 1 0 10 0.03 M M 8.8 40 160 M M 1 38 55 150
30 88 61 75 1 0 10 T M M 8.6 26 150 M M 3 38 37 160
31 88 58 73 -1 0 8 0.00 M M 9.1 29 150 M M 1 3 34 140
================================================================================
SM 2836 1904 0 363 1.04 M 232.4 M 33
================================================================================
AV 91.5 61.4 7.5 FASTST M M 1 MAX(MPH)
MISC ----> 40 160 55 150
================================================================================
NOTES:
# LAST OF SEVERAL OCCURRENCES
COLUMN 17 PEAK WIND IN M.P.H.
PRELIMINARY LOCAL CLIMATOLOGICAL DATA (WS FORM: F-6) , PAGE 2
STATION: MONTROSE CO
MONTH: JULY
YEAR: 2021
LATITUDE: 38 30 N
LONGITUDE: 107 53 W
[TEMPERATURE DATA] [PRECIPITATION DATA] SYMBOLS USED IN COLUMN 16
AVERAGE MONTHLY: 76.5 TOTAL FOR MONTH: 1.04 1 = FOG OR MIST
DPTR FM NORMAL: 2.5 DPTR FM NORMAL: 0.24 2 = FOG REDUCING VISIBILITY
HIGHEST: 100 ON 9 GRTST 24HR 0.43 ON 23-24 TO 1/4 MILE OR LESS
LOWEST: 56 ON 15,11 3 = THUNDER
SNOW, ICE PELLETS, HAIL 4 = ICE PELLETS
TOTAL MONTH: M 5 = HAIL
GRTST 24HR M ON M 6 = FREEZING RAIN OR DRIZZLE
GRTST DEPTH: M ON M 7 = DUSTSTORM OR SANDSTORM:
VSBY 1/2 MILE OR LESS
8 = SMOKE OR HAZE
[NO. OF DAYS WITH] [WEATHER - DAYS WITH] 9 = BLOWING SNOW
X = TORNADO
MAX 32 OR BELOW: 0 0.01 INCH OR MORE: 9
MAX 90 OR ABOVE: 23 0.10 INCH OR MORE: 4
MIN 32 OR BELOW: 0 0.50 INCH OR MORE: 0
MIN 0 OR BELOW: 0 1.00 INCH OR MORE: 0
[HDD (BASE 65) ]
TOTAL THIS MO. 0 CLEAR (SCALE 0-3) 29
DPTR FM NORMAL 0 PTCLDY (SCALE 4-7) 2
TOTAL FM JUL 1 0 CLOUDY (SCALE 8-10) 0
DPTR FM NORMAL 0
[CDD (BASE 65) ]
TOTAL THIS MO. 363
DPTR FM NORMAL 84 [PRESSURE DATA]
TOTAL FM JAN 1 595 HIGHEST SLP M ON M
DPTR FM NORMAL 149 LOWEST SLP 29.72 ON 4
[REMARKS]
#FINAL-07-21#