000
CXUS55 KGJT 012007
CLMMTJ
CLIMATE REPORT
NATIONAL WEATHER SERVICE GRAND JUNCTION CO
107 PM MST FRI DEC 01 2023
...................................
...THE MONTROSE CO CLIMATE SUMMARY FOR THE MONTH OF NOVEMBER 2023...
CLIMATE NORMAL PERIOD 1991 TO 2020
CLIMATE RECORD PERIOD 9999 TO 9999
WEATHER OBSERVED NORMAL DEPART LAST YEAR`S
VALUE DATE(S) VALUE FROM VALUE DATE(S)
NORMAL
................................................................
TEMPERATURE (F)
HIGHEST 70 11/06 MM MM 69 11/07
LOWEST 13 11/27 MM MM 7 11/30
AVG. MAXIMUM 52.5 50.9 1.6 46.1
AVG. MINIMUM 26.3 25.3 1.0 21.5
MEAN 39.4 38.1 1.3 33.8
DAYS MAX >= 90 0 0.0 0.0 0
DAYS MAX <= 32 0 1.0 -1.0 0
DAYS MIN <= 32 24 24.9 -0.9 27
DAYS MIN <= 0 0 0.1 -0.1 0
PRECIPITATION (INCHES)
TOTALS 0.19 0.56 -0.37 0.57
DAILY AVG. 0.01 0.02 -0.01 0.02
DAYS >= .01 4 4.8 -0.8 5
DAYS >= .10 0 1.6 -1.6 3
DAYS >= .50 0 0.1 -0.1 0
DAYS >= 1.00 0 0.0 0.0 0
GREATEST
24 HR. TOTAL 0.17 11/24 TO 11/25 0.23
SNOWFALL (INCHES)
TOTALS MM MM MM MM
SINCE 7/1 MM MM MM MM
SNOWDEPTH AVG. MM MM
DAYS >= 1.0 MM MM MM MM
GREATEST
SNOW DEPTH MM MM MM
24 HR TOTAL MM MM
DEGREE DAYS
HEATING TOTAL 762 807 -45 929
SINCE 7/1 1217 1356 -139 1415
COOLING TOTAL 0 0 0 0
SINCE 1/1 788 699 89 871
................................................................
WIND (MPH)
AVERAGE WIND SPEED 5.7
HIGHEST WIND SPEED/DIRECTION 29/220 DATE 11/07
HIGHEST GUST SPEED/DIRECTION 42/210 DATE 11/07
SKY COVER
POSSIBLE SUNSHINE (PERCENT) MM
AVERAGE SKY COVER 0.21
NUMBER OF DAYS FAIR 21
NUMBER OF DAYS PC 6
NUMBER OF DAYS CLOUDY 3
AVERAGE RH (PERCENT) 58
WEATHER CONDITIONS. NUMBER OF DAYS WITH
THUNDERSTORM 0 MIXED PRECIP 0
HEAVY RAIN 0 RAIN 1
LIGHT RAIN 5 FREEZING RAIN 0
LT FREEZING RAIN 0 HAIL 0
HEAVY SNOW 0 SNOW 1
LIGHT SNOW 4 SLEET 0
FOG 3 FOG W/VIS <= 1/4 MILE 1
HAZE 4
- INDICATES NEGATIVE NUMBERS.
R INDICATES RECORD WAS SET OR TIED.
MM INDICATES DATA IS MISSING.
T INDICATES TRACE AMOUNT.
$$