145
CXUS53 KILX 012300
CF6MTO
PRELIMINARY LOCAL CLIMATOLOGICAL DATA (WS FORM: F-6)
STATION: MATTOON IL AIRPORT
MONTH: JUNE
YEAR: 2020
LATITUDE: 39 28 N
LONGITUDE: 88 17 W
TEMPERATURE IN F: :PCPN: SNOW: WIND :SUNSHINE: SKY :PK WND
================================================================================
1 2 3 4 5 6A 6B 7 8 9 10 11 12 13 14 15 16 17 18
12Z AVG MX 2MIN
DY MAX MIN AVG DEP HDD CDD WTR SNW DPTH SPD SPD DIR MIN PSBL S-S WX SPD DR
================================================================================
1 76 54 65 -3 0 0 0.00 M M 8.9 17 170 M M 1 24 140
2 88 65 77 9 0 12 0.00 M M 9.9 16 200 M M 0 27 250
3 89 68 79 11 0 14 0.09 M M 8.5 18 90 M M 3 13 31 90
4 82 66 74 5 0 9 M M M 3.2 40 320 M M 1 13 64 310
5 86 68 77 8 0 12 0.00 M M 4.5 9 250 M M 0 1 15 240
6 90 68 79 10 0 14 0.00 M M 5.1 15 60 M M 0 21 60
7 87 61 74 4 0 9 0.00 M M 7.1 12 110 M M 0 16 130
8 87 61 74 4 0 9 0.00 M M 9.9 16 120 M M 0 24 120
9 84 75 80 10 0 15 M M M 17.6 30 150 M M 6 1 51 170
10 80 61 71 1 0 6 T M M 13.4 26 280 M M 5 1 41 190
11 82 59 71 0 0 6 0.00 M M 8.1 20 290 M M 1 28 280
12 88 66 77 6 0 12 0.00 M M 4.8 12 330 M M 2 16 320
13 83 57 70 -1 0 5 T M M 9.1 18 50 M M 0 24 50
14 77 57 67 -5 0 2 T M M 8.1 17 70 M M 2 24 30
15 79 53 66 -6 0 1 0.00 M M 5.2 15 40 M M 0 21 30
16 83 59 71 -1 0 6 0.00 M M 4.9 14 140 M M 0 22 120
17 85 59 72 0 0 7 0.00 M M 2.8 14 90 M M 2 22 70
18 87 62 75 2 0 10 0.00 M M 2.8 8 110 M M 1 12 10
19 89 71 80 7 0 15 0.00 M M 5.0 12 190 M M 1 16 190
20 90 68 79 6 0 14 M M M 7.0 33 290 M M 3 13 43 290
21 81 70 76 2 0 11 M M M 5.4 12 190 M M 5 1 17 170
22 88 66 77 3 0 12 M M M 8.5 37 290 M M 2 13 45 290
23 80 65 73 -1 0 8 M M M 11.4 20 310 M M 6 25 320
24 80 62 71 -3 0 6 T M M 6.1 14 300 M M 1 19 320
25 85 61 73 -1 0 8 0.00 M M 4.2 10 300 M M 1 14 290
26 89 71 80 5 0 15 0.00 M M 9.4 17 190 M M 2 29 190
27 79 72 76 1 0 11 0.63 M M 7.2 14 220 M M 5 13 24 210
28 85 71 78 3 0 13 0.07 M M 5.2 9 180 M M 5 13 15 300
29 88 74 81 6 0 16 0.00 M M 5.8 13 190 M M 1 1 19 190
30 80 70 75 0 0 10 T M M 7.7 16 150 M M 3 23 150
================================================================================
SM 2527 1940 0 288 0.79 M 216.8 M 59
================================================================================
AV 84.2 64.7 7.2 FASTST M M 2 MAX(MPH)
MISC ----> # 40 320 # 64 310
================================================================================
NOTES:
# LAST OF SEVERAL OCCURRENCES
COLUMN 17 PEAK WIND IN M.P.H.
PRELIMINARY LOCAL CLIMATOLOGICAL DATA (WS FORM: F-6) , PAGE 2
STATION: MATTOON IL AIRPORT
MONTH: JUNE
YEAR: 2020
LATITUDE: 39 28 N
LONGITUDE: 88 17 W
[TEMPERATURE DATA] [PRECIPITATION DATA] SYMBOLS USED IN COLUMN 16
AVERAGE MONTHLY: 74.5 TOTAL FOR MONTH: 0.79 1 = FOG OR MIST
DPTR FM NORMAL: 2.5 DPTR FM NORMAL: -3.45 2 = FOG REDUCING VISIBILITY
HIGHEST: 90 ON 20, 6 GRTST 24HR 0.63 ON 27-27 TO 1/4 MILE OR LESS
LOWEST: 53 ON 15 3 = THUNDER
SNOW, ICE PELLETS, HAIL 4 = ICE PELLETS
TOTAL MONTH: M 5 = HAIL
GRTST 24HR M ON M 6 = FREEZING RAIN OR DRIZZLE
GRTST DEPTH: M ON M 7 = DUSTSTORM OR SANDSTORM:
VSBY 1/2 MILE OR LESS
8 = SMOKE OR HAZE
[NO. OF DAYS WITH] [WEATHER - DAYS WITH] 9 = BLOWING SNOW
X = TORNADO
MAX 32 OR BELOW: 0 0.01 INCH OR MORE: 3
MAX 90 OR ABOVE: 2 0.10 INCH OR MORE: 1
MIN 32 OR BELOW: 0 0.50 INCH OR MORE: 1
MIN 0 OR BELOW: 0 1.00 INCH OR MORE: 0
[HDD (BASE 65) ]
TOTAL THIS MO. 0 CLEAR (SCALE 0-3) 23
DPTR FM NORMAL -17 PTCLDY (SCALE 4-7) 7
TOTAL FM JUL 1 5083 CLOUDY (SCALE 8-10) 0
DPTR FM NORMAL -324
[CDD (BASE 65) ]
TOTAL THIS MO. 288
DPTR FM NORMAL 65 [PRESSURE DATA]
TOTAL FM JAN 1 373 HIGHEST SLP 30.34 ON 15
DPTR FM NORMAL 62 LOWEST SLP 29.51 ON 9
[REMARKS]
#FINAL-06-20#