000
CXUS56 KSGX 011045
CF6MYF
PRELIMINARY LOCAL CLIMATOLOGICAL DATA (WS FORM: F-6)
STATION: SAN DIEGO/MONTGOMERY FLD CA
MONTH: APRIL
YEAR: 2022
LATITUDE: 32 49 N
LONGITUDE: 117 9 W
TEMPERATURE IN F: :PCPN: SNOW: WIND :SUNSHINE: SKY :PK WND
================================================================================
1 2 3 4 5 6A 6B 7 8 9 10 11 12 13 14 15 16 17 18
12Z AVG MX 2MIN
DY MAX MIN AVG DEP HDD CDD WTR SNW DPTH SPD SPD DIR MIN PSBL S-S WX SPD DR
================================================================================
1 69 57 63 3 2 0 0.00 M M 4.3 14 280 M M 6 23 220
2 62 57 60 0 5 0 0.03 M M 4.9 12 300 M M 10 18 13 300
3 62 57 60 0 5 0 0.03 M M 6.5 12 300 M M 10 18 15 310
4 70 56 63 3 2 0 0.00 M M 5.4 13 300 M M 4 17 290
5 73 52 63 3 2 0 0.00 M M 3.6 10 200 M M 1 18 13 260
6 85 55 70 10 0 5 0.00 M M 2.7 12 230 M M 0 18 15 240
7 97 54 76 15 0 11 0.00 M M 6.4 18 320 M M 1 12 23 320
8 98 60 79 18 0 14 0.00 M M 4.5 16 330 M M 0 20 300
9 77 58 68 7 0 3 0.00 M M 8.3 20 170 M M 3 8 24 190
10 66 59 63 2 2 0 0.00 M M 7.4 16 210 M M 10 8 19 210
11 67 56 62 1 3 0 T M M 9.8 20 260 M M 8 25 260
12 67 52 60 -1 5 0 0.00 M M 8.1 20 290 M M 3 26 300
13 68 47 58 -3 7 0 0.00 M M 5.2 16 290 M M 0 8 20 290
14 69 46 58 -3 7 0 0.00 M M 5.0 14 240 M M 0 18 240
15 72 50 61 0 4 0 0.00 M M 5.9 14 240 M M 1 18 220
16 69 58 64 2 1 0 0.07 M M 7.7 18 310 M M 7 1 22 300
17 70 57 64 2 1 0 T M M 7.7 15 310 M M 4 1 20 300
18 76 55 66 4 0 1 0.00 M M 5.2 14 290 M M 3 18 17 270
19 74 56 65 3 0 0 0.00 M M 5.9 15 240 M M 3 1 20 250
20 70 55 63 1 2 0 0.00 M M 7.7 15 240 M M 3 20 230
21 71 52 62 0 3 0 T M M 6.4 18 300 M M 3 26 310
22 64 52 58 -4 7 0 0.16 M M 10.9 22 280 M M 6 1 26 280
23 70 50 60 -2 5 0 0.00 M M 6.2 18 320 M M 0 23 320
24 86 53 70 8 0 5 0.00 M M 6.6 18 290 M M 0 22 290
25 88 56 72 9 0 7 0.00 M M 5.2 16 310 M M 0 20 300
26 79 54 67 4 0 2 0.00 M M 5.6 13 230 M M 1 8 18 240
27 68 57 63 0 2 0 0.00 M M 8.4 15 220 M M 7 20 200
28 66 57 62 -1 3 0 T M M 6.7 17 260 M M 7 8 22 260
29 71 53 62 -1 3 0 0.00 M M 4.8 14 260 M M 1 17 300
30 72 54 63 0 2 0 0.00 M M 4.6 14 240 M M 0 8 18 230
================================================================================
SM 2196 1635 73 48 0.29 M 187.6 M 102
================================================================================
AV 73.2 54.5 6.3 FASTST M M 3 MAX(MPH)
MISC ----> 22 280 # 26 300
================================================================================
NOTES:
# LAST OF SEVERAL OCCURRENCES
COLUMN 17 PEAK WIND IN M.P.H.
PRELIMINARY LOCAL CLIMATOLOGICAL DATA (WS FORM: F-6) , PAGE 2
STATION: SAN DIEGO/MONTGOMERY FLD CA
MONTH: APRIL
YEAR: 2022
LATITUDE: 32 49 N
LONGITUDE: 117 9 W
[TEMPERATURE DATA] [PRECIPITATION DATA] SYMBOLS USED IN COLUMN 16
AVERAGE MONTHLY: 63.9 TOTAL FOR MONTH: 0.29 1 = FOG OR MIST
DPTR FM NORMAL: 2.3 DPTR FM NORMAL: -0.48 2 = FOG REDUCING VISIBILITY
HIGHEST: 98 ON 8 GRTST 24HR 0.16 ON 21-22 TO 1/4 MILE OR LESS
LOWEST: 46 ON 14 3 = THUNDER
SNOW, ICE PELLETS, HAIL 4 = ICE PELLETS
TOTAL MONTH: M 5 = HAIL
GRTST 24HR M ON M 6 = FREEZING RAIN OR DRIZZLE
GRTST DEPTH: M ON M 7 = DUSTSTORM OR SANDSTORM:
VSBY 1/2 MILE OR LESS
8 = SMOKE OR HAZE
[NO. OF DAYS WITH] [WEATHER - DAYS WITH] 9 = BLOWING SNOW
X = TORNADO
MAX 32 OR BELOW: 0 0.01 INCH OR MORE: 4
MAX 90 OR ABOVE: 2 0.10 INCH OR MORE: 1
MIN 32 OR BELOW: 0 0.50 INCH OR MORE: 0
MIN 0 OR BELOW: 0 1.00 INCH OR MORE: 0
[HDD (BASE 65) ]
TOTAL THIS MO. 73 CLEAR (SCALE 0-3) 18
DPTR FM NORMAL -53 PTCLDY (SCALE 4-7) 8
TOTAL FM JUL 1 959 CLOUDY (SCALE 8-10) 4
DPTR FM NORMAL -289
[CDD (BASE 65) ]
TOTAL THIS MO. 48
DPTR FM NORMAL 25 [PRESSURE DATA]
TOTAL FM JAN 1 98 HIGHEST SLP 30.16 ON 17
DPTR FM NORMAL 57 LOWEST SLP 29.80 ON 9
[REMARKS]
#FINAL-04-22#