000
CXUS56 KSGX 011145
CF6MYF
PRELIMINARY LOCAL CLIMATOLOGICAL DATA (WS FORM: F-6)
STATION: SAN DIEGO/MONTGOMERY FLD CA
MONTH: JANUARY
YEAR: 2022
LATITUDE: 32 49 N
LONGITUDE: 117 9 W
TEMPERATURE IN F: :PCPN: SNOW: WIND :SUNSHINE: SKY :PK WND
================================================================================
1 2 3 4 5 6A 6B 7 8 9 10 11 12 13 14 15 16 17 18
12Z AVG MX 2MIN
DY MAX MIN AVG DEP HDD CDD WTR SNW DPTH SPD SPD DIR MIN PSBL S-S WX SPD DR
================================================================================
1 63 45 54 -2 11 0 0.00 M M 4.5 14 200 M M 3 18 200
2 68 41 55 -1 10 0 0.00 M M 2.4 12 320 M M 0 13 290
3 64 39 52 -4 13 0 0.00 M M 2.5 10 290 M M 0 14 290
4 63 40 52 -4 13 0 0.00 M M 3.2 10 310 M M 0 1 13 320
5 70 42 56 0 9 0 0.00 M M 2.1 9 340 M M 0 11 340
6 72 45 59 3 6 0 0.00 M M 1.3 8 230 M M 0 128 10 220
7 61 45 53 -4 12 0 0.00 M M 4.0 10 150 M M 7 128 13 130
8 63 47 55 -2 10 0 0.00 M M 3.3 10 220 M M 5 1 13 240
9 77 44 61 4 4 0 0.00 M M 2.3 10 200 M M 0 13 230
10 74 46 60 3 5 0 0.00 M M 3.1 9 310 M M 0 10 310
11 81 50 66 9 0 1 0.00 M M 3.4 10 230 M M 0 11 320
12 79 47 63 6 2 0 0.00 M M 2.0 10 300 M M 0 12 300
13 76 51 64 7 1 0 0.00 M M 2.7 10 290 M M 4 11 300
14 76 55 66 9 0 1 0.00 M M 3.2 10 260 M M 2 12 230
15 69 52 61 4 4 0 0.04 M M 3.9 14 110 M M 8 18 80
16 71 55 63 6 2 0 0.00 M M 2.8 9 200 M M 4 11 200
17 68 54 61 4 4 0 0.10 M M 3.9 13 270 M M 9 1 14 270
18 65 56 61 4 4 0 T M M 4.5 12 320 M M 9 18 13 240
19 66 53 60 3 5 0 0.00 M M 5.0 15 290 M M 6 18 18 290
20 74 47 61 4 4 0 0.00 M M 3.4 15 320 M M 1 12 17 330
21 65 46 56 -1 9 0 0.00 M M 2.9 14 180 M M 0 1 17 170
22 72 48 60 3 5 0 0.00 M M 4.4 14 240 M M 0 1 18 220
23 75 47 61 4 4 0 0.00 M M 5.4 16 300 M M 0 20 310
24 70 44 57 0 8 0 0.00 M M 3.6 14 200 M M 0 17 190
25 64 42 53 -4 12 0 0.00 M M 3.8 13 210 M M 0 16 220
26 73 44 59 2 6 0 0.00 M M 3.0 9 220 M M 3 1 11 300
27 72 43 58 1 7 0 0.00 M M 3.1 13 310 M M 0 15 240
28 75 43 59 2 6 0 0.00 M M 3.5 10 230 M M 0 13 50
29 70 47 59 2 6 0 0.00 M M 3.5 10 310 M M 1 13 270
30 71 43 57 0 8 0 0.00 M M 3.8 14 260 M M 0 17 250
31 65 42 54 -3 11 0 0.00 M M 2.3 9 240 M M 1 10 260
================================================================================
SM 2172 1443 201 2 0.14 M 102.8 M 63
================================================================================
AV 70.1 46.5 3.3 FASTST M M 2 MAX(MPH)
MISC ----> 16 300 20 310
================================================================================
NOTES:
# LAST OF SEVERAL OCCURRENCES
COLUMN 17 PEAK WIND IN M.P.H.
PRELIMINARY LOCAL CLIMATOLOGICAL DATA (WS FORM: F-6) , PAGE 2
STATION: SAN DIEGO/MONTGOMERY FLD CA
MONTH: JANUARY
YEAR: 2022
LATITUDE: 32 49 N
LONGITUDE: 117 9 W
[TEMPERATURE DATA] [PRECIPITATION DATA] SYMBOLS USED IN COLUMN 16
AVERAGE MONTHLY: 58.3 TOTAL FOR MONTH: 0.14 1 = FOG OR MIST
DPTR FM NORMAL: 1.7 DPTR FM NORMAL: -2.18 2 = FOG REDUCING VISIBILITY
HIGHEST: 81 ON 11 GRTST 24HR 0.13 ON 17-17 TO 1/4 MILE OR LESS
LOWEST: 39 ON 3 3 = THUNDER
SNOW, ICE PELLETS, HAIL 4 = ICE PELLETS
TOTAL MONTH: M 5 = HAIL
GRTST 24HR M ON M 6 = FREEZING RAIN OR DRIZZLE
GRTST DEPTH: M ON M 7 = DUSTSTORM OR SANDSTORM:
VSBY 1/2 MILE OR LESS
8 = SMOKE OR HAZE
[NO. OF DAYS WITH] [WEATHER - DAYS WITH] 9 = BLOWING SNOW
X = TORNADO
MAX 32 OR BELOW: 0 0.01 INCH OR MORE: 2
MAX 90 OR ABOVE: 0 0.10 INCH OR MORE: 1
MIN 32 OR BELOW: 0 0.50 INCH OR MORE: 0
MIN 0 OR BELOW: 0 1.00 INCH OR MORE: 0
[HDD (BASE 65) ]
TOTAL THIS MO. 201 CLEAR (SCALE 0-3) 22
DPTR FM NORMAL -62 PTCLDY (SCALE 4-7) 7
TOTAL FM JUL 1 565 CLOUDY (SCALE 8-10) 2
DPTR FM NORMAL -129
[CDD (BASE 65) ]
TOTAL THIS MO. 2
DPTR FM NORMAL -2 [PRESSURE DATA]
TOTAL FM JAN 1 2 HIGHEST SLP 30.31 ON 2
DPTR FM NORMAL -2 LOWEST SLP 29.88 ON 1
[REMARKS]
#FINAL-01-22#