000
CXUS55 KBOI 180521
CF6MYL
PRELIMINARY LOCAL CLIMATOLOGICAL DATA (WS FORM: F-6)
STATION: MCCALL ID
MONTH: JUNE
YEAR: 2022
LATITUDE: 44 52 N
LONGITUDE: 116 6 W
TEMPERATURE IN F: :PCPN: SNOW: WIND :SUNSHINE: SKY :PK WND
================================================================================
1 2 3 4 5 6A 6B 7 8 9 10 11 12 13 14 15 16 17 18
12Z AVG MX 2MIN
DY MAX MIN AVG DEP HDD CDD WTR SNW DPTH SPD SPD DIR MIN PSBL S-S WX SPD DR
================================================================================
1 66 37 52 0 13 0 0.00 M M 3.8 13 280 M M 3 17 180
2 74 44 59 7 6 0 T M M 2.9 13 280 M M 6 3 19 170
3 72 50 61 9 4 0 0.03 M M 5.5 20 220 M M 6 34 240
4 54 44 49 -3 16 0 0.12 M M 6.0 18 200 M M 9 24 200
5 60 44 52 -1 13 0 0.24 M M 7.0 18 220 M M 8 13 27 220
6 60 44 52 -1 13 0 0.11 M M 4.1 14 250 M M 8 13 20 10
7 67 37 52 -1 13 0 0.00 M M 3.5 10 40 M M 1 14 280
8 64 49 57 4 8 0 0.08 M M 3.7 14 30 M M 9 20 180
9 73 45 59 6 6 0 0.00 0.0 0 4.7 16 200 M M 2 22 190
10 75 49 62 8 3 0 T 0.0 0 6.4 20 190 M M 6 30 200
11 63 51 57 3 8 0 0.30 0.0 0 6.4 17 350 M M 8 3 26 340
12 54 45 50 -4 15 0 0.24 M M 6.7 18 190 M M 9 13 28 150
13 47 39 43 -11 22 0 T M M 6.0 15 280 M M 10 22 280
14 53 36 45 -10 20 0 T M M 4.2 15 270 M M 8 23 260
15 66 31 49 -6 16 0 0.00 M M 3.6 15 190 M M 0 20 190
16 77 40 59 4 6 0 0.00 M M 3.9 15 230 M M 0 23 230
17 70 47 59 4 6 0 0.00 M M 4.6 16 290 M M 1 26 310
18 65 42 54 -2 11 0 0.00 M M 6.2 16 250 M M 3 22 250
19 61 43 52 -4 13 0 T M M 5.8 17 290 M M 5 25 270
20 63 40 52 -4 13 0 T M M 4.6 17 250 M M 7 22 250
21 74 38 56 -1 9 0 0.00 M M 3.0 10 260 M M 1 8 15 270
22 78 41 60 3 5 0 0.00 M M 3.9 15 200 M M 0 19 200
23 76 45 61 4 4 0 0.00 M M 4.6 16 330 M M 0 26 310
24 71 44 58 0 7 0 0.00 M M 7.3 20 260 M M 0 30 270
25 77 42 60 2 5 0 0.00 M M 4.5 12 240 M M 0 16 230
26 82 43 63 5 2 0 0.00 M M 2.6 10 260 M M 0 15 270
27 90 48 69 10 0 4 0.00 M M 4.5 18 200 M M 0 22 190
28 85 52 69 10 0 4 T M M 7.3 22 190 M M 0 33 200
29 75 47 61 1 4 0 0.00 M M 5.7 15 240 M M 0 23 240
30 81 42 62 2 3 0 0.00 M M 3.3 12 30 M M 0 15 10
================================================================================
SM 2073 1299 264 8 1.12 0.0 146.3 M 110
================================================================================
AV 69.1 43.3 4.9 FASTST M M 4 MAX(MPH)
MISC ----> 22 190 34 240
================================================================================
NOTES:
# LAST OF SEVERAL OCCURRENCES
COLUMN 17 PEAK WIND IN M.P.H.
PRELIMINARY LOCAL CLIMATOLOGICAL DATA (WS FORM: F-6) , PAGE 2
STATION: MCCALL ID
MONTH: JUNE
YEAR: 2022
LATITUDE: 44 52 N
LONGITUDE: 116 6 W
[TEMPERATURE DATA] [PRECIPITATION DATA] SYMBOLS USED IN COLUMN 16
AVERAGE MONTHLY: 56.2 TOTAL FOR MONTH: 1.12 1 = FOG OR MIST
DPTR FM NORMAL: 0.9 DPTR FM NORMAL: -0.91 2 = FOG REDUCING VISIBILITY
HIGHEST: 90 ON 27 GRTST 24HR 0.30 ON 11-11 TO 1/4 MILE OR LESS
LOWEST: 31 ON 15 3 = THUNDER
SNOW, ICE PELLETS, HAIL 4 = ICE PELLETS
TOTAL MONTH: 0.0 INCH 5 = HAIL
GRTST 24HR 0.0 6 = FREEZING RAIN OR DRIZZLE
GRTST DEPTH: 0 7 = DUSTSTORM OR SANDSTORM:
VSBY 1/2 MILE OR LESS
8 = SMOKE OR HAZE
[NO. OF DAYS WITH] [WEATHER - DAYS WITH] 9 = BLOWING SNOW
X = TORNADO
MAX 32 OR BELOW: 0 0.01 INCH OR MORE: 7
MAX 90 OR ABOVE: 1 0.10 INCH OR MORE: 5
MIN 32 OR BELOW: 1 0.50 INCH OR MORE: 0
MIN 0 OR BELOW: 0 1.00 INCH OR MORE: 0
[HDD (BASE 65) ]
TOTAL THIS MO. 264 CLEAR (SCALE 0-3) 15
DPTR FM NORMAL -35 PTCLDY (SCALE 4-7) 11
TOTAL FM JUL 1 8593 CLOUDY (SCALE 8-10) 4
DPTR FM NORMAL -75
[CDD (BASE 65) ]
TOTAL THIS MO. 8
DPTR FM NORMAL 0 [PRESSURE DATA]
TOTAL FM JAN 1 8 HIGHEST SLP M ON M
DPTR FM NORMAL 0 LOWEST SLP 29.51 ON 17
[REMARKS]
#FINAL-06-22#