000
CXUS55 KBOI 011002
CF6MYL
PRELIMINARY LOCAL CLIMATOLOGICAL DATA (WS FORM: F-6)
STATION: MCCALL ID
MONTH: MAY
YEAR: 2022
LATITUDE: 44 52 N
LONGITUDE: 116 6 W
TEMPERATURE IN F: :PCPN: SNOW: WIND :SUNSHINE: SKY :PK WND
================================================================================
1 2 3 4 5 6A 6B 7 8 9 10 11 12 13 14 15 16 17 18
12Z AVG MX 2MIN
DY MAX MIN AVG DEP HDD CDD WTR SNW DPTH SPD SPD DIR MIN PSBL S-S WX SPD DR
================================================================================
1 57 35 46 2 19 0 0.02 M M 7.3 16 290 M M 4 1 25 330
2 58 31 45 1 20 0 0.48 M M 6.4 24 150 M M 5 13 33 140
3 52 33 43 -2 22 0 0.10 M M 12.5 22 350 M M 4 1 35 10
4 66 30 48 3 17 0 0.00 M M 2.8 12 270 M M 0 17 270
5 63 38 51 5 14 0 0.14 M M 8.2 32 190 M M 5 3 44 210
6 58 42 50 4 15 0 0.19 M M 10.7 35 190 M M 9 48 190
7 44 32 38 -8 27 0 0.55 M M 6.8 25 200 M M 9 18 35 190
8 43 28 36 -11 29 0 0.03 M M 4.8 15 250 M M 6 1 21 230
9 42 30 36 -11 29 0 0.17 M M 3.5 20 310 M M 8 18 24 270
10 46 28 37 -10 28 0 0.00 M M 5.6 17 360 M M 5 25 30
11 50 28 39 -9 26 0 0.00 M M 7.6 20 300 M M 3 26 290
12 51 30 41 -7 24 0 0.04 M M 8.4 23 230 M M 6 34 230
13 50 35 43 -5 22 0 0.06 M M 7.4 17 190 M M 6 25 270
14 58 40 49 1 16 0 0.35 M M 4.9 13 30 M M 8 1 18 40
15 72 34 53 4 12 0 0.00 M M 4.9 18 200 M M 3 128 25 180
16 68 46 57 8 8 0 0.01 M M 6.9 18 220 M M 4 3 27 230
17 65 36 51 2 14 0 0.00 M M 5.0 15 220 M M 0 18 21 280
18 56 36 46 -3 19 0 0.04 M M 4.0 17 240 M M 6 25 290
19 47 34 41 -9 24 0 T M M 8.8 22 340 M M 5 8 31 350
20 55 36 46 -4 19 0 0.00 M M 9.2 16 10 M M 4 26 20
21 50 31 41 -9 24 0 0.27 0.0 M 4.6 17 260 M M 6 38 25 240
22 56 31 44 -6 21 0 0.00 0.0 M 6.7 15 20 M M 1 18 22 340
23 61 31 46 -4 19 0 0.00 M M M M M M M M M M
24 64 39 52 2 13 0 0.00 0.0 M 5.3 13 340 M M 3 18 250
25 68 47 58 7 7 0 0.00 0.0 M 5.0 17 190 M M 3 26 180
26 75 39 57 6 8 0 T M M 3.7 17 180 M M 2 24 180
27 65 48 57 6 8 0 0.10 M M 6.0 26 240 M M 7 41 240
28 55 42 49 -2 16 0 0.25 M M 5.0 17 210 M M 10 23 200
29 52 40 46 -5 19 0 0.41 M M 6.5 17 310 M M 10 24 330
30 52 39 46 -6 19 0 T M M 8.2 18 360 M M 9 31 10
31 59 36 48 -4 17 0 0.00 M M 4.9 14 300 M M 5 17 320
================================================================================
SM 1758 1105 575 0 3.21 0.0 191.6 M 156
================================================================================
AV 56.7 35.6 6.4 FASTST M M 5 MAX(MPH)
MISC ----> 35 190 48 190
================================================================================
NOTES:
# LAST OF SEVERAL OCCURRENCES
COLUMN 17 PEAK WIND IN M.P.H.
PRELIMINARY LOCAL CLIMATOLOGICAL DATA (WS FORM: F-6) , PAGE 2
STATION: MCCALL ID
MONTH: MAY
YEAR: 2022
LATITUDE: 44 52 N
LONGITUDE: 116 6 W
[TEMPERATURE DATA] [PRECIPITATION DATA] SYMBOLS USED IN COLUMN 16
AVERAGE MONTHLY: 46.2 TOTAL FOR MONTH: 3.21 1 = FOG OR MIST
DPTR FM NORMAL: -2.3 DPTR FM NORMAL: 0.91 2 = FOG REDUCING VISIBILITY
HIGHEST: 75 ON 26 GRTST 24HR 0.67 ON 6- 7 TO 1/4 MILE OR LESS
LOWEST: 28 ON 11,10 3 = THUNDER
SNOW, ICE PELLETS, HAIL 4 = ICE PELLETS
TOTAL MONTH: 0.0 INCH 5 = HAIL
GRTST 24HR 0.0 6 = FREEZING RAIN OR DRIZZLE
GRTST DEPTH: M ON M 7 = DUSTSTORM OR SANDSTORM:
VSBY 1/2 MILE OR LESS
8 = SMOKE OR HAZE
[NO. OF DAYS WITH] [WEATHER - DAYS WITH] 9 = BLOWING SNOW
X = TORNADO
MAX 32 OR BELOW: 0 0.01 INCH OR MORE: 17
MAX 90 OR ABOVE: 0 0.10 INCH OR MORE: 11
MIN 32 OR BELOW: 11 0.50 INCH OR MORE: 1
MIN 0 OR BELOW: 0 1.00 INCH OR MORE: 0
[HDD (BASE 65) ]
TOTAL THIS MO. 575 CLEAR (SCALE 0-3) 7
DPTR FM NORMAL 63 PTCLDY (SCALE 4-7) 17
TOTAL FM JUL 1 8329 CLOUDY (SCALE 8-10) 7
DPTR FM NORMAL -39
[CDD (BASE 65) ]
TOTAL THIS MO. 0
DPTR FM NORMAL 0 [PRESSURE DATA]
TOTAL FM JAN 1 0 HIGHEST SLP 30.22 ON 15
DPTR FM NORMAL 0 LOWEST SLP 29.54 ON 29
[REMARKS]
#FINAL-05-22#