000
CXUS56 KSTO 011300
CF6MYV
PRELIMINARY LOCAL CLIMATOLOGICAL DATA (WS FORM: F-6)
STATION: MARYSVILLE
MONTH: SEPTEMBER
YEAR: 2022
LATITUDE: 39 6 N
LONGITUDE: 121-34 E
TEMPERATURE IN F: :PCPN: SNOW: WIND :SUNSHINE: SKY :PK WND
================================================================================
1 2 3 4 5 6A 6B 7 8 9 10 11 12 13 14 15 16 17 18
12Z AVG MX 2MIN
DY MAX MIN AVG DEP HDD CDD WTR SNW DPTH SPD SPD DIR MIN PSBL S-S WX SPD DR
================================================================================
1 107 60 84 9 0 19 0.00 M M 3.1 8 80 M M 0 12 310
2 108 64 86 11 0 21 0.00 M M 5.8 13 150 M M 0 16 150
3 102 62 82 7 0 17 0.00 M M 5.4 12 220 M M 0 15 210
4 106 62 84 9 0 19 0.00 M M 2.6 9 320 M M 0 14 320
5 113 67 90 15 0 25 0.00 M M 5.1 13 340 M M 0 19 330
6 115 73 94 19 0 29 0.00 M M 3.7 9 310 M M 0 14 320
7 109 74 92 18 0 27 0.00 0.0 M 7.3 17 150 M M 0 21 150
8 112 70 91 17 0 26 0.00 0.0 M 3.8 10 340 M M 0 13 340
9 103 70 87 13 0 22 0.00 M M 5.2 12 140 M M 2 8 15 360
10 94 73 84 10 0 19 0.00 M M 10.6 20 150 M M 0 8 24 150
11 93 66 80 6 0 15 0.00 M M 3.1 9 170 M M 0 8 12 220
12 93 68 81 7 0 16 T M M 4.5 14 150 M M 2 8 19 150
13 85 62 74 1 0 9 T M M 12.9 21 170 M M 0 25 150
14 81 56 69 -4 0 4 0.00 M M 9.2 15 170 M M 0 21 200
15 81 55 68 -5 0 3 0.00 M M 5.6 12 140 M M 0 16 150
16 86 54 70 -3 0 5 0.00 M M 4.7 13 140 M M 0 16 140
17 80 56 68 -4 0 3 0.00 M M 13.2 23 180 M M 0 30 190
18 75 60 68 -4 0 3 0.17 M M 9.5 25 150 M M 7 1 38 200
19 75 60 68 -4 0 3 0.79 M M 4.5 14 100 M M 9 13 16 110
20 78 57 68 -4 0 3 0.00 M M 3.0 9 330 M M 4 11 250
21 78 59 69 -3 0 4 T M M 3.8 14 140 M M 4 17 150
22 84 57 71 0 0 6 0.00 M M 5.5 15 320 M M 0 20 320
23 90 53 72 1 0 7 0.00 M M 2.0 9 310 M M 0 8 17 340
24 94 55 75 4 0 10 0.00 M M 2.3 8 320 M M 0 10 280
25 98 58 78 7 0 13 0.00 M M 2.7 9 320 M M 0 12 300
26 95 61 78 8 0 13 0.00 M M 3.7 12 150 M M 0 15 150
27 88 55 72 2 0 7 0.00 M M 6.6 12 150 M M 0 17 210
28 89 56 73 3 0 8 0.00 M M 5.9 13 210 M M 0 14 190
29 89 57 73 3 0 8 0.00 M M 3.4 14 330 M M 0 16 340
30 91 52 72 3 0 7 0.00 M M 2.3 8 80 M M 0 12 330
================================================================================
SM 2792 1832 0 371 0.96 0.0 161.0 M 28
================================================================================
AV 93.1 61.1 5.4 FASTST M M 1 MAX(MPH)
MISC ----> 25 150 38 200
================================================================================
NOTES:
# LAST OF SEVERAL OCCURRENCES
COLUMN 17 PEAK WIND IN M.P.H.
PRELIMINARY LOCAL CLIMATOLOGICAL DATA (WS FORM: F-6) , PAGE 2
STATION: MARYSVILLE
MONTH: SEPTEMBER
YEAR: 2022
LATITUDE: 39 6 N
LONGITUDE: 121-34 E
[TEMPERATURE DATA] [PRECIPITATION DATA] SYMBOLS USED IN COLUMN 16
AVERAGE MONTHLY: 77.1 TOTAL FOR MONTH: 0.96 1 = FOG OR MIST
DPTR FM NORMAL: 4.4 DPTR FM NORMAL: 0.85 2 = FOG REDUCING VISIBILITY
HIGHEST: 115 ON 6 GRTST 24HR 0.79 ON 19-19 TO 1/4 MILE OR LESS
LOWEST: 52 ON 30 3 = THUNDER
SNOW, ICE PELLETS, HAIL 4 = ICE PELLETS
TOTAL MONTH: 0.0 INCH 5 = HAIL
GRTST 24HR 0.0 6 = FREEZING RAIN OR DRIZZLE
GRTST DEPTH: M ON M 7 = DUSTSTORM OR SANDSTORM:
VSBY 1/2 MILE OR LESS
8 = SMOKE OR HAZE
[NO. OF DAYS WITH] [WEATHER - DAYS WITH] 9 = BLOWING SNOW
X = TORNADO
MAX 32 OR BELOW: 0 0.01 INCH OR MORE: 2
MAX 90 OR ABOVE: 17 0.10 INCH OR MORE: 2
MIN 32 OR BELOW: 0 0.50 INCH OR MORE: 1
MIN 0 OR BELOW: 0 1.00 INCH OR MORE: 0
[HDD (BASE 65) ]
TOTAL THIS MO. 0 CLEAR (SCALE 0-3) 26
DPTR FM NORMAL -6 PTCLDY (SCALE 4-7) 3
TOTAL FM JUL 1 0 CLOUDY (SCALE 8-10) 1
DPTR FM NORMAL -3
[CDD (BASE 65) ]
TOTAL THIS MO. 371
DPTR FM NORMAL 136 [PRESSURE DATA]
TOTAL FM JAN 1 1862 HIGHEST SLP 30.12 ON 22
DPTR FM NORMAL 426 LOWEST SLP 29.44 ON 9
[REMARKS]
#FINAL-09-22#