000
CXUS56 KSTO 031729
CF6MYV
PRELIMINARY LOCAL CLIMATOLOGICAL DATA (WS FORM: F-6)
STATION: MARYSVILLE AIRPORT CA
MONTH: OCTOBER
YEAR: 2020
LATITUDE: 39 5 N
LONGITUDE: 121 34 W
TEMPERATURE IN F: :PCPN: SNOW: WIND :SUNSHINE: SKY :PK WND
================================================================================
1 2 3 4 5 6A 6B 7 8 9 10 11 12 13 14 15 16 17 18
12Z AVG MX 2MIN
DY MAX MIN AVG DEP HDD CDD WTR SNW DPTH SPD SPD DIR MIN PSBL S-S WX SPD DR
================================================================================
1 93 58 76 8 0 11 0.00 0.0 0 1.5 7 160 M M 10 8 8 280
2 92 56 74 6 0 9 0.00 0.0 0 2.7 8 300 M M 10 8 10 290
3 93 56 75 8 0 10 0.00 0.0 0 1.8 7 310 M M 10 8 9 290
4 92 53 73 6 0 8 0.00 0.0 0 2.4 9 180 M M 9 8 12 160
5 95 46 71 4 0 6 0.00 0.0 0 2.7 8 280 M M 0 18 12 310
6 94 55 75 8 0 10 0.00 0.0 0 3.0 8 360 M M 0 8 9 360
7 91 53 72 6 0 7 0.00 0.0 0 4.3 12 150 M M 0 8 15 140
8 76 55 66 0 0 1 0.00 0.0 0 6.1 12 160 M M 0 8 14 150
9 76 52 64 -2 1 0 0.00 0.0 0 5.5 12 150 M M 2 18 13 140
10 79 56 68 2 0 3 0.00 0.0 0 8.2 16 150 M M 1 20 150
11 83 54 69 4 0 4 0.00 0.0 0 6.8 18 340 M M 0 8 25 330
12 87 46 67 2 0 2 0.00 0.0 0 2.8 10 330 M M 0 8 16 330
13 91 49 70 5 0 5 0.00 0.0 0 2.5 12 320 M M 0 8 14 310
14 93 56 75 11 0 10 0.00 0.0 0 12.3 26 330 M M 0 38 330
15 94 65 80 16 0 15 0.00 0.0 0 11.8 25 340 M M 0 8 35 350
16 96 59 78 14 0 13 0.00 0.0 0 7.4 15 320 M M 0 20 320
17 93 49 71 7 0 6 0.00 0.0 0 2.6 7 80 M M 0 10 140
18 92 52 72 9 0 7 0.00 0.0 0 1.9 8 60 M M 0 8 10 310
19 89 50 70 7 0 5 0.00 0.0 0 3.4 9 240 M M 0 8 12 320
20 90 50 70 8 0 5 0.00 0.0 0 2.3 7 160 M M 0 11 290
21 87 49 68 6 0 3 0.00 0.0 0 1.4 8 330 M M 0 10 230
22 80 53 67 5 0 2 0.00 0.0 0 11.0 23 340 M M 3 8 27 350
23 79 45 62 1 3 0 0.00 0.0 0 3.5 12 340 M M 0 14 340
24 75 42 59 -2 6 0 0.00 0.0 0 5.4 14 150 M M 0 18 160
25 70 50 60 -1 5 0 0.00 0.0 0 12.4 29 330 M M 1 8 38 320
26 76 48 62 2 3 0 0.00 0.0 0 16.4 25 340 M M 0 33 340
27 80 43 62 2 3 0 0.00 0.0 0 4.8 14 350 M M 0 8 18 340
28 76 38 57 -3 8 0 0.00 0.0 0 1.1 8 250 M M 2 8 10 250
29 78 39 59 0 6 0 0.00 0.0 0 0.9 7 180 M M 0 8 10 210
30 79 40 60 1 5 0 0.00 0.0 0 1.7 7 310 M M 2 8 9 330
31 80 40 60 2 5 0 0.00 0.0 0 1.2 7 300 M M 0 10 320
================================================================================
SM 2649 1557 45 142 0.00 0.0 151.8 M 50
================================================================================
AV 85.5 50.2 4.9 FASTST M M 2 MAX(MPH)
MISC ----> # 29 330 # 38 330
================================================================================
NOTES:
# LAST OF SEVERAL OCCURRENCES
COLUMN 17 PEAK WIND IN M.P.H.
PRELIMINARY LOCAL CLIMATOLOGICAL DATA (WS FORM: F-6) , PAGE 2
STATION: MARYSVILLE AIRPORT CA
MONTH: OCTOBER
YEAR: 2020
LATITUDE: 39 5 N
LONGITUDE: 121 34 W
[TEMPERATURE DATA] [PRECIPITATION DATA] SYMBOLS USED IN COLUMN 16
AVERAGE MONTHLY: 67.8 TOTAL FOR MONTH: 0.00 1 = FOG OR MIST
DPTR FM NORMAL: 4.2 DPTR FM NORMAL: -1.48 2 = FOG REDUCING VISIBILITY
HIGHEST: 96 ON 16 GRTST 24HR 0.00 ON 31-31 TO 1/4 MILE OR LESS
LOWEST: 38 ON 28 3 = THUNDER
SNOW, ICE PELLETS, HAIL 4 = ICE PELLETS
TOTAL MONTH: 0.0 INCH 5 = HAIL
GRTST 24HR 0.0 6 = FREEZING RAIN OR DRIZZLE
GRTST DEPTH: 0 7 = DUSTSTORM OR SANDSTORM:
VSBY 1/2 MILE OR LESS
8 = SMOKE OR HAZE
[NO. OF DAYS WITH] [WEATHER - DAYS WITH] 9 = BLOWING SNOW
X = TORNADO
MAX 32 OR BELOW: 0 0.01 INCH OR MORE: 0
MAX 90 OR ABOVE: 14 0.10 INCH OR MORE: 0
MIN 32 OR BELOW: 0 0.50 INCH OR MORE: 0
MIN 0 OR BELOW: 0 1.00 INCH OR MORE: 0
[HDD (BASE 65) ]
TOTAL THIS MO. 45 CLEAR (SCALE 0-3) 26
DPTR FM NORMAL -52 PTCLDY (SCALE 4-7) 1
TOTAL FM JUL 1 45 CLOUDY (SCALE 8-10) 4
DPTR FM NORMAL -61
[CDD (BASE 65) ]
TOTAL THIS MO. 142
DPTR FM NORMAL 91 [PRESSURE DATA]
TOTAL FM JAN 1 1944 HIGHEST SLP M ON M
DPTR FM NORMAL 588 LOWEST SLP 29.72 ON 21
[REMARKS]
#FINAL-10-20#