000
CXUS53 KBIS 010930
CF6N60
PRELIMINARY LOCAL CLIMATOLOGICAL DATA (WS FORM: F-6)
STATION: GARRISON (AMOS) ND
MONTH: FEBRUARY
YEAR: 2024
LATITUDE: 47 39 N
LONGITUDE: 101 23 W
TEMPERATURE IN F: :PCPN: SNOW: WIND :SUNSHINE: SKY :PK WND
================================================================================
1 2 3 4 5 6A 6B 7 8 9 10 11 12 13 14 15 16 17 18
12Z AVG MX 2MIN
DY MAX MIN AVG DEP HDD CDD WTR SNW DPTH SPD SPD DIR MIN PSBL S-S WX SPD DR
================================================================================
1 48 25 37 26 28 0 0.00 M M 7.0 15 140 M M 0 19 140
2 37 29 33 22 32 0 0.00 M M 11.6 17 140 M M 0 23 130
3 37 34 36 24 29 0 T M M 9.5 21 160 M M 0 26 170
4 38 32 35 23 30 0 T M M 6.6 12 110 M M 0 15 100
5 37 32 35 23 30 0 T M M 7.3 13 180 M M 0 16 180
6 37 31 34 22 31 0 T M M 6.1 20 90 M M 0 25 90
7 32 30 31 19 34 0 0.10 M M 11.5 21 70 M M 0 30 70
8 31 25 28 16 37 0 0.07 M M 18.1 26 320 M M 0 36 340
9 27 23 25 12 40 0 0.00 M M 14.6 26 320 M M 0 34 320
10 26 4 15 2 50 0 0.01 M M 10.4 20 310 M M 0 28 300
11 37 4 21 8 44 0 0.00 M M 10.3 25 300 M M 0 33 310
12 37 18 28 14 37 0 0.00 M M 6.2 14 310 M M 0 21 290
13 35 17 26 12 39 0 0.02 M M 10.4 26 300 M M 0 36 280
14 26 8 17 3 48 0 0.00 M M 10.2 22 300 M M 0 27 300
15 23 -1 11 -3 54 0 T M M 9.8 21 340 M M 0 26 330
16 21 -4 9 -6 56 0 0.00 M M 13.9 28 300 M M 0 38 280
17 38 13 26 11 39 0 0.00 M M 20.2 35 280 M M 0 47 270
18 36 8 22 7 43 0 0.00 M M 5.7 16 310 M M 0 22 310
19 39 10 25 9 40 0 0.00 M M 5.5 15 270 M M 0 20 270
20 40 7 24 8 41 0 0.00 M M 2.6 10 230 M M 0 14 240
21 52 19 36 20 29 0 0.00 M M 5.4 16 320 M M 0 21 290
22 51 25 38 21 27 0 0.00 M M 13.3 22 270 M M 0 31 280
23 37 23 30 13 35 0 0.00 M M 6.9 14 340 M M 0 19 290
24 50 26 38 20 27 0 0.00 M M 10.6 24 280 M M 0 34 280
25 36 22 29 11 36 0 0.01 M M 7.3 20 150 M M 0 29 170
26 58 11 35 17 30 0 M M M 12.5 29 340 M M 0 39 360
27 11 -5 3 -16 62 0 M M M 16.3 29 340 M M 0 36 350
28 17 -9 4 -15 61 0 0.00 M M 7.0 16 100 M M 0 20 100
29 50 9 30 10 35 0 0.00 M M 6.9 16 170 M M 0 23 180
================================================================================
SM 1044 466 1124 0 0.21 M 283.7 M 0
================================================================================
AV 36.0 16.1 9.8 FASTST M M 0 MAX(MPH)
MISC ----> 35 280 47 270
================================================================================
NOTES:
# LAST OF SEVERAL OCCURRENCES
COLUMN 17 PEAK WIND IN M.P.H.
PRELIMINARY LOCAL CLIMATOLOGICAL DATA (WS FORM: F-6) , PAGE 2
STATION: GARRISON (AMOS) ND
MONTH: FEBRUARY
YEAR: 2024
LATITUDE: 47 39 N
LONGITUDE: 101 23 W
[TEMPERATURE DATA] [PRECIPITATION DATA] SYMBOLS USED IN COLUMN 16
AVERAGE MONTHLY: 26.0 TOTAL FOR MONTH: 0.21 1 = FOG OR MIST
DPTR FM NORMAL: 11.4 DPTR FM NORMAL: -0.28 2 = FOG REDUCING VISIBILITY
HIGHEST: 58 ON 26 GRTST 24HR 0.15 ON 7- 8 TO 1/4 MILE OR LESS
LOWEST: -9 ON 28 3 = THUNDER
SNOW, ICE PELLETS, HAIL 4 = ICE PELLETS
TOTAL MONTH: M 5 = HAIL
GRTST 24HR M ON M 6 = FREEZING RAIN OR DRIZZLE
GRTST DEPTH: M ON M 7 = DUSTSTORM OR SANDSTORM:
VSBY 1/2 MILE OR LESS
8 = SMOKE OR HAZE
[NO. OF DAYS WITH] [WEATHER - DAYS WITH] 9 = BLOWING SNOW
X = TORNADO
MAX 32 OR BELOW: 9 0.01 INCH OR MORE: 5
MAX 90 OR ABOVE: 0 0.10 INCH OR MORE: 1
MIN 32 OR BELOW: 28 0.50 INCH OR MORE: 0
MIN 0 OR BELOW: 4 1.00 INCH OR MORE: 0
[HDD (BASE 65) ]
TOTAL THIS MO. 1124 CLEAR (SCALE 0-3) 29
DPTR FM NORMAL -287 PTCLDY (SCALE 4-7) 0
TOTAL FM JUL 1 5490 CLOUDY (SCALE 8-10) 0
DPTR FM NORMAL -1287
[CDD (BASE 65) ]
TOTAL THIS MO. 0
DPTR FM NORMAL 0 [PRESSURE DATA]
TOTAL FM JAN 1 0 HIGHEST SLP 30.55 ON 16
DPTR FM NORMAL 0 LOWEST SLP 29.28 ON 26
[REMARKS]
#FINAL-02-24#