000
CXUS55 KPSR 011005
CF6NYL
PRELIMINARY LOCAL CLIMATOLOGICAL DATA (WS FORM: F-6)
STATION: YUMA AZ
MONTH: NOVEMBER
YEAR: 2021
LATITUDE: 32 39 N
LONGITUDE: 114 37 W
TEMPERATURE IN F: :PCPN: SNOW: WIND :SUNSHINE: SKY :PK WND
================================================================================
1 2 3 4 5 6A 6B 7 8 9 10 11 12 13 14 15 16 17 18
12Z AVG MX 2MIN
DY MAX MIN AVG DEP HDD CDD WTR SNW DPTH SPD SPD DIR MIN PSBL S-S WX SPD DR
================================================================================
1 86 62 74 2 0 9 0.00 M M 3.5 9 280 M M 4 14 290
2 85 61 73 1 0 8 0.00 M M 3.1 9 290 M M 1 11 310
3 89 59 74 3 0 9 0.00 M M 3.9 14 350 M M 0 18 350
4 92 60 76 5 0 11 0.00 M M 4.1 14 40 M M 0 16 30
5 92 62 77 7 0 12 0.00 M M 4.2 14 20 M M 2 17 20
6 89 60 75 5 0 10 0.00 M M 3.5 9 210 M M 0 13 150
7 85 61 73 3 0 8 0.00 M M 3.6 12 150 M M 0 13 150
8 84 57 71 2 0 6 0.00 M M 4.3 12 140 M M 0 15 140
9 84 61 73 4 0 8 0.00 M M 4.2 12 260 M M 2 15 290
10 87 59 73 5 0 8 0.00 M M 6.0 16 350 M M 0 22 320
11 87 62 75 7 0 10 0.00 M M 9.6 22 350 M M 0 27 340
12 89 62 76 8 0 11 0.00 M M 7.5 18 30 M M 0 25 20
13 90 59 75 8 0 10 0.00 M M 4.5 12 30 M M 0 14 40
14 90 59 75 8 0 10 0.00 M M 5.2 16 30 M M 0 20 30
15 90 58 74 8 0 9 0.00 M M 4.1 14 20 M M 0 16 20
16 85 56 71 5 0 6 0.00 M M 2.3 8 160 M M 4 9 210
17 83 58 71 6 0 6 0.00 M M 3.9 10 30 M M 2 13 30
18 84 58 71 6 0 6 0.00 M M 7.6 18 30 M M 3 21 30
19 83 56 70 5 0 5 0.00 M M 3.5 12 10 M M 3 14 10
20 82 54 68 4 0 3 0.00 M M 4.1 9 360 M M 0 11 350
21 81 62 72 8 0 7 0.00 M M 11.5 22 10 M M 0 27 20
22 80 60 70 7 0 5 0.00 M M 9.2 18 20 M M 3 23 20
23 79 62 71 8 0 6 0.00 M M 4.1 10 310 M M 6 14 260
24 77 53 65 3 0 0 0.00 M M 9.2 22 350 M M 2 29 350
25 74 58 66 4 0 1 0.00 M M 15.5 30 20 M M 0 8 38 20
26 77 55 66 4 0 1 0.00 M M 10.1 21 10 M M 0 29 360
27 80 49 65 4 0 0 0.00 M M 3.2 10 340 M M 0 14 330
28 80 50 65 4 0 0 0.00 M M 5.9 16 20 M M 0 20 20
29 85 49 67 7 0 2 0.00 M M 4.9 14 40 M M 0 16 40
30 83 55 69 9 0 4 0.00 M M 6.2 16 30 M M 1 20 30
================================================================================
SM 2532 1737 0 191 0.00 M 172.5 M 33
================================================================================
AV 84.4 57.9 5.7 FASTST M M 1 MAX(MPH)
MISC ----> 30 20 38 20
================================================================================
NOTES:
# LAST OF SEVERAL OCCURRENCES
COLUMN 17 PEAK WIND IN M.P.H.
PRELIMINARY LOCAL CLIMATOLOGICAL DATA (WS FORM: F-6) , PAGE 2
STATION: YUMA AZ
MONTH: NOVEMBER
YEAR: 2021
LATITUDE: 32 39 N
LONGITUDE: 114 37 W
[TEMPERATURE DATA] [PRECIPITATION DATA] SYMBOLS USED IN COLUMN 16
AVERAGE MONTHLY: 71.2 TOTAL FOR MONTH: 0.00 1 = FOG OR MIST
DPTR FM NORMAL: 5.1 DPTR FM NORMAL: -0.23 2 = FOG REDUCING VISIBILITY
HIGHEST: 92 ON 5, 4 GRTST 24HR 0.00 ON 1- 1 TO 1/4 MILE OR LESS
LOWEST: 49 ON 29,27 3 = THUNDER
SNOW, ICE PELLETS, HAIL 4 = ICE PELLETS
TOTAL MONTH: M 5 = HAIL
GRTST 24HR M ON M 6 = FREEZING RAIN OR DRIZZLE
GRTST DEPTH: M ON M 7 = DUSTSTORM OR SANDSTORM:
VSBY 1/2 MILE OR LESS
8 = SMOKE OR HAZE
[NO. OF DAYS WITH] [WEATHER - DAYS WITH] 9 = BLOWING SNOW
X = TORNADO
MAX 32 OR BELOW: 0 0.01 INCH OR MORE: 0
MAX 90 OR ABOVE: 5 0.10 INCH OR MORE: 0
MIN 32 OR BELOW: 0 0.50 INCH OR MORE: 0
MIN 0 OR BELOW: 0 1.00 INCH OR MORE: 0
[HDD (BASE 65) ]
TOTAL THIS MO. 0 CLEAR (SCALE 0-3) 26
DPTR FM NORMAL -64 PTCLDY (SCALE 4-7) 4
TOTAL FM JUL 1 0 CLOUDY (SCALE 8-10) 0
DPTR FM NORMAL -66
[CDD (BASE 65) ]
TOTAL THIS MO. 191
DPTR FM NORMAL 96 [PRESSURE DATA]
TOTAL FM JAN 1 4838 HIGHEST SLP 30.26 ON 25
DPTR FM NORMAL 136 LOWEST SLP 29.81 ON 16
[REMARKS]
#FINAL-11-21#