000
CXUS56 KMTR 012142
CF6OAK
PRELIMINARY LOCAL CLIMATOLOGICAL DATA (WS FORM: F-6)
STATION: OAKLAND AIRPORT
MONTH: MARCH
YEAR: 2021
LATITUDE: 37 43 N
LONGITUDE: 122 13 W
TEMPERATURE IN F: :PCPN: SNOW: WIND :SUNSHINE: SKY :PK WND
================================================================================
1 2 3 4 5 6A 6B 7 8 9 10 11 12 13 14 15 16 17 18
12Z AVG MX 2MIN
DY MAX MIN AVG DEP HDD CDD WTR SNW DPTH SPD SPD DIR MIN PSBL S-S WX SPD DR
================================================================================
1 70 43 57 4 8 0 0.00 M M 5.2 12 320 M M 1 14 360
2 66 45 56 3 9 0 0.00 M M 6.2 15 290 M M 8 18 280
3 64 47 56 3 9 0 0.00 M M 7.8 21 270 M M 7 26 270
4 65 44 55 2 10 0 0.00 M M 5.3 14 310 M M 2 22 230
5 67 43 55 1 10 0 0.15 M M 9.5 45 280 M M 5 51 280
6 61 44 53 -1 12 0 0.02 M M 9.8 20 290 M M 5 23 290
7 63 41 52 -2 13 0 0.00 M M 9.0 20 250 M M 2 22 250
8 62 52 57 3 8 0 0.00 M M 12.3 20 260 M M 7 23 270
9 62 49 56 2 9 0 0.16 M M 12.6 30 210 M M 8 34 210
10 56 45 51 -3 14 0 0.66 M M 9.9 25 170 M M 8 13 31 170
11 60 45 53 -1 12 0 0.06 M M 9.0 22 290 M M 7 28 280
12 65 43 54 0 11 0 0.00 M M 8.0 18 290 M M 1 20 280
13 59 52 56 2 9 0 0.00 M M 14.0 22 260 M M 8 25 260
14 62 49 56 2 9 0 0.18 M M 14.3 29 290 M M 10 34 280
15 59 47 53 -1 12 0 T M M 13.6 28 290 M M 5 33 290
16 59 40 50 -4 15 0 0.00 M M 8.5 17 270 M M 2 20 280
17 59 43 51 -3 14 0 T M M 5.8 10 230 M M 7 16 230
18 59 52 56 2 9 0 0.39 M M 9.2 20 140 M M 9 1 22 150
19 64 49 57 3 8 0 0.00 M M 8.5 23 280 M M 7 1 26 280
20 59 44 52 -3 13 0 0.00 M M 10.7 24 280 M M 2 27 280
21 64 39 52 -3 13 0 0.00 M M 7.5 20 280 M M 1 23 280
22 63 43 53 -2 12 0 0.00 M M 10.5 24 280 M M 5 8 29 300
23 69 48 59 4 6 0 0.00 M M 13.4 28 40 M M 1 35 30
24 66 49 58 3 7 0 0.00 M M 9.3 23 270 M M 5 27 260
25 61 47 54 -1 11 0 0.00 M M 11.4 25 280 M M 4 29 280
26 67 40 54 -1 11 0 0.00 M M 5.4 14 290 M M 0 18 270
27 74 44 59 4 6 0 0.00 M M 4.7 13 300 M M 0 17 300
28 72 45 59 4 6 0 0.00 M M 6.4 17 280 M M 1 19 290
29 62 44 53 -3 12 0 0.00 M M 8.1 17 250 M M 1 1 M M
30 74 42 58 2 7 0 0.00 M M 5.4 15 270 M M 0 20 230
31 82 52 67 11 0 2 0.00 M M 5.3 12 290 M M 0 14 70
================================================================================
SM 1995 1410 305 2 1.62 M 276.6 M 129
================================================================================
AV 64.4 45.5 8.9 FASTST M M 4 MAX(MPH)
MISC ----> 45 280 51 280
================================================================================
NOTES:
# LAST OF SEVERAL OCCURRENCES
COLUMN 17 PEAK WIND IN M.P.H.
PRELIMINARY LOCAL CLIMATOLOGICAL DATA (WS FORM: F-6) , PAGE 2
STATION: OAKLAND AIRPORT
MONTH: MARCH
YEAR: 2021
LATITUDE: 37 43 N
LONGITUDE: 122 13 W
[TEMPERATURE DATA] [PRECIPITATION DATA] SYMBOLS USED IN COLUMN 16
AVERAGE MONTHLY: 54.9 TOTAL FOR MONTH: 1.62 1 = FOG OR MIST
DPTR FM NORMAL: 0.5 DPTR FM NORMAL: -1.46 2 = FOG REDUCING VISIBILITY
HIGHEST: 82 ON 31 GRTST 24HR 0.69 ON 10-11 TO 1/4 MILE OR LESS
LOWEST: 39 ON 21 3 = THUNDER
SNOW, ICE PELLETS, HAIL 4 = ICE PELLETS
TOTAL MONTH: M 5 = HAIL
GRTST 24HR M ON M 6 = FREEZING RAIN OR DRIZZLE
GRTST DEPTH: M ON M 7 = DUSTSTORM OR SANDSTORM:
VSBY 1/2 MILE OR LESS
8 = SMOKE OR HAZE
[NO. OF DAYS WITH] [WEATHER - DAYS WITH] 9 = BLOWING SNOW
X = TORNADO
MAX 32 OR BELOW: 0 0.01 INCH OR MORE: 7
MAX 90 OR ABOVE: 0 0.10 INCH OR MORE: 5
MIN 32 OR BELOW: 0 0.50 INCH OR MORE: 1
MIN 0 OR BELOW: 0 1.00 INCH OR MORE: 0
[HDD (BASE 65) ]
TOTAL THIS MO. 305 CLEAR (SCALE 0-3) 14
DPTR FM NORMAL -26 PTCLDY (SCALE 4-7) 14
TOTAL FM JUL 1 1599 CLOUDY (SCALE 8-10) 3
DPTR FM NORMAL -755
[CDD (BASE 65) ]
TOTAL THIS MO. 2
DPTR FM NORMAL 1 [PRESSURE DATA]
TOTAL FM JAN 1 5 HIGHEST SLP 30.35 ON 13
DPTR FM NORMAL 4 LOWEST SLP 29.74 ON 3
[REMARKS]
#FINAL-03-21#