786
CXUS53 KOAX 102008
CF6OAX
PRELIMINARY LOCAL CLIMATOLOGICAL DATA (WS FORM: F-6)
STATION: VALLEY NWS NE
MONTH: MAY
YEAR: 2020
LATITUDE: 41 19 N
LONGITUDE: 96 22 W
TEMPERATURE IN F: :PCPN: SNOW: WIND :SUNSHINE: SKY :PK WND
================================================================================
1 2 3 4 5 6A 6B 7 8 9 10 11 12 13 14 15 16 17 18
12Z AVG MX 2MIN
DY MAX MIN AVG DEP HDD CDD WTR SNW DPTH SPD SPD DIR MIN PSBL S-S WX SPD DR
================================================================================
1 89 58 74 18 0 9 0.00 0.0 0 M M M M M M 29 M
2 71 55 63 6 2 0 0.02 0.0 0 M M M M M M 24 M
3 76 54 65 8 0 0 0.02 0.0 0 M M M M M M 12 M
4 62 50 56 -2 9 0 0.22 0.0 0 M M M M M M 23 M
5 63 45 54 -4 11 0 T 0.0 0 M M M M M M 48 M
6 62 44 53 -5 12 0 0.01 0.0 0 M M M M M M 23 M
7 58 41 50 -9 15 0 0.34 0.0 0 M M M M M M 21 M
8 58 37 48 -11 17 0 0.02 0.0 0 M M M M M M 28 M
9 67 39 53 -7 12 0 0.01 0.0 0 M M M M M M 8 43 M
10 56 37 47 -13 18 0 0.00 0.0 0 M M M M M M 40 M
11 54 38 46 -14 19 0 0.00 0.0 0 M M M M M M 20 M
12 60 45 53 -8 12 0 0.00 0.0 0 M M M M M M 18 M
13 55 47 51 -10 14 0 0.12 0.0 0 M M M M M M 25 M
14 73 55 64 2 1 0 T 0.0 0 M M M M M M 16 M
15 78 52 65 3 0 0 0.00 0.0 0 M M M M M M 18 M
16 73 53 63 1 2 0 0.07 0.0 0 M M M M M M 21 M
17 63 54 59 -4 6 0 0.00 0.0 0 M M M M M M 39 M
18 60 53 57 -6 8 0 0.00 0.0 0 M M M M M M 24 M
19 65 54 60 -3 5 0 T 0.0 0 M M M M M M 18 M
20 70 58 64 0 1 0 T 0.0 0 M M M M M M 23 M
21 71 59 65 1 0 0 0.08 0.0 0 M M M M M M 22 M
22 67 60 64 0 1 0 0.09 0.0 0 M M M M M M 17 M
23 80 58 69 4 0 4 0.00 0.0 0 M M M M M M 18 M
24 78 61 70 5 0 5 0.80 0.0 0 M M M M M M 3 71 M
25 66 61 64 -2 1 0 0.27 0.0 0 M M M M M M 1 21 M
26 68 60 64 -2 1 0 0.49 0.0 0 M M M M M M 1 26 M
27 73 60 67 1 0 2 T 0.0 0 M M M M M M 1 25 M
28 83 59 71 4 0 6 0.00 0.0 0 M M M M M M 35 M
29 78 53 66 -1 0 1 0.00 0.0 0 M M M M M M 26 M
30 63 55 59 -8 6 0 0.66 0.0 0 M M M M M M 10 M
31 78 57 68 0 0 3 0.10 0.0 0 M M M M M M 31 M
================================================================================
SM 2118 1612 173 30 3.32 0.0 M M M
================================================================================
AV 68.3 52.0 M FASTST M M 0 MAX(MPH)
MISC ----> M M 71 M
================================================================================
NOTES:
# LAST OF SEVERAL OCCURRENCES
COLUMN 17 PEAK WIND IN M.P.H.
PRELIMINARY LOCAL CLIMATOLOGICAL DATA (WS FORM: F-6) , PAGE 2
STATION: VALLEY NWS NE
MONTH: MAY
YEAR: 2020
LATITUDE: 41 19 N
LONGITUDE: 96 22 W
[TEMPERATURE DATA] [PRECIPITATION DATA] SYMBOLS USED IN COLUMN 16
AVERAGE MONTHLY: 60.2 TOTAL FOR MONTH: 3.32 1 = FOG OR MIST
DPTR FM NORMAL: -2.0 DPTR FM NORMAL: -1.26 2 = FOG REDUCING VISIBILITY
HIGHEST: 89 ON 1 GRTST 24HR 0.80 ON 24-24 TO 1/4 MILE OR LESS
LOWEST: 37 ON 10, 8 3 = THUNDER
SNOW, ICE PELLETS, HAIL 4 = ICE PELLETS
TOTAL MONTH: 0.0 INCH 5 = HAIL
GRTST 24HR 0.0 6 = FREEZING RAIN OR DRIZZLE
GRTST DEPTH: 0 7 = DUSTSTORM OR SANDSTORM:
VSBY 1/2 MILE OR LESS
8 = SMOKE OR HAZE
[NO. OF DAYS WITH] [WEATHER - DAYS WITH] 9 = BLOWING SNOW
X = TORNADO
MAX 32 OR BELOW: 0 0.01 INCH OR MORE: 16
MAX 90 OR ABOVE: 0 0.10 INCH OR MORE: 8
MIN 32 OR BELOW: 0 0.50 INCH OR MORE: 2
MIN 0 OR BELOW: 0 1.00 INCH OR MORE: 0
[HDD (BASE 65) ]
TOTAL THIS MO. 173 CLEAR (SCALE 0-3) 0
DPTR FM NORMAL 21 PTCLDY (SCALE 4-7) 0
TOTAL FM JUL 1 5746 CLOUDY (SCALE 8-10) 0
DPTR FM NORMAL -504
[CDD (BASE 65) ]
TOTAL THIS MO. 30
DPTR FM NORMAL -35 [PRESSURE DATA]
TOTAL FM JAN 1 36 HIGHEST SLP M ON M
DPTR FM NORMAL -36 LOWEST SLP M ON M
[REMARKS]
#FINAL-05-20#