000
CXUS53 KGID 011601
CF6ODX
PRELIMINARY LOCAL CLIMATOLOGICAL DATA (WS FORM: F-6)
STATION: ORD NE
MONTH: SEPTEMBER
YEAR: 2020
LATITUDE: 41 37 N
LONGITUDE: 98 57 W
TEMPERATURE IN F: :PCPN: SNOW: WIND :SUNSHINE: SKY :PK WND
================================================================================
1 2 3 4 5 6A 6B 7 8 9 10 11 12 13 14 15 16 17 18
12Z AVG MX 2MIN
DY MAX MIN AVG DEP HDD CDD WTR SNW DPTH SPD SPD DIR MIN PSBL S-S WX SPD DR
================================================================================
1 81 54 68 -2 0 3 T M M 4.9 17 260 M M 3 23 250
2 88 47 68 -1 0 3 0.00 M M 6.9 16 170 M M 0 22 170
3 77 51 64 -5 1 0 0.00 M M 10.2 24 340 M M 0 37 340
4 89 48 69 0 0 4 0.00 M M 4.4 15 260 M M 0 21 230
5 96 52 74 6 0 9 0.00 M M 8.7 22 180 M M 0 32 200
6 93 63 78 10 0 13 0.00 M M 8.5 18 200 M M 0 28 200
7 72 48 60 -8 5 0 0.00 M M 12.7 28 10 M M 4 38 10
8 48 39 44 -23 21 0 0.43 M M 15.1 28 40 M M 10 13 40 40
9 49 39 44 -23 21 0 0.04 M M 8.5 16 10 M M 10 23 360
10 59 44 52 -14 13 0 0.00 M M 3.5 9 120 M M 10 13 50
11 60 51 56 -10 9 0 0.03 M M 5.2 9 150 M M 9 1 14 140
12 72 46 59 -6 6 0 0.00 M M 6.8 18 330 M M 4 1 26 330
13 87 42 65 0 0 0 0.00 M M 2.8 10 200 M M 0 1 17 190
14 83 47 65 1 0 0 0.00 M M 6.7 17 170 M M 0 1 25 170
15 85 52 69 5 0 4 0.00 M M 9.4 20 190 M M 0 27 220
16 72 46 59 -5 6 0 0.00 M M 8.5 20 10 M M 0 1 28 10
17 75 39 57 -6 8 0 0.00 M M 5.2 16 190 M M 0 1 20 170
18 70 47 59 -4 6 0 0.00 M M 8.2 17 140 M M 2 26 150
19 78 53 66 4 0 1 0.00 M M 12.7 25 180 M M 0 37 170
20 83 60 72 10 0 7 0.00 M M 11.5 21 190 M M 0 28 180
21 83 58 71 10 0 6 0.07 M M 9.5 21 190 M M 0 13 29 180
22 86 52 69 8 0 4 0.00 M M 7.5 18 180 M M 0 1 26 170
23 86 52 69 9 0 4 0.00 M M 7.6 20 200 M M 0 12 26 200
24 86 50 68 8 0 3 0.00 M M 3.1 9 140 M M 0 8 13 140
25 82 48 65 6 0 0 0.00 M M 4.7 18 350 M M 0 1 26 350
26 83 50 67 8 0 2 0.00 M M 5.3 22 360 M M 0 18 31 360
27 70 42 56 -2 9 0 T M M 10.3 26 310 M M 5 37 340
28 66 37 52 -6 13 0 0.00 M M 12.8 32 330 M M 2 42 330
29 83 31 57 0 8 0 0.00 M M 6.1 24 310 M M 0 33 300
30 68 38 53 -4 12 0 0.00 M M 13.5 30 330 M M 0 43 330
================================================================================
SM 2310 1426 138 63 0.57 M 240.8 M 59
================================================================================
AV 77.0 47.5 8.0 FASTST M M 2 MAX(MPH)
MISC ----> # 32 330 # 43 330
================================================================================
NOTES:
# LAST OF SEVERAL OCCURRENCES
COLUMN 17 PEAK WIND IN M.P.H.
PRELIMINARY LOCAL CLIMATOLOGICAL DATA (WS FORM: F-6) , PAGE 2
STATION: ORD NE
MONTH: SEPTEMBER
YEAR: 2020
LATITUDE: 41 37 N
LONGITUDE: 98 57 W
[TEMPERATURE DATA] [PRECIPITATION DATA] SYMBOLS USED IN COLUMN 16
AVERAGE MONTHLY: 62.3 TOTAL FOR MONTH: 0.57 1 = FOG OR MIST
DPTR FM NORMAL: -1.3 DPTR FM NORMAL: -1.87 2 = FOG REDUCING VISIBILITY
HIGHEST: 96 ON 5 GRTST 24HR 0.43 ON 8- 8 TO 1/4 MILE OR LESS
LOWEST: 31 ON 29 3 = THUNDER
SNOW, ICE PELLETS, HAIL 4 = ICE PELLETS
TOTAL MONTH: M 5 = HAIL
GRTST 24HR M ON M 6 = FREEZING RAIN OR DRIZZLE
GRTST DEPTH: M ON M 7 = DUSTSTORM OR SANDSTORM:
VSBY 1/2 MILE OR LESS
8 = SMOKE OR HAZE
[NO. OF DAYS WITH] [WEATHER - DAYS WITH] 9 = BLOWING SNOW
X = TORNADO
MAX 32 OR BELOW: 0 0.01 INCH OR MORE: 4
MAX 90 OR ABOVE: 2 0.10 INCH OR MORE: 1
MIN 32 OR BELOW: 1 0.50 INCH OR MORE: 0
MIN 0 OR BELOW: 0 1.00 INCH OR MORE: 0
[HDD (BASE 65) ]
TOTAL THIS MO. 138 CLEAR (SCALE 0-3) 23
DPTR FM NORMAL 15 PTCLDY (SCALE 4-7) 3
TOTAL FM JUL 1 138 CLOUDY (SCALE 8-10) 4
DPTR FM NORMAL 1
[CDD (BASE 65) ]
TOTAL THIS MO. 63
DPTR FM NORMAL -18 [PRESSURE DATA]
TOTAL FM JAN 1 945 HIGHEST SLP 30.47 ON 09
DPTR FM NORMAL 107 LOWEST SLP 29.57 ON 26
[REMARKS]
#FINAL-09-20#