000
CXHW52 PHFO 011625
CLMOGG
CLIMATE REPORT
NATIONAL WEATHER SERVICE HONOLULU HI
625 AM HST THU FEB 01 2024
...................................
...THE KAHULUI HI CLIMATE SUMMARY FOR THE MONTH OF JANUARY 2024...
CLIMATE NORMAL PERIOD 1991 TO 2020
CLIMATE RECORD PERIOD 1954 TO 2024
WEATHER OBSERVED NORMAL DEPART LAST YEAR`S
VALUE DATE(S) VALUE FROM VALUE DATE(S)
NORMAL
................................................................
TEMPERATURE (F)
RECORD
HIGH 90 01/18/2006
01/10/1959
01/18/1952
LOW 48 01/20/1969
HIGHEST 87 01/06 80 7 87 01/18
LOWEST 55 01/14 63 -8 56 01/13
AVG. MAXIMUM 81.8 82.2 -0.4 81.6
AVG. MINIMUM 65.4 63.6 1.8 62.2
MEAN 73.6 72.9 0.7 71.9
DAYS MAX >= 93 0 0
DAYS MAX >= 90 0 0
DAYS MAX <= 80 10 6
DAYS MIN >= 72 3 0
DAYS MIN <= 60 1 1
DAYS MIN <= 55 1 0
PRECIPITATION (INCHES)
RECORD
MAXIMUM 14.46 1980
MINIMUM 0.00 2012
TOTALS 5.07 2.42 2.65 4.81
DAILY AVG. 0.16 0.08 0.09 0.16
DAYS >= .01 14 8.3 5.7 8
DAYS >= .10 5 4.0 1.0 5
DAYS >= .50 2 1.3 0.7 4
DAYS >= 1.00 2 0.6 1.4 3
GREATEST
24 HR. TOTAL 2.09 01/08 TO 01/09 2.63
DEGREE DAYS
HEATING TOTAL 0 0 0 0
SINCE 7/1 0 0 0 MM
COOLING TOTAL 274 245 29 216
SINCE 1/1 274 245 29 MM
................................................................
WIND (MPH)
AVERAGE WIND SPEED 11.7
HIGHEST WIND SPEED/DIRECTION 41/190 DATE 01/09
HIGHEST GUST SPEED/DIRECTION 53/180 DATE 01/09
SKY COVER
POSSIBLE SUNSHINE (PERCENT) MM
AVERAGE SKY COVER 0.38
NUMBER OF DAYS FAIR 16
NUMBER OF DAYS PC 13
NUMBER OF DAYS CLOUDY 2
AVERAGE RH (PERCENT) 76
WEATHER CONDITIONS. NUMBER OF DAYS WITH
THUNDERSTORM MM MIXED PRECIP MM
HEAVY RAIN 5 RAIN 6
LIGHT RAIN 13 FREEZING RAIN MM
LT FREEZING RAIN MM HAIL MM
HEAVY SNOW MM SNOW MM
LIGHT SNOW MM SLEET MM
FOG 11 FOG W/VIS <= 1/4 MILE MM
HAZE 2
- INDICATES NEGATIVE NUMBERS.
R INDICATES RECORD WAS SET OR TIED.
MM INDICATES DATA IS MISSING.
T INDICATES TRACE AMOUNT.
$$