000
CXUS53 KEAX 010736
CF6OJC
PRELIMINARY LOCAL CLIMATOLOGICAL DATA (WS FORM: F-6)
STATION: JOHNSON COUNTY EXECUTIVE KS
MONTH: APRIL
YEAR: 2022
LATITUDE: 38 50 N
LONGITUDE: 94 44 W
TEMPERATURE IN F: :PCPN: SNOW: WIND :SUNSHINE: SKY :PK WND
================================================================================
1 2 3 4 5 6A 6B 7 8 9 10 11 12 13 14 15 16 17 18
12Z AVG MX 2MIN
DY MAX MIN AVG DEP HDD CDD WTR SNW DPTH SPD SPD DIR MIN PSBL S-S WX SPD DR
================================================================================
1 58 27 43 -8 22 0 0.00 M M 7.2 17 170 M M 1 22 160
2 63 45 54 3 11 0 0.00 M M 9.2 22 320 M M 2 29 350
3 68 42 55 4 10 0 0.05 M M 9.7 21 160 M M 3 27 160
4 63 44 54 2 11 0 0.00 M M 6.5 14 30 M M 1 12 23 40
5 70 45 58 6 7 0 0.26 M M 11.0 26 320 M M 8 1 44 330
6 62 41 52 0 13 0 0.05 M M 13.2 29 330 M M 4 1 46 250
7 49 35 42 -10 23 0 0.02 M M 16.7 29 320 M M 6 44 300
8 52 33 43 -10 22 0 0.04 M M 13.6 24 320 M M 7 1 37 320
9 63 31 47 -6 18 0 0.00 M M 8.2 18 160 M M 0 25 160
10 79 51 65 12 0 0 0.00 M M 13.7 26 210 M M 0 41 210
11 67 50 59 5 6 0 0.03 M M 6.6 13 130 M M 4 3 18 120
12 83 50 67 13 0 2 0.00 M M 20.0 35 180 M M 6 13 54 180
13 71 37 54 0 11 0 0.14 M M 10.8 26 300 M M 6 13 39 310
14 62 34 48 -6 17 0 0.00 M M 9.8 22 260 M M 0 8 33 260
15 65 45 55 0 10 0 T M M 9.6 21 10 M M 2 27 50
16 56 39 48 -7 17 0 0.00 M M 12.4 25 20 M M 2 255 20
17 48 37 43 -12 22 0 0.25 M M 10.2 17 90 M M 10 1 27 90
18 57 35 46 -10 19 0 0.00 M M 9.5 21 320 M M 4 30 320
19 57 35 46 -10 19 0 0.01 M M 10.9 20 150 M M 4 3 28 130
20 61 52 57 1 8 0 0.00 M M 11.8 22 180 M M 10 12 30 180
21 77 45 61 5 4 0 0.09 M M 8.3 20 110 M M 5 1238 27 160
22 81 68 75 18 0 10 0.00 M M 18.9 29 190 M M 7 46 180
23 74 55 65 8 0 0 0.60 M M 22.1 35 200 M M 5 13 63 200
24 67 50 59 2 6 0 0.02 M M 8.2 20 340 M M 4 1 29 340
25 60 41 51 -7 14 0 0.00 M M 10.2 21 350 M M 1 29 360
26 65 35 50 -8 15 0 0.00 M M 4.6 15 160 M M 0 21 150
27 75 47 61 3 4 0 0.00 M M 12.3 24 180 M M 1 33 180
28 70 58 64 6 1 0 T M M 13.5 25 170 M M 6 3 34 160
29 74 56 65 6 0 0 1.50 M M 13.5 31 300 M M 7 13 54 310
30 62 54 58 -1 7 0 0.01 M M 12.8 29 130 M M 6 3 45 130
================================================================================
SM 1959 1317 317 12 3.07 M 345.0 M 122
================================================================================
AV 65.3 43.9 11.5 FASTST M M 4 MAX(MPH)
MISC ----> # 35 180 255 20
================================================================================
NOTES:
# LAST OF SEVERAL OCCURRENCES
COLUMN 17 PEAK WIND IN M.P.H.
PRELIMINARY LOCAL CLIMATOLOGICAL DATA (WS FORM: F-6) , PAGE 2
STATION: JOHNSON COUNTY EXECUTIVE KS
MONTH: APRIL
YEAR: 2022
LATITUDE: 38 50 N
LONGITUDE: 94 44 W
[TEMPERATURE DATA] [PRECIPITATION DATA] SYMBOLS USED IN COLUMN 16
AVERAGE MONTHLY: 54.6 TOTAL FOR MONTH: 3.07 1 = FOG OR MIST
DPTR FM NORMAL: -0.2 DPTR FM NORMAL: -0.80 2 = FOG REDUCING VISIBILITY
HIGHEST: 83 ON 12 GRTST 24HR 1.51 ON 29-30 TO 1/4 MILE OR LESS
LOWEST: 27 ON 1 3 = THUNDER
SNOW, ICE PELLETS, HAIL 4 = ICE PELLETS
TOTAL MONTH: M 5 = HAIL
GRTST 24HR M ON M 6 = FREEZING RAIN OR DRIZZLE
GRTST DEPTH: M ON M 7 = DUSTSTORM OR SANDSTORM:
VSBY 1/2 MILE OR LESS
8 = SMOKE OR HAZE
[NO. OF DAYS WITH] [WEATHER - DAYS WITH] 9 = BLOWING SNOW
X = TORNADO
MAX 32 OR BELOW: 0 0.01 INCH OR MORE: 14
MAX 90 OR ABOVE: 0 0.10 INCH OR MORE: 5
MIN 32 OR BELOW: 2 0.50 INCH OR MORE: 2
MIN 0 OR BELOW: 0 1.00 INCH OR MORE: 1
[HDD (BASE 65) ]
TOTAL THIS MO. 317 CLEAR (SCALE 0-3) 11
DPTR FM NORMAL -3 PTCLDY (SCALE 4-7) 16
TOTAL FM JUL 1 4255 CLOUDY (SCALE 8-10) 3
DPTR FM NORMAL -560
[CDD (BASE 65) ]
TOTAL THIS MO. 12
DPTR FM NORMAL -4 [PRESSURE DATA]
TOTAL FM JAN 1 12 HIGHEST SLP M ON M
DPTR FM NORMAL -7 LOWEST SLP 29.34 ON 12
[REMARKS]
#FINAL-04-22#