000
CXUS54 KOUN 010810
CF6OKC
PRELIMINARY LOCAL CLIMATOLOGICAL DATA (WS FORM: F-6)
STATION: OKLAHOMA CITY
MONTH: JULY
YEAR: 2023
LATITUDE: 35 24 N
LONGITUDE: 97 36 W
TEMPERATURE IN F: :PCPN: SNOW: WIND :SUNSHINE: SKY :PK WND
================================================================================
1 2 3 4 5 6A 6B 7 8 9 10 11 12 13 14 15 16 17 18
12Z AVG MX 2MIN
DY MAX MIN AVG DEP HDD CDD WTR SNW DPTH SPD SPD DIR MIN PSBL S-S WX SPD DR
================================================================================
1 91 70 81 1 0 16 T 0.0 0 8.0 17 300 M M 6 1 21 300
2 92 70 81 1 0 16 0.00 0.0 0 5.6 13 350 M M 2 15 350
3 97 70 84 4 0 19 0.85 0.0 0 10.2 31 70 M M 5 13 39 50
4 94 69 82 2 0 17 0.00 0.0 0 9.7 17 160 M M 3 22 160
5 87 73 80 -1 0 15 T 0.0 0 11.2 28 50 M M 6 3 35 50
6 85 69 77 -4 0 12 1.71 0.0 0 10.4 31 50 M M 7 123 36 50
7 82 66 74 -7 0 9 0.97 0.0 0 10.4 48 320 M M 8 13 61 320
8 88 68 78 -3 0 13 0.06 0.0 0 6.7 15 10 M M 6 13 20 360
9 82 66 74 -7 0 9 3.23 0.0 0 10.0 56 50 M M 6 135 70 40
10 88 65 77 -4 0 12 0.00 0.0 0 5.5 15 150 M M 3 1 19 160
11 91 67 79 -2 0 14 1.59 0.0 0 8.7 37 260 M M 6 13 49 260
12 94 74 84 2 0 19 T 0.0 0 11.5 20 170 M M 4 13 27 180
13 97 76 87 5 0 22 0.16 0.0 0 8.6 22 10 M M 5 13 27 20
14 93 77 85 3 0 20 T 0.0 0 9.6 22 140 M M 8 3 29 10
15 88 72 80 -2 0 15 0.01 0.0 0 9.0 22 30 M M 6 1 27 20
16 92 69 81 -1 0 16 0.00 0.0 0 6.0 17 180 M M 5 1 22 190
17 94 70 82 0 0 17 0.00 0.0 0 9.2 17 180 M M 5 1 23 200
18 99 75 87 5 0 22 0.00 0.0 0 12.3 25 210 M M 2 31 210
19 98 78 88 6 0 23 0.00 0.0 0 11.1 20 230 M M 5 26 210
20 94 74 84 2 0 19 0.00 0.0 0 7.8 16 340 M M 6 19 340
21 86 71 79 -3 0 14 0.00 0.0 0 11.2 36 340 M M 7 8 43 330
22 88 67 78 -4 0 13 0.00 0.0 0 5.0 10 50 M M 2 14 70
23 92 64 78 -4 0 13 0.00 0.0 0 7.7 14 220 M M 1 18 200
24 96 67 82 0 0 17 0.00 0.0 0 11.5 18 200 M M 2 1 24 170
25 100 71 86 4 0 21 0.00 0.0 0 12.0 21 190 M M 4 28 220
26 98 76 87 5 0 22 0.00 0.0 0 11.5 21 210 M M 4 26 180
27 97 69 83 0 0 18 0.00 0.0 0 11.3 20 180 M M 4 24 180
28 98 75 87 4 0 22 0.00 0.0 M 11.5 22 210 M M 5 27 200
29 98 71 85 2 0 20 0.00 0.0 0 8.3 16 200 M M 5 8 20 210
30 98 70 84 2 0 19 0.00 0.0 0 7.0 14 180 M M 1 17 180
31 100 70 85 3 0 20 0.00 0.0 0 9.9 17 150 M M 5 23 190
================================================================================
SM 2877 2189 0 524 8.58 0.0 288.4 M 144
================================================================================
AV 92.8 70.6 9.3 FASTST M M 5 MAX(MPH)
MISC ----> 56 50 70 40
================================================================================
NOTES:
# LAST OF SEVERAL OCCURRENCES
COLUMN 17 PEAK WIND IN M.P.H.
PRELIMINARY LOCAL CLIMATOLOGICAL DATA (WS FORM: F-6) , PAGE 2
STATION: OKLAHOMA CITY
MONTH: JULY
YEAR: 2023
LATITUDE: 35 24 N
LONGITUDE: 97 36 W
[TEMPERATURE DATA] [PRECIPITATION DATA] SYMBOLS USED IN COLUMN 16
AVERAGE MONTHLY: 81.7 TOTAL FOR MONTH: 8.58 1 = FOG OR MIST
DPTR FM NORMAL: 0.0 DPTR FM NORMAL: 4.99 2 = FOG REDUCING VISIBILITY
HIGHEST: 100 ON 31,25 GRTST 24HR 3.23 ON 9- 9 TO 1/4 MILE OR LESS
LOWEST: 64 ON 23 3 = THUNDER
SNOW, ICE PELLETS, HAIL 4 = ICE PELLETS
TOTAL MONTH: 0.0 INCH 5 = HAIL
GRTST 24HR 0.0 6 = FREEZING RAIN OR DRIZZLE
GRTST DEPTH: 0 7 = DUSTSTORM OR SANDSTORM:
VSBY 1/2 MILE OR LESS
8 = SMOKE OR HAZE
[NO. OF DAYS WITH] [WEATHER - DAYS WITH] 9 = BLOWING SNOW
X = TORNADO
MAX 32 OR BELOW: 0 0.01 INCH OR MORE: 8
MAX 90 OR ABOVE: 22 0.10 INCH OR MORE: 6
MIN 32 OR BELOW: 0 0.50 INCH OR MORE: 5
MIN 0 OR BELOW: 0 1.00 INCH OR MORE: 3
[HDD (BASE 65) ]
TOTAL THIS MO. 0 CLEAR (SCALE 0-3) 8
DPTR FM NORMAL 0 PTCLDY (SCALE 4-7) 23
TOTAL FM JUL 1 0 CLOUDY (SCALE 8-10) 0
DPTR FM NORMAL 0
[CDD (BASE 65) ]
TOTAL THIS MO. 524
DPTR FM NORMAL 6 [PRESSURE DATA]
TOTAL FM JAN 1 1080 HIGHEST SLP M ON M
DPTR FM NORMAL 10 LOWEST SLP 29.68 ON 12
[REMARKS]
#FINAL-07-23#