000
CXUS54 KOUN 010700
CF6OKC
PRELIMINARY LOCAL CLIMATOLOGICAL DATA (WS FORM: F-6)
STATION: OKLAHOMA CITY
MONTH: JULY
YEAR: 2020
LATITUDE: 35 24 N
LONGITUDE: 97 36 W
TEMPERATURE IN F: :PCPN: SNOW: WIND :SUNSHINE: SKY :PK WND
================================================================================
1 2 3 4 5 6A 6B 7 8 9 10 11 12 13 14 15 16 17 18
12Z AVG MX 2MIN
DY MAX MIN AVG DEP HDD CDD WTR SNW DPTH SPD SPD DIR MIN PSBL S-S WX SPD DR
================================================================================
1 94 73 84 2 0 19 0.00 0.0 0 11.7 21 200 M M 3 26 210
2 94 72 83 1 0 18 0.00 0.0 0 9.0 22 70 M M 4 18 28 50
3 96 69 83 1 0 18 0.00 0.0 0 5.8 18 10 M M 4 3 23 10
4 92 72 82 0 0 17 0.00 0.0 0 5.5 24 30 M M 6 3 32 10
5 90 71 81 -1 0 16 0.00 0.0 0 5.4 15 50 M M 6 1 19 60
6 90 70 80 -2 0 15 0.00 0.0 0 7.4 22 140 M M 5 29 80
7 88 68 78 -4 0 13 0.00 0.0 0 6.7 15 130 M M 4 18 19 130
8 93 71 82 0 0 17 0.00 0.0 0 9.4 17 170 M M 3 1 27 140
9 90 75 83 0 0 18 0.00 0.0 0 14.3 24 120 M M 4 30 130
10 84 65 75 -8 0 10 2.03 0.0 0 9.9 33 40 M M 5 123 46 40
11 97 69 83 0 0 18 0.72 0.0 0 10.7 52 310 M M 3 13 65 320
12 94 71 83 0 0 18 0.17 0.0 0 9.6 31 300 M M 7 13 41 300
13 91 70 81 -2 0 16 0.16 0.0 0 12.1 18 110 M M 5 3 24 130
14 94 78 86 3 0 21 0.00 0.0 0 14.9 23 160 M M 6 29 180
15 91 75 83 0 0 18 0.06 0.0 0 5.9 18 330 M M 7 3 24 160
16 90 74 82 -1 0 17 0.00 0.0 0 8.6 17 80 M M 8 3 23 80
17 95 73 84 1 0 19 0.00 0.0 0 9.7 18 160 M M 4 24 190
18 92 73 83 0 0 18 0.00 0.0 0 12.3 21 200 M M 2 26 200
19 93 71 82 -2 0 17 0.00 0.0 0 8.4 16 180 M M 5 21 170
20 94 71 83 -1 0 18 0.00 0.0 0 9.6 23 150 M M 7 28 170
21 90 72 81 -3 0 16 0.09 0.0 0 6.5 13 30 M M 7 38 17 160
22 91 70 81 -3 0 16 0.00 0.0 0 7.1 15 120 M M 4 20 120
23 91 73 82 -2 0 17 0.03 0.0 0 9.5 14 120 M M 6 18 19 120
24 93 73 83 -1 0 18 0.00 0.0 0 9.0 17 90 M M 5 23 110
25 89 73 81 -3 0 16 0.00 0.0 0 8.5 15 130 M M 4 20 130
26 92 71 82 -2 0 17 0.00 0.0 0 7.9 20 160 M M 3 24 150
27 88 73 81 -3 0 16 2.12 0.0 0 8.3 21 340 M M 8 13 25 340
28 81 71 76 -8 0 11 0.82 0.0 0 7.5 13 160 M M 9 13 16 140
29 89 73 81 -3 0 16 0.21 0.0 0 7.6 16 200 M M 9 1 24 200
30 92 71 82 -2 0 17 0.07 0.0 0 9.1 38 340 M M 6 1 46 350
31 85 68 77 -7 0 12 0.00 0.0 0 13.3 23 320 M M 5 31 340
================================================================================
SM 2823 2219 0 513 6.48 0.0 281.2 M 164
================================================================================
AV 91.1 71.6 9.1 FASTST M M 5 MAX(MPH)
MISC ----> # 52 310 # 65 320
================================================================================
NOTES:
# LAST OF SEVERAL OCCURRENCES
COLUMN 17 PEAK WIND IN M.P.H.
PRELIMINARY LOCAL CLIMATOLOGICAL DATA (WS FORM: F-6) , PAGE 2
STATION: OKLAHOMA CITY
MONTH: JULY
YEAR: 2020
LATITUDE: 35 24 N
LONGITUDE: 97 36 W
[TEMPERATURE DATA] [PRECIPITATION DATA] SYMBOLS USED IN COLUMN 16
AVERAGE MONTHLY: 81.3 TOTAL FOR MONTH: 6.48 1 = FOG OR MIST
DPTR FM NORMAL: -1.7 DPTR FM NORMAL: 3.55 2 = FOG REDUCING VISIBILITY
HIGHEST: 97 ON 11 GRTST 24HR 2.12 ON 27-27 TO 1/4 MILE OR LESS
LOWEST: 65 ON 10 3 = THUNDER
SNOW, ICE PELLETS, HAIL 4 = ICE PELLETS
TOTAL MONTH: 0.0 INCH 5 = HAIL
GRTST 24HR 0.0 6 = FREEZING RAIN OR DRIZZLE
GRTST DEPTH: 0 7 = DUSTSTORM OR SANDSTORM:
VSBY 1/2 MILE OR LESS
8 = SMOKE OR HAZE
[NO. OF DAYS WITH] [WEATHER - DAYS WITH] 9 = BLOWING SNOW
X = TORNADO
MAX 32 OR BELOW: 0 0.01 INCH OR MORE: 11
MAX 90 OR ABOVE: 24 0.10 INCH OR MORE: 7
MIN 32 OR BELOW: 0 0.50 INCH OR MORE: 4
MIN 0 OR BELOW: 0 1.00 INCH OR MORE: 2
[HDD (BASE 65) ]
TOTAL THIS MO. 0 CLEAR (SCALE 0-3) 4
DPTR FM NORMAL 0 PTCLDY (SCALE 4-7) 25
TOTAL FM JUL 1 0 CLOUDY (SCALE 8-10) 2
DPTR FM NORMAL 0
[CDD (BASE 65) ]
TOTAL THIS MO. 513
DPTR FM NORMAL -46 [PRESSURE DATA]
TOTAL FM JAN 1 1087 HIGHEST SLP M ON M
DPTR FM NORMAL -112 LOWEST SLP 29.70 ON 1
[REMARKS]
#FINAL-07-20#