000
CXUS54 KOUN 011205
CF6OKC
PRELIMINARY LOCAL CLIMATOLOGICAL DATA (WS FORM: F-6)
STATION: OKLAHOMA CITY
MONTH: AUGUST
YEAR: 2023
LATITUDE: 35 24 N
LONGITUDE: 97 36 W
TEMPERATURE IN F: :PCPN: SNOW: WIND :SUNSHINE: SKY :PK WND
================================================================================
1 2 3 4 5 6A 6B 7 8 9 10 11 12 13 14 15 16 17 18
12Z AVG MX 2MIN
DY MAX MIN AVG DEP HDD CDD WTR SNW DPTH SPD SPD DIR MIN PSBL S-S WX SPD DR
================================================================================
1 103 75 89 7 0 24 0.00 0.0 0 11.0 18 180 M M 2 1 25 170
2 103 74 89 7 0 24 0.00 0.0 0 11.9 23 190 M M 1 28 190
3 103 75 89 7 0 24 0.00 0.0 0 11.1 23 220 M M 3 29 210
4 103 73 88 6 0 23 0.00 0.0 0 9.1 20 190 M M 3 24 190
5 94 76 85 3 0 20 T 0.0 0 12.5 29 110 M M 6 35 50
6 95 69 82 0 0 17 0.07 0.0 0 11.1 23 350 M M 5 3 29 340
7 87 66 77 -5 0 12 0.03 0.0 0 10.4 24 50 M M 7 3 32 50
8 88 67 78 -4 0 13 0.36 0.0 0 14.9 29 40 M M 7 13 37 40
9 97 72 85 3 0 20 0.09 0.0 0 11.5 29 250 M M 5 3 40 260
10 94 73 84 2 0 19 0.00 0.0 0 6.8 15 100 M M 2 25 70
11 104 74 89 7 0 24 0.08 0.0 0 12.2 31 240 M M 4 3 44 230
12 93 75 84 2 0 19 0.08 0.0 0 11.6 29 240 M M 8 3 40 240
13 98 73 86 5 0 21 T 0.0 0 9.1 39 310 M M 8 13 53 310
14 85 65 75 -6 0 10 0.06 0.0 0 11.3 26 360 M M 6 1 34 340
15 87 63 75 -6 0 10 0.00 0.0 0 7.0 14 30 M M 1 20 10
16 92 60 76 -5 0 11 0.00 0.0 0 8.8 17 150 M M 0 23 150
17 100 67 84 3 0 19 0.00 0.0 0 10.9 21 40 M M 1 27 50
18 98 72 85 4 0 20 0.00 0.0 0 8.7 15 120 M M 2 22 120
19 107 72 90 10 0 25 0.00 0.0 0 7.1 15 210 M M 1 20 240
20 106 74 90 10 0 25 0.00 0.0 0 6.9 16 130 M M 1 21 130
21 104 77 91 11 0 26 0.00 0.0 0 7.0 18 70 M M 1 33 80
22 100 77 89 9 0 24 0.00 0.0 0 6.9 15 100 M M 3 22 80
23 100 76 88 8 0 23 0.00 0.0 0 7.9 16 120 M M 3 20 120
24 102 74 88 9 0 23 0.00 0.0 0 7.9 17 190 M M 3 23 230
25 103 74 89 10 0 24 0.00 0.0 0 8.4 15 120 M M 2 22 190
26 99 75 87 8 0 22 0.00 0.0 0 8.8 20 30 M M 3 25 40
27 91 75 83 4 0 18 0.00 0.0 0 11.4 17 30 M M 5 23 20
28 90 68 79 1 0 14 0.00 0.0 0 8.2 20 350 M M 1 30 350
29 93 66 80 2 0 15 0.00 0.0 0 6.4 15 20 M M 4 23 350
30 92 70 81 3 0 16 0.00 0.0 0 7.5 16 30 M M 1 23 40
31 93 66 80 2 0 15 0.00 0.0 0 5.8 15 110 M M 1 21 110
================================================================================
SM 3004 2213 0 600 0.77 0.0 290.1 M 100
================================================================================
AV 96.9 71.4 9.4 FASTST M M 3 MAX(MPH)
MISC ----> 39 310 53 310
================================================================================
NOTES:
# LAST OF SEVERAL OCCURRENCES
COLUMN 17 PEAK WIND IN M.P.H.
PRELIMINARY LOCAL CLIMATOLOGICAL DATA (WS FORM: F-6) , PAGE 2
STATION: OKLAHOMA CITY
MONTH: AUGUST
YEAR: 2023
LATITUDE: 35 24 N
LONGITUDE: 97 36 W
[TEMPERATURE DATA] [PRECIPITATION DATA] SYMBOLS USED IN COLUMN 16
AVERAGE MONTHLY: 84.1 TOTAL FOR MONTH: 0.77 1 = FOG OR MIST
DPTR FM NORMAL: 3.4 DPTR FM NORMAL: -2.83 2 = FOG REDUCING VISIBILITY
HIGHEST: 107 ON 19 GRTST 24HR 0.42 ON 8- 9 TO 1/4 MILE OR LESS
LOWEST: 60 ON 16 3 = THUNDER
SNOW, ICE PELLETS, HAIL 4 = ICE PELLETS
TOTAL MONTH: 0.0 INCH 5 = HAIL
GRTST 24HR 0.0 6 = FREEZING RAIN OR DRIZZLE
GRTST DEPTH: 0 7 = DUSTSTORM OR SANDSTORM:
VSBY 1/2 MILE OR LESS
8 = SMOKE OR HAZE
[NO. OF DAYS WITH] [WEATHER - DAYS WITH] 9 = BLOWING SNOW
X = TORNADO
MAX 32 OR BELOW: 0 0.01 INCH OR MORE: 7
MAX 90 OR ABOVE: 27 0.10 INCH OR MORE: 1
MIN 32 OR BELOW: 0 0.50 INCH OR MORE: 0
MIN 0 OR BELOW: 0 1.00 INCH OR MORE: 0
[HDD (BASE 65) ]
TOTAL THIS MO. 0 CLEAR (SCALE 0-3) 17
DPTR FM NORMAL 0 PTCLDY (SCALE 4-7) 13
TOTAL FM JUL 1 0 CLOUDY (SCALE 8-10) 1
DPTR FM NORMAL 0
[CDD (BASE 65) ]
TOTAL THIS MO. 600
DPTR FM NORMAL 115 [PRESSURE DATA]
TOTAL FM JAN 1 1680 HIGHEST SLP 30.20 ON 15
DPTR FM NORMAL 125 LOWEST SLP 29.65 ON 9
[REMARKS]
#FINAL-08-23#