000
CXUS55 KTWC 010855
CF6OLS
PRELIMINARY LOCAL CLIMATOLOGICAL DATA (WS FORM: F-6)
STATION: NOGALES AZ AIRPORT
MONTH: SEPTEMBER
YEAR: 2021
LATITUDE: 31 25 N
LONGITUDE: 110 51 W
TEMPERATURE IN F: :PCPN: SNOW: WIND :SUNSHINE: SKY :PK WND
================================================================================
1 2 3 4 5 6A 6B 7 8 9 10 11 12 13 14 15 16 17 18
12Z AVG MX 2MIN
DY MAX MIN AVG DEP HDD CDD WTR SNW DPTH SPD SPD DIR MIN PSBL S-S WX SPD DR
================================================================================
1 83 67 75 -3 0 10 0.44 M M 4.1 12 290 M M 7 1 16 220
2 86 64 75 -3 0 10 0.00 M M 2.7 10 310 M M 2 17 290
3 89 63 76 -2 0 11 0.00 M M 4.3 13 310 M M 4 21 310
4 91 66 79 1 0 14 0.13 M M 3.8 13 160 M M 2 3 20 160
5 91 64 78 0 0 13 0.31 M M 4.5 25 80 M M 3 13 36 80
6 90 65 78 0 0 13 0.03 M M 2.2 13 90 M M 1 3 17 100
7 90 65 78 0 0 13 0.01 M M 3.9 12 330 M M 1 3 18 320
8 95 64 80 3 0 15 T M M 5.7 18 80 M M 0 3 27 110
9 95 66 81 4 0 16 0.00 M M 6.9 20 80 M M 0 26 110
10 95 61 78 1 0 13 0.00 M M 3.8 14 140 M M 1 24 150
11 96 61 79 2 0 14 0.00 M M 3.2 12 20 M M 0 19 30
12 96 59 78 1 0 13 0.00 M M 3.5 12 310 M M 0 19 310
13 97 59 78 2 0 13 0.00 M M 3.8 14 310 M M 0 22 300
14 95 62 79 3 0 14 T M M 3.1 14 320 M M 0 21 320
15 95 60 78 2 0 13 0.00 M M 3.9 12 320 M M 0 19 330
16 95 58 77 1 0 12 T M M 6.3 20 180 M M 0 3 29 180
17 93 68 81 6 0 16 T M M 4.2 22 150 M M 3 30 140
18 93 63 78 3 0 13 0.00 M M 4.6 15 220 M M 1 3 22 240
19 93 63 78 3 0 13 0.00 M M 4.6 17 230 M M 0 24 250
20 92 58 75 1 0 10 0.00 M M 5.1 16 230 M M M 24 220
21 93 57 75 1 0 10 0.00 M M 4.6 13 320 M M M 22 330
22 93 58 76 2 0 11 0.00 M M 4.9 15 20 M M M 22 10
23 78 58 68 -6 0 3 0.29 M M 5.8 16 40 M M M 13 24 40
24 86 56 71 -2 0 6 0.00 M M 3.1 13 80 M M M 17 10
25 88 60 74 1 0 9 0.07 M M 4.0 24 150 M M M 3 36 150
26 77 54 66 -7 0 1 0.07 M M 4.6 18 160 M M M 13 26 160
27 77 51 64 -8 1 0 0.05 M M 4.4 18 240 M M 6 28 230
28 83 56 70 -2 0 5 0.00 M M 5.1 14 190 M M 2 22 270
29 82 53 68 -4 0 3 0.00 M M 6.2 18 190 M M 0 28 180
30 79 56 68 -3 0 3 0.07 M M 4.5 16 290 M M 5 3 25 340
================================================================================
SM 2686 1815 1 310 1.47 M 131.4 M 38
================================================================================
AV 89.5 60.5 4.4 FASTST M M 2 MAX(MPH)
MISC ----> 25 80 # 36 80
================================================================================
NOTES:
# LAST OF SEVERAL OCCURRENCES
COLUMN 17 PEAK WIND IN M.P.H.
PRELIMINARY LOCAL CLIMATOLOGICAL DATA (WS FORM: F-6) , PAGE 2
STATION: NOGALES AZ AIRPORT
MONTH: SEPTEMBER
YEAR: 2021
LATITUDE: 31 25 N
LONGITUDE: 110 51 W
[TEMPERATURE DATA] [PRECIPITATION DATA] SYMBOLS USED IN COLUMN 16
AVERAGE MONTHLY: 75.0 TOTAL FOR MONTH: 1.47 1 = FOG OR MIST
DPTR FM NORMAL: -0.4 DPTR FM NORMAL: -0.06 2 = FOG REDUCING VISIBILITY
HIGHEST: 97 ON 13 GRTST 24HR 0.82 ON 31- 1 TO 1/4 MILE OR LESS
LOWEST: 51 ON 27 3 = THUNDER
SNOW, ICE PELLETS, HAIL 4 = ICE PELLETS
TOTAL MONTH: M 5 = HAIL
GRTST 24HR M ON M 6 = FREEZING RAIN OR DRIZZLE
GRTST DEPTH: M ON M 7 = DUSTSTORM OR SANDSTORM:
VSBY 1/2 MILE OR LESS
8 = SMOKE OR HAZE
[NO. OF DAYS WITH] [WEATHER - DAYS WITH] 9 = BLOWING SNOW
X = TORNADO
MAX 32 OR BELOW: 0 0.01 INCH OR MORE: 10
MAX 90 OR ABOVE: 19 0.10 INCH OR MORE: 4
MIN 32 OR BELOW: 0 0.50 INCH OR MORE: 0
MIN 0 OR BELOW: 0 1.00 INCH OR MORE: 0
[HDD (BASE 65) ]
TOTAL THIS MO. 1 CLEAR (SCALE 0-3) 19
DPTR FM NORMAL 0 PTCLDY (SCALE 4-7) 4
TOTAL FM JUL 1 1 CLOUDY (SCALE 8-10) 7
DPTR FM NORMAL 1
[CDD (BASE 65) ]
TOTAL THIS MO. 310
DPTR FM NORMAL -3 [PRESSURE DATA]
TOTAL FM JAN 1 1976 HIGHEST SLP M ON M
DPTR FM NORMAL 103 LOWEST SLP 29.70 ON 1
[REMARKS]
#FINAL-09-21#