088
CXUS55 KTWC 010855
CF6OLS
PRELIMINARY LOCAL CLIMATOLOGICAL DATA (WS FORM: F-6)
STATION: NOGALES AZ AIRPORT
MONTH: JULY
YEAR: 2020
LATITUDE: 31 25 N
LONGITUDE: 110 51 W
TEMPERATURE IN F: :PCPN: SNOW: WIND :SUNSHINE: SKY :PK WND
================================================================================
1 2 3 4 5 6A 6B 7 8 9 10 11 12 13 14 15 16 17 18
12Z AVG MX 2MIN
DY MAX MIN AVG DEP HDD CDD WTR SNW DPTH SPD SPD DIR MIN PSBL S-S WX SPD DR
================================================================================
1 94 61 78 -3 0 13 T M M 5.8 21 130 M M 3 3 25 130
2 87 66 77 -4 0 12 0.06 M M 5.3 21 200 M M 5 13 27 180
3 97 62 80 -1 0 15 0.00 M M 3.0 14 300 M M 1 18 300
4 101 67 84 3 0 19 0.14 M M 5.8 26 150 M M 1 3 36 170
5 103 65 84 3 0 19 0.00 M M 6.1 20 160 M M 0 26 240
6 102 69 86 5 0 21 0.00 M M 4.5 20 210 M M 0 25 210
7 104 68 86 5 0 21 0.00 M M 6.1 22 260 M M 0 28 260
8 103 71 87 6 0 22 0.00 M M 4.4 15 260 M M 0 22 270
9 102 72 87 6 0 22 0.04 M M 4.7 31 130 M M 0 3 44 120
10 104 71 88 7 0 23 T M M 7.1 28 60 M M 1 3 37 70
11 105 72 89 8 0 24 0.06 M M 6.9 28 40 M M 0 3 40 30
12 110 69 90 9 0 25 T M M 7.3 31 110 M M 0 3 48 110
13 101 75 88 8 0 23 0.02 M M 7.6 13 250 M M 1 3 18 240
14 102 71 87 7 0 22 0.00 M M 6.7 24 140 M M 1 34 160
15 99 70 85 5 0 20 0.07 M M 6.4 23 270 M M 1 38 36 270
16 101 64 83 3 0 18 T M M 6.7 24 80 M M 2 3 32 80
17 98 73 86 6 0 21 T M M 4.3 17 360 M M 4 8 24 350
18 98 73 86 6 0 21 T M M 7.1 24 100 M M 2 33 120
19 98 75 87 7 0 22 0.00 M M 6.9 17 290 M M 3 25 260
20 97 73 85 5 0 20 0.00 M M 4.4 15 280 M M 2 21 300
21 99 69 84 5 0 19 0.12 M M 4.3 20 150 M M 2 13 27 140
22 93 67 80 1 0 15 0.01 M M 4.5 18 50 M M 4 3 25 50
23 83 66 75 -4 0 10 0.38 M M 4.2 20 100 M M 4 13 24 110
24 85 67 76 -3 0 11 0.03 M M 3.5 14 20 M M 7 3 19 310
25 92 68 80 1 0 15 0.00 M M 4.0 13 320 M M 5 20 320
26 98 65 82 3 0 17 0.00 M M 4.6 23 110 M M 3 32 110
27 100 71 86 8 0 21 0.00 0.0 0 3.5 17 70 M M M 3 28 80
28 101 69 85 7 0 20 0.10 0.0 0 5.6 15 120 M M M 3 20 320
29 105 70 88 10 0 23 0.01 0.0 0 5.6 24 130 M M M 3 31 140
30 107 69 88 10 0 23 0.00 0.0 0 6.2 20 280 M M M 27 290
31 105 68 87 9 0 22 0.68 0.0 0 7.2 32 10 M M M 3 41 10
================================================================================
SM 3074 2136 0 599 1.72 0.0 170.3 M 52
================================================================================
AV 99.2 68.9 5.5 FASTST M M 2 MAX(MPH)
MISC ----> 32 10 48 110
================================================================================
NOTES:
# LAST OF SEVERAL OCCURRENCES
COLUMN 17 PEAK WIND IN M.P.H.
PRELIMINARY LOCAL CLIMATOLOGICAL DATA (WS FORM: F-6) , PAGE 2
STATION: NOGALES AZ AIRPORT
MONTH: JULY
YEAR: 2020
LATITUDE: 31 25 N
LONGITUDE: 110 51 W
[TEMPERATURE DATA] [PRECIPITATION DATA] SYMBOLS USED IN COLUMN 16
AVERAGE MONTHLY: 84.0 TOTAL FOR MONTH: 1.72 1 = FOG OR MIST
DPTR FM NORMAL: 4.1 DPTR FM NORMAL: -2.34 2 = FOG REDUCING VISIBILITY
HIGHEST: 110 ON 12 GRTST 24HR 0.68 ON 31-31 TO 1/4 MILE OR LESS
LOWEST: 61 ON 1 3 = THUNDER
SNOW, ICE PELLETS, HAIL 4 = ICE PELLETS
TOTAL MONTH: 0.0 INCH 5 = HAIL
GRTST 24HR 0.0 6 = FREEZING RAIN OR DRIZZLE
GRTST DEPTH: 0 7 = DUSTSTORM OR SANDSTORM:
VSBY 1/2 MILE OR LESS
8 = SMOKE OR HAZE
[NO. OF DAYS WITH] [WEATHER - DAYS WITH] 9 = BLOWING SNOW
X = TORNADO
MAX 32 OR BELOW: 0 0.01 INCH OR MORE: 13
MAX 90 OR ABOVE: 28 0.10 INCH OR MORE: 5
MIN 32 OR BELOW: 0 0.50 INCH OR MORE: 1
MIN 0 OR BELOW: 0 1.00 INCH OR MORE: 0
[HDD (BASE 65) ]
TOTAL THIS MO. 0 CLEAR (SCALE 0-3) 19
DPTR FM NORMAL 0 PTCLDY (SCALE 4-7) 7
TOTAL FM JUL 1 0 CLOUDY (SCALE 8-10) 5
DPTR FM NORMAL 0
[CDD (BASE 65) ]
TOTAL THIS MO. 599
DPTR FM NORMAL 137 [PRESSURE DATA]
TOTAL FM JAN 1 1345 HIGHEST SLP M ON M
DPTR FM NORMAL 268 LOWEST SLP 29.69 ON 12
[REMARKS]
#FINAL-07-20#