000
CXUS53 KARX 012112
CF6OLZ
PRELIMINARY LOCAL CLIMATOLOGICAL DATA (WS FORM: F-6)
STATION: OELWEIN IA
MONTH: JUNE
YEAR: 2023
LATITUDE: 42 40 N
LONGITUDE: 91 58 W
TEMPERATURE IN F: :PCPN: SNOW: WIND :SUNSHINE: SKY :PK WND
================================================================================
1 2 3 4 5 6A 6B 7 8 9 10 11 12 13 14 15 16 17 18
12Z AVG MX 2MIN
DY MAX MIN AVG DEP HDD CDD WTR SNW DPTH SPD SPD DIR MIN PSBL S-S WX SPD DR
================================================================================
1 82 63 73 M 0 8 0.00 0.0 0 7.0 17 180 M M 2 23 180
2 88 68 78 M 0 13 0.06 0.0 0 6.5 14 170 M M 4 18 M M
3 90 66 78 M 0 13 0.00 0.0 0 6.7 12 90 M M 1 22 80
4 88 64 76 M 0 11 0.00 0.0 0 7.0 12 40 M M 1 17 60
5 86 59 73 M 0 8 0.00 0.0 0 4.6 13 110 M M 0 16 110
6 81 64 73 M 0 8 0.11 0.0 0 4.1 13 220 M M 4 1 13 260
7 77 59 68 M 0 3 0.00 0.0 0 6.9 13 110 M M 3 1 15 40
8 77 55 66 M 0 1 0.00 0.0 0 6.4 9 40 M M 1 15 99
9 81 50 66 M 0 1 0.00 0.0 0 6.0 10 220 M M 0 14 200
10 77 59 68 M 0 3 M 0.0 0 6.0 10 50 M M 6 M M
11 66 45 56 M 9 0 0.00 0.0 0 11.9 18 20 M M 6 27 30
12 77 39 58 M 7 0 M 0.0 0 9.8 24 300 M M 4 33 300
13 82 54 68 M 0 3 0.00 0.0 0 8.7 18 320 M M 3 27 330
14 86 55 71 M 0 6 0.00 0.0 0 4.6 9 310 M M 1 8 15 99
15 82 57 70 M 0 5 0.00 0.0 0 8.8 16 30 M M 0 8 20 50
16 75 45 60 M 5 0 0.00 0.0 0 7.3 10 60 M M 0 15 70
17 81 54 68 M 0 3 0.00 0.0 0 8.2 13 180 M M 1 20 180
18 77 63 70 M 0 5 0.26 0.0 0 9.4 17 150 M M 7 1 41 180
19 86 61 74 M 0 9 0.00 0.0 0 5.5 9 150 M M 2 1 15 130
20 86 61 74 M 0 9 0.00 0.0 0 9.7 14 130 M M 0 20 120
21 88 64 76 M 0 11 0.00 0.0 0 9.4 16 140 M M 0 21 120
22 88 61 75 M 0 10 0.00 0.0 0 5.1 9 30 M M 0 16 0
23 88 61 75 M 0 10 0.00 0.0 0 4.0 8 190 M M 1 13 99
24 81 63 72 M 0 7 M 0.0 0 10.7 20 350 M M 3 18 33 350
25 73 63 68 M 0 3 M 0.0 0 14.4 25 290 M M 6 1 32 290
26 77 61 69 M 0 4 0.00 0.0 0 12.5 17 340 M M 5 24 340
27 82 57 70 M 0 5 0.00 0.0 0 4.8 7 120 M M 0 18 M M
28 81 63 72 M 0 7 M 0.0 0 13.6 21 140 M M 3 18 27 140
29 86 64 75 M 0 10 0.00 0.0 0 4.6 8 320 M M 1 18 13 99
30 82 64 73 M 0 8 0.00 0.0 0 3.2 7 220 M M 2 1 15 220
================================================================================
SM 2451 1762 21 184 0.43 0.0 227.4 M 67
================================================================================
AV 81.7 58.7 7.6 FASTST M M 2 MAX(MPH)
MISC ----> 25 290 41 180
================================================================================
NOTES:
# LAST OF SEVERAL OCCURRENCES
COLUMN 17 PEAK WIND IN M.P.H.
PRELIMINARY LOCAL CLIMATOLOGICAL DATA (WS FORM: F-6) , PAGE 2
STATION: OELWEIN IA
MONTH: JUNE
YEAR: 2023
LATITUDE: 42 40 N
LONGITUDE: 91 58 W
[TEMPERATURE DATA] [PRECIPITATION DATA] SYMBOLS USED IN COLUMN 16
AVERAGE MONTHLY: 70.2 TOTAL FOR MONTH: 0.43 1 = FOG OR MIST
DPTR FM NORMAL: 0.0 DPTR FM NORMAL: M 2 = FOG REDUCING VISIBILITY
HIGHEST: 90 ON 3 GRTST 24HR 0.26 ON 18-18 TO 1/4 MILE OR LESS
LOWEST: 39 ON 12 3 = THUNDER
SNOW, ICE PELLETS, HAIL 4 = ICE PELLETS
TOTAL MONTH: 0.0 INCH 5 = HAIL
GRTST 24HR 0.0 6 = FREEZING RAIN OR DRIZZLE
GRTST DEPTH: 0 7 = DUSTSTORM OR SANDSTORM:
VSBY 1/2 MILE OR LESS
8 = SMOKE OR HAZE
[NO. OF DAYS WITH] [WEATHER - DAYS WITH] 9 = BLOWING SNOW
X = TORNADO
MAX 32 OR BELOW: 0 0.01 INCH OR MORE: 3
MAX 90 OR ABOVE: 1 0.10 INCH OR MORE: 2
MIN 32 OR BELOW: 0 0.50 INCH OR MORE: 0
MIN 0 OR BELOW: 0 1.00 INCH OR MORE: 0
[HDD (BASE 65) ]
TOTAL THIS MO. 21 CLEAR (SCALE 0-3) 21
DPTR FM NORMAL M PTCLDY (SCALE 4-7) 9
TOTAL FM JUL 1 6942 CLOUDY (SCALE 8-10) 0
DPTR FM NORMAL M
[CDD (BASE 65) ]
TOTAL THIS MO. 184
DPTR FM NORMAL M [PRESSURE DATA]
TOTAL FM JAN 1 253 HIGHEST SLP M ON M
DPTR FM NORMAL M LOWEST SLP M ON M
[REMARKS]
#FINAL-06-23#