000
CXUS53 KARX 020845
CF6OLZ
PRELIMINARY LOCAL CLIMATOLOGICAL DATA (WS FORM: F-6)
STATION: OELWEIN IA
MONTH: MAY
YEAR: 2022
LATITUDE: 42 40 N
LONGITUDE: 91 58 W
TEMPERATURE IN F: :PCPN: SNOW: WIND :SUNSHINE: SKY :PK WND
================================================================================
1 2 3 4 5 6A 6B 7 8 9 10 11 12 13 14 15 16 17 18
12Z AVG MX 2MIN
DY MAX MIN AVG DEP HDD CDD WTR SNW DPTH SPD SPD DIR MIN PSBL S-S WX SPD DR
================================================================================
1 48 43 46 M 19 0 0.00 0.0 0 18.6 24 260 M M 10 1 31 260
2 48 41 45 M 20 0 0.10 0.0 0 8.6 13 300 M M 9 8 21 290
3 50 39 45 M 20 0 0.43 0.0 0 13.0 18 10 M M 8 1 24 40
4 61 32 47 M 18 0 0.00 0.0 0 6.1 12 130 M M 2 12 16 80
5 59 45 52 M 13 0 0.00 0.0 0 9.0 15 110 M M 8 21 110
6 64 46 55 M 10 0 0.00 0.0 0 7.4 14 80 M M 3 17 80
7 70 41 56 M 9 0 0.00 0.0 0 10.5 18 150 M M 0 25 140
8 61 50 56 M 9 0 0.08 0.0 0 17.4 25 120 M M 6 33 130
9 88 57 73 M 0 8 0.07 0.0 0 23.2 33 170 M M 4 38 45 160
10 88 63 76 M 0 11 0.00 0.0 0 7.7 15 340 M M 4 1 18 360
11 91 66 79 M 0 14 0.00 0.0 0 11.4 21 160 M M 2 1 27 160
12 93 70 82 M 0 17 0.00 0.0 0 15.9 27 180 M M 1 35 180
13 84 61 73 M 0 8 0.00 0.0 0 11.1 25 230 M M 1 30 260
14 86 55 71 M 0 6 0.00 0.0 0 7.7 18 250 M M 2 30 350
15 73 52 63 M 2 0 0.00 0.0 0 8.5 15 320 M M 2 25 320
16 79 46 63 M 2 0 0.00 0.0 0 14.7 30 300 M M 1 41 300
17 66 52 59 M 6 0 T 0.0 0 7.0 14 110 M M 6 16 100
18 73 52 63 M 2 0 0.03 0.0 0 8.6 17 70 M M 5 8 18 90
19 88 57 73 M 0 8 T 0.0 0 15.7 35 200 M M 3 1 40 190
20 72 52 62 M 3 0 0.00 0.0 0 15.1 28 320 M M 8 27 220
21 57 43 50 M 15 0 0.00 0.0 0 11.4 17 320 M M 4 25 330
22 61 39 50 M 15 0 0.00 0.0 0 11.3 18 340 M M 3 28 310
23 61 37 49 M 16 0 0.00 0.0 0 7.9 15 40 M M 2 18 30
24 64 46 55 M 10 0 0.50 0.0 0 13.8 21 60 M M 7 1 29 60
25 61 48 55 M 10 0 0.61 0.0 0 13.4 24 70 M M 10 12 35 70
26 63 52 58 M 7 0 0.00 0.0 0 10.5 15 350 M M 10 12 22 340
27 73 52 63 M 2 0 0.00 0.0 0 9.4 15 10 M M 3 24 20
28 81 54 68 M 0 3 0.00 0.0 0 16.3 29 180 M M 1 39 170
29 84 63 74 M 0 9 0.00 0.0 0 21.5 40 160 M M 2 52 160
30 90 70 80 M 0 15 0.00 0.0 0 24.4 39 180 M M 2 48 180
31 79 61 70 M 0 5 0.04 0.0 0 17.0 29 220 M M 3 3 47 260
================================================================================
SM 2216 1585 208 104 1.86 0.0 394.1 M 132
================================================================================
AV 71.5 51.1 12.7 FASTST M M 4 MAX(MPH)
MISC ----> 40 160 52 160
================================================================================
NOTES:
# LAST OF SEVERAL OCCURRENCES
COLUMN 17 PEAK WIND IN M.P.H.
PRELIMINARY LOCAL CLIMATOLOGICAL DATA (WS FORM: F-6) , PAGE 2
STATION: OELWEIN IA
MONTH: MAY
YEAR: 2022
LATITUDE: 42 40 N
LONGITUDE: 91 58 W
[TEMPERATURE DATA] [PRECIPITATION DATA] SYMBOLS USED IN COLUMN 16
AVERAGE MONTHLY: 61.3 TOTAL FOR MONTH: 1.86 1 = FOG OR MIST
DPTR FM NORMAL: 0.0 DPTR FM NORMAL: M 2 = FOG REDUCING VISIBILITY
HIGHEST: 93 ON 12 GRTST 24HR 0.61 ON 25-25 TO 1/4 MILE OR LESS
LOWEST: 32 ON 4 3 = THUNDER
SNOW, ICE PELLETS, HAIL 4 = ICE PELLETS
TOTAL MONTH: 0.0 INCH 5 = HAIL
GRTST 24HR 0.0 6 = FREEZING RAIN OR DRIZZLE
GRTST DEPTH: 0 7 = DUSTSTORM OR SANDSTORM:
VSBY 1/2 MILE OR LESS
8 = SMOKE OR HAZE
[NO. OF DAYS WITH] [WEATHER - DAYS WITH] 9 = BLOWING SNOW
X = TORNADO
MAX 32 OR BELOW: 0 0.01 INCH OR MORE: 8
MAX 90 OR ABOVE: 3 0.10 INCH OR MORE: 4
MIN 32 OR BELOW: 1 0.50 INCH OR MORE: 1
MIN 0 OR BELOW: 0 1.00 INCH OR MORE: 0
[HDD (BASE 65) ]
TOTAL THIS MO. 208 CLEAR (SCALE 0-3) 17
DPTR FM NORMAL M PTCLDY (SCALE 4-7) 10
TOTAL FM JUL 1 7090 CLOUDY (SCALE 8-10) 4
DPTR FM NORMAL M
[CDD (BASE 65) ]
TOTAL THIS MO. 104
DPTR FM NORMAL M [PRESSURE DATA]
TOTAL FM JAN 1 104 HIGHEST SLP M ON M
DPTR FM NORMAL M LOWEST SLP M ON M
[REMARKS]
#FINAL-05-22#