000
CXUS56 KSGX 011045
CF6ONT
PRELIMINARY LOCAL CLIMATOLOGICAL DATA (WS FORM: F-6)
STATION: ONTARIO INTL AIRPORT CA
MONTH: AUGUST
YEAR: 2021
LATITUDE: 34 2 N
LONGITUDE: 117 37 W
TEMPERATURE IN F: :PCPN: SNOW: WIND :SUNSHINE: SKY :PK WND
================================================================================
1 2 3 4 5 6A 6B 7 8 9 10 11 12 13 14 15 16 17 18
12Z AVG MX 2MIN
DY MAX MIN AVG DEP HDD CDD WTR SNW DPTH SPD SPD DIR MIN PSBL S-S WX SPD DR
================================================================================
1 99 69 84 4 0 19 0.00 M M 5.8 18 280 M M 2 26 260
2 104 71 88 8 0 23 0.00 M M 5.0 18 270 M M 0 23 250
3 103 72 88 8 0 23 0.00 M M 5.1 17 260 M M 1 22 240
4 101 71 86 6 0 21 0.00 M M 6.6 18 240 M M 1 28 220
5 98 70 84 4 0 19 0.00 M M 6.2 17 260 M M 0 26 270
6 94 66 80 0 0 15 0.00 M M 7.3 18 270 M M 0 8 23 290
7 96 64 80 0 0 15 0.00 M M 5.8 18 260 M M 0 8 23 260
8 95 64 80 0 0 15 0.00 M M 6.9 15 260 M M 0 8 21 260
9 97 65 81 1 0 16 0.00 M M 5.3 17 280 M M 1 8 21 290
10 100 68 84 4 0 19 0.00 M M 6.6 18 270 M M 3 8 22 300
11 100 74 87 7 0 22 T M M 7.3 17 270 M M 6 8 22 230
12 99 72 86 6 0 21 0.00 M M 6.3 17 240 M M 2 22 260
13 96 71 84 4 0 19 0.00 M M 6.8 17 260 M M 1 22 260
14 96 70 83 3 0 18 0.00 M M 5.6 16 270 M M 5 21 270
15 100 71 86 6 0 21 0.00 M M 6.2 16 260 M M 4 23 260
16 98 70 84 4 0 19 0.00 M M 6.9 18 260 M M 4 8 24 240
17 92 70 81 1 0 16 0.00 M M 8.1 21 260 M M 0 8 24 260
18 79 70 75 -5 0 10 T M M 8.6 16 230 M M 9 22 260
19 86 68 77 -3 0 12 T M M 7.7 17 220 M M 4 24 230
20 86 64 75 -5 0 10 0.00 M M 7.9 17 240 M M 3 8 25 250
21 77 65 71 -9 0 6 0.00 M M 6.1 14 230 M M 7 21 250
22 84 65 75 -5 0 10 0.00 M M 5.9 15 270 M M 5 18 260
23 87 63 75 -5 0 10 0.00 M M 4.9 15 260 M M 0 8 19 250
24 94 64 79 -1 0 14 0.00 M M 4.9 16 270 M M 1 8 22 270
25 100 67 84 4 0 19 0.00 M M 5.6 18 270 M M 2 8 23 270
26 103 72 88 8 0 23 0.00 M M 5.4 16 270 M M 1 8 21 260
27 104 69 87 7 0 22 0.00 M M 5.6 16 260 M M 0 8 21 270
28 103 70 87 7 0 22 0.00 M M 5.8 17 270 M M 1 8 23 240
29 102 69 86 6 0 21 0.00 M M 6.6 17 270 M M 3 8 20 240
30 93 68 81 1 0 16 0.00 M M 8.2 17 250 M M 4 24 250
31 84 67 76 -4 0 11 T M M 8.6 20 270 M M 6 8 23 280
================================================================================
SM 2950 2119 0 527 T M 199.6 M 76
================================================================================
AV 95.2 68.4 6.4 FASTST M M 2 MAX(MPH)
MISC ----> 21 260 28 220
================================================================================
NOTES:
# LAST OF SEVERAL OCCURRENCES
COLUMN 17 PEAK WIND IN M.P.H.
PRELIMINARY LOCAL CLIMATOLOGICAL DATA (WS FORM: F-6) , PAGE 2
STATION: ONTARIO INTL AIRPORT CA
MONTH: AUGUST
YEAR: 2021
LATITUDE: 34 2 N
LONGITUDE: 117 37 W
[TEMPERATURE DATA] [PRECIPITATION DATA] SYMBOLS USED IN COLUMN 16
AVERAGE MONTHLY: 81.8 TOTAL FOR MONTH: T 1 = FOG OR MIST
DPTR FM NORMAL: 1.7 DPTR FM NORMAL: -0.03 2 = FOG REDUCING VISIBILITY
HIGHEST: 104 ON 27, 2 GRTST 24HR T ON 10-10 TO 1/4 MILE OR LESS
LOWEST: 63 ON 23 3 = THUNDER
SNOW, ICE PELLETS, HAIL 4 = ICE PELLETS
TOTAL MONTH: M 5 = HAIL
GRTST 24HR M ON M 6 = FREEZING RAIN OR DRIZZLE
GRTST DEPTH: M ON M 7 = DUSTSTORM OR SANDSTORM:
VSBY 1/2 MILE OR LESS
8 = SMOKE OR HAZE
[NO. OF DAYS WITH] [WEATHER - DAYS WITH] 9 = BLOWING SNOW
X = TORNADO
MAX 32 OR BELOW: 0 0.01 INCH OR MORE: 0
MAX 90 OR ABOVE: 24 0.10 INCH OR MORE: 0
MIN 32 OR BELOW: 0 0.50 INCH OR MORE: 0
MIN 0 OR BELOW: 0 1.00 INCH OR MORE: 0
[HDD (BASE 65) ]
TOTAL THIS MO. 0 CLEAR (SCALE 0-3) 20
DPTR FM NORMAL 0 PTCLDY (SCALE 4-7) 10
TOTAL FM JUL 1 0 CLOUDY (SCALE 8-10) 1
DPTR FM NORMAL 0
[CDD (BASE 65) ]
TOTAL THIS MO. 527
DPTR FM NORMAL 60 [PRESSURE DATA]
TOTAL FM JAN 1 1705 HIGHEST SLP 30.06 ON 14
DPTR FM NORMAL 332 LOWEST SLP 29.61 ON 27
[REMARKS]
#FINAL-08-21#