000
CXUS52 KMFL 011130
CF6OPF
PRELIMINARY LOCAL CLIMATOLOGICAL DATA (WS FORM: F-6)
STATION: OPA-LOCKA ARPT
MONTH: DECEMBER
YEAR: 2021
LATITUDE: 25 53 N
LONGITUDE: 80 17 W
TEMPERATURE IN F: :PCPN: SNOW: WIND :SUNSHINE: SKY :PK WND
================================================================================
1 2 3 4 5 6A 6B 7 8 9 10 11 12 13 14 15 16 17 18
12Z AVG MX 2MIN
DY MAX MIN AVG DEP HDD CDD WTR SNW DPTH SPD SPD DIR MIN PSBL S-S WX SPD DR
================================================================================
1 80 60 70 -2 0 5 0.00 M M 2.5 12 110 M M 0 17 80
2 80 61 71 -1 0 6 0.00 M M 5.0 15 330 M M 1 22 330
3 80 58 69 -3 0 4 0.00 M M 5.0 13 80 M M 1 17 90
4 80 61 71 -1 0 6 0.00 M M 3.4 13 120 M M 4 27 300
5 83 64 74 2 0 9 T M M 3.8 13 130 M M 3 15 110
6 83 70 77 5 0 12 0.43 0.0 0 5.1 17 250 M M 7 138 22 260
7 85 67 76 4 0 11 0.00 0.0 0 3.0 9 110 M M 1 12 14 50
8 85 64 75 4 0 10 T 0.0 0 3.3 12 170 M M 0 15 160
9 85 67 76 5 0 11 T 0.0 0 2.1 12 130 M M 1 1 14 120
10 84 68 76 5 0 11 0.00 0.0 0 5.0 14 120 M M 1 17 130
11 84 68 76 5 0 11 0.00 0.0 0 5.0 16 140 M M 1 20 150
12 85 68 77 6 0 12 0.00 0.0 M 4.9 14 90 M M 0 1 20 60
13 83 68 76 5 0 11 T 0.0 M 6.8 16 50 M M 1 22 70
14 83 68 76 5 0 11 0.01 0.0 0 8.2 16 80 M M 3 21 60
15 82 69 76 5 0 11 0.59 0.0 0 9.5 28 70 M M 3 1 32 70
16 84 71 78 8 0 13 0.01 0.0 0 11.3 22 90 M M 1 28 90
17 82 66 74 4 0 9 T 0.0 0 8.8 18 110 M M 2 23 110
18 83 71 77 7 0 12 0.22 0.0 0 8.8 25 130 M M 4 138 33 120
19 86 72 79 9 0 14 0.13 0.0 0 7.3 21 220 M M 3 1 25 220
20 84 70 77 7 0 12 0.00 0.0 0 4.7 15 80 M M 4 1 16 80
21 80 70 75 5 0 10 0.09 0.0 0 11.2 28 240 M M 3 18 37 250
22 72 58 65 -5 0 0 T 0.0 M 10.0 22 290 M M 3 28 300
23 75 53 64 -6 1 0 0.00 0.0 M 7.2 12 340 M M 0 14 340
24 79 56 68 -1 0 3 0.00 0.0 0 5.4 17 90 M M 0 27 90
25 81 60 71 2 0 6 0.00 0.0 0 4.0 14 100 M M 2 19 90
26 82 62 72 3 0 7 0.00 0.0 0 2.5 10 320 M M 1 14 330
27 83 63 73 4 0 8 0.00 0.0 0 3.7 10 110 M M 0 14 120
28 81 64 73 4 0 8 0.00 0.0 0 4.6 16 140 M M 4 1 22 150
29 83 64 74 5 0 9 0.00 0.0 0 4.4 14 170 M M 2 19 150
30 85 65 75 6 0 10 0.00 0.0 0 4.8 14 150 M M 1 12 17 160
31 84 66 75 7 0 10 0.00 0.0 0 3.8 13 130 M M 1 12 16 30
================================================================================
SM 2546 2012 1 272 1.48 0.0 175.1 M 58
================================================================================
AV 82.1 64.9 5.6 FASTST M M 2 MAX(MPH)
MISC ----> # 28 70 37 250
================================================================================
NOTES:
# LAST OF SEVERAL OCCURRENCES
COLUMN 17 PEAK WIND IN M.P.H.
PRELIMINARY LOCAL CLIMATOLOGICAL DATA (WS FORM: F-6) , PAGE 2
STATION: OPA-LOCKA ARPT
MONTH: DECEMBER
YEAR: 2021
LATITUDE: 25 53 N
LONGITUDE: 80 17 W
[TEMPERATURE DATA] [PRECIPITATION DATA] SYMBOLS USED IN COLUMN 16
AVERAGE MONTHLY: 73.5 TOTAL FOR MONTH: 1.48 1 = FOG OR MIST
DPTR FM NORMAL: 3.1 DPTR FM NORMAL: -0.69 2 = FOG REDUCING VISIBILITY
HIGHEST: 86 ON 19 GRTST 24HR 0.60 ON 14-15 TO 1/4 MILE OR LESS
LOWEST: 53 ON 23 3 = THUNDER
SNOW, ICE PELLETS, HAIL 4 = ICE PELLETS
TOTAL MONTH: 0.0 INCH 5 = HAIL
GRTST 24HR 0.0 6 = FREEZING RAIN OR DRIZZLE
GRTST DEPTH: 0 7 = DUSTSTORM OR SANDSTORM:
VSBY 1/2 MILE OR LESS
8 = SMOKE OR HAZE
[NO. OF DAYS WITH] [WEATHER - DAYS WITH] 9 = BLOWING SNOW
X = TORNADO
MAX 32 OR BELOW: 0 0.01 INCH OR MORE: 7
MAX 90 OR ABOVE: 0 0.10 INCH OR MORE: 4
MIN 32 OR BELOW: 0 0.50 INCH OR MORE: 1
MIN 0 OR BELOW: 0 1.00 INCH OR MORE: 0
[HDD (BASE 65) ]
TOTAL THIS MO. 1 CLEAR (SCALE 0-3) 23
DPTR FM NORMAL -29 PTCLDY (SCALE 4-7) 8
TOTAL FM JUL 1 1 CLOUDY (SCALE 8-10) 0
DPTR FM NORMAL -33
[CDD (BASE 65) ]
TOTAL THIS MO. 272
DPTR FM NORMAL 74 [PRESSURE DATA]
TOTAL FM JAN 1 4759 HIGHEST SLP 30.28 ON 14
DPTR FM NORMAL 266 LOWEST SLP 29.76 ON 21
[REMARKS]
#FINAL-12-21#