112
CXUS52 KMFL 011130
CF6OPF
PRELIMINARY LOCAL CLIMATOLOGICAL DATA (WS FORM: F-6)
STATION: OPA-LOCKA ARPT
MONTH: JANUARY
YEAR: 2021
LATITUDE: 25 53 N
LONGITUDE: 80 17 W
TEMPERATURE IN F: :PCPN: SNOW: WIND :SUNSHINE: SKY :PK WND
================================================================================
1 2 3 4 5 6A 6B 7 8 9 10 11 12 13 14 15 16 17 18
12Z AVG MX 2MIN
DY MAX MIN AVG DEP HDD CDD WTR SNW DPTH SPD SPD DIR MIN PSBL S-S WX SPD DR
================================================================================
1 81 72 77 10 0 12 T 0.0 0 13.4 25 150 M M 5 30 130
2 81 65 73 6 0 8 T 0.0 0 10.7 21 160 M M 5 26 150
3 83 62 73 6 0 8 0.00 0.0 0 6.6 15 190 M M 3 18 190
4 75 61 68 1 0 3 0.00 M M 7.1 15 350 M M 8 25 360
5 71 54 63 -4 2 0 0.00 M M 7.2 16 330 M M 0 20 320
6 73 52 63 -4 2 0 0.00 M M 2.6 8 340 M M 0 22 270
7 77 54 66 -1 0 1 0.00 M M 6.1 17 110 M M 1 27 160
8 75 61 68 1 0 3 0.00 M M 12.0 21 270 M M 4 26 270
9 65 52 59 -8 6 0 0.00 M M 10.3 21 310 M M 3 27 300
10 70 46 58 -9 7 0 0.00 M M 5.8 13 300 M M 1 16 300
11 77 58 68 1 0 3 0.00 M M 6.4 15 170 M M 2 19 130
12 76 63 70 3 0 5 T M M 4.4 14 330 M M 1 19 340
13 78 60 69 2 0 4 0.32 M M 6.6 16 330 M M 6 1 19 350
14 68 57 63 -4 2 0 0.11 M M 6.4 17 350 M M 9 1 23 350
15 75 62 69 2 0 4 T M M 6.0 12 180 M M 5 19 360
16 72 57 65 -2 0 0 0.00 M M 11.5 23 320 M M 2 29 320
17 68 50 59 -8 6 0 0.00 M M 3.4 13 290 M M 1 16 260
18 71 57 64 -3 1 0 T M M 4.9 13 350 M M 2 8 19 300
19 74 53 64 -3 1 0 0.00 M M 6.8 16 80 M M 0 8 21 90
20 75 55 65 -2 0 0 T M M 5.9 16 70 M M 1 23 40
21 77 54 66 -1 0 1 0.00 M M 3.5 12 170 M M 1 17 170
22 78 53 66 -1 0 1 0.00 M M 4.9 15 230 M M 2 128 19 250
23 80 56 68 1 0 3 T M M 3.4 10 110 M M 1 12 16 100
24 81 63 72 5 0 7 0.00 M M 3.4 10 110 M M 3 12 14 80
25 80 64 72 5 0 7 T M 0 6.5 20 150 M M 3 8 26 150
26 83 62 73 6 0 8 0.00 0.0 M 6.4 16 160 M M 0 20 130
27 85 63 74 7 0 9 0.00 M 0 6.8 16 280 M M 1 1 23 330
28 77 55 66 -2 0 1 T M 0 12.1 22 350 M M 3 27 30
29 73 52 63 -5 2 0 0.00 M 0 9.5 17 80 M M 4 21 80
30 75 53 64 -4 1 0 0.00 0.0 M 8.5 21 110 M M 5 25 100
31 78 65 72 4 0 7 0.00 0.0 M 10.5 20 130 M M 5 25 140
================================================================================
SM 2352 1791 30 95 0.43 0.0 219.6 M 87
================================================================================
AV 75.9 57.8 7.1 FASTST M M 3 MAX(MPH)
MISC ----> 25 150 30 130
================================================================================
NOTES:
# LAST OF SEVERAL OCCURRENCES
COLUMN 17 PEAK WIND IN M.P.H.
PRELIMINARY LOCAL CLIMATOLOGICAL DATA (WS FORM: F-6) , PAGE 2
STATION: OPA-LOCKA ARPT
MONTH: JANUARY
YEAR: 2021
LATITUDE: 25 53 N
LONGITUDE: 80 17 W
[TEMPERATURE DATA] [PRECIPITATION DATA] SYMBOLS USED IN COLUMN 16
AVERAGE MONTHLY: 66.8 TOTAL FOR MONTH: 0.43 1 = FOG OR MIST
DPTR FM NORMAL: -0.3 DPTR FM NORMAL: -1.81 2 = FOG REDUCING VISIBILITY
HIGHEST: 85 ON 27 GRTST 24HR 0.45 ON 13-14 TO 1/4 MILE OR LESS
LOWEST: 46 ON 10 3 = THUNDER
SNOW, ICE PELLETS, HAIL 4 = ICE PELLETS
TOTAL MONTH: 0.0 INCH 5 = HAIL
GRTST 24HR 0.0 6 = FREEZING RAIN OR DRIZZLE
GRTST DEPTH: 0 7 = DUSTSTORM OR SANDSTORM:
VSBY 1/2 MILE OR LESS
8 = SMOKE OR HAZE
[NO. OF DAYS WITH] [WEATHER - DAYS WITH] 9 = BLOWING SNOW
X = TORNADO
MAX 32 OR BELOW: 0 0.01 INCH OR MORE: 2
MAX 90 OR ABOVE: 0 0.10 INCH OR MORE: 2
MIN 32 OR BELOW: 0 0.50 INCH OR MORE: 0
MIN 0 OR BELOW: 0 1.00 INCH OR MORE: 0
[HDD (BASE 65) ]
TOTAL THIS MO. 30 CLEAR (SCALE 0-3) 20
DPTR FM NORMAL -30 PTCLDY (SCALE 4-7) 10
TOTAL FM JUL 1 84 CLOUDY (SCALE 8-10) 1
DPTR FM NORMAL -13
[CDD (BASE 65) ]
TOTAL THIS MO. 95
DPTR FM NORMAL -30 [PRESSURE DATA]
TOTAL FM JAN 1 95 HIGHEST SLP 30.33 ON 19
DPTR FM NORMAL -30 LOWEST SLP 29.86 ON 15
[REMARKS]
#FINAL-01-21#