000
CXUS54 KMRX 191030
CF6OQT
PRELIMINARY LOCAL CLIMATOLOGICAL DATA (WS FORM: F-6)
STATION: OAK RIDGE
MONTH: APRIL
YEAR: 2024
LATITUDE: 36 1 N
LONGITUDE: 84 14 W
TEMPERATURE IN F: :PCPN: SNOW: WIND :SUNSHINE: SKY :PK WND
================================================================================
1 2 3 4 5 6A 6B 7 8 9 10 11 12 13 14 15 16 17 18
12Z AVG MX 2MIN
DY MAX MIN AVG DEP HDD CDD WTR SNW DPTH SPD SPD DIR MIN PSBL S-S WX SPD DR
================================================================================
1 78 64 71 15 0 6 0.00 M M 3.6 12 190 M M 9 21 210
2 78 64 71 15 0 6 0.22 M M 6.8 17 190 M M 9 1 35 200
3 65 43 54 -2 11 0 0.40 M M 6.8 20 260 M M 8 1 38 250
4 53 42 48 -9 17 0 0.01 M M 6.4 16 280 M M 10 29 290
5 50 40 45 -12 20 0 0.00 M M 2.0 7 300 M M 9 14 330
6 62 35 49 -8 16 0 0.00 M M 2.3 9 130 M M 0 16 90
7 73 37 55 -3 10 0 0.00 M M 1.6 7 150 M M 1 12 140
8 63 51 57 -1 8 0 0.13 M M 1.4 7 260 M M 8 1 13 290
9 60 55 58 0 7 0 0.35 M M 1.4 9 220 M M 9 1 23 220
10 73 56 65 7 0 0 0.08 M M 1.2 7 150 M M 6 1 13 210
11 70 54 62 3 3 0 0.53 M M 2.4 15 250 M M 9 18 33 260
12 61 49 55 -4 10 0 0.03 M M 6.0 21 280 M M 6 1 42 250
13 76 42 59 0 6 0 0.00 M M 3.3 13 290 M M 0 22 260
14 86 47 67 7 0 2 0.00 M M 2.1 15 250 M M 0 29 250
15 86 54 70 10 0 5 0.00 M M 1.6 9 250 M M 0 17 280
16 85 61 73 13 0 8 0.00 M M 0.9 7 190 M M 1 16 190
17 72 62 67 7 0 2 0.02 M M 3.2 9 190 M M 6 22 200
18 86 61 74 13 0 9 0.00 M M 0.9 6 80 M M 5 10 140
================================================================================
SM 1277 917 108 38 1.77 M 53.9 M 96
================================================================================
AV 70.9 50.9 3.0 FASTST M M 5 MAX(MPH)
MISC ----> 21 280 42 250
================================================================================
NOTES:
# LAST OF SEVERAL OCCURRENCES
COLUMN 17 PEAK WIND IN M.P.H.
PRELIMINARY LOCAL CLIMATOLOGICAL DATA (WS FORM: F-6) , PAGE 2
STATION: OAK RIDGE
MONTH: APRIL
YEAR: 2024
LATITUDE: 36 1 N
LONGITUDE: 84 14 W
[TEMPERATURE DATA] [PRECIPITATION DATA] SYMBOLS USED IN COLUMN 16
AVERAGE MONTHLY: 60.9 TOTAL FOR MONTH: 1.77 1 = FOG OR MIST
DPTR FM NORMAL: 2.7 DPTR FM NORMAL: -1.31 2 = FOG REDUCING VISIBILITY
HIGHEST: 86 ON 18,15 GRTST 24HR 0.62 ON 2- 3 TO 1/4 MILE OR LESS
LOWEST: 35 ON 6 3 = THUNDER
SNOW, ICE PELLETS, HAIL 4 = ICE PELLETS
TOTAL MONTH: M 5 = HAIL
GRTST 24HR M ON M 6 = FREEZING RAIN OR DRIZZLE
GRTST DEPTH: M ON M 7 = DUSTSTORM OR SANDSTORM:
VSBY 1/2 MILE OR LESS
8 = SMOKE OR HAZE
[NO. OF DAYS WITH] [WEATHER - DAYS WITH] 9 = BLOWING SNOW
X = TORNADO
MAX 32 OR BELOW: 0 0.01 INCH OR MORE: 9
MAX 90 OR ABOVE: 0 0.10 INCH OR MORE: 5
MIN 32 OR BELOW: 0 0.50 INCH OR MORE: 1
MIN 0 OR BELOW: 0 1.00 INCH OR MORE: 0
[HDD (BASE 65) ]
TOTAL THIS MO. 108 CLEAR (SCALE 0-3) 6
DPTR FM NORMAL -31 PTCLDY (SCALE 4-7) 6
TOTAL FM JUL 1 2947 CLOUDY (SCALE 8-10) 6
DPTR FM NORMAL -436
[CDD (BASE 65) ]
TOTAL THIS MO. 38
DPTR FM NORMAL 21 [PRESSURE DATA]
TOTAL FM JAN 1 40 HIGHEST SLP M ON M
DPTR FM NORMAL 16 LOWEST SLP 29.35 ON 11
[REMARKS]