000
CXUS54 KMRX 011000
CF6OQT
PRELIMINARY LOCAL CLIMATOLOGICAL DATA (WS FORM: F-6)
STATION: OAK_RIDGE_(ASOS)
MONTH: MARCH
YEAR: 2020
LATITUDE: 36 1 N
LONGITUDE: 84 14 W
TEMPERATURE IN F: :PCPN: SNOW: WIND :SUNSHINE: SKY :PK WND
================================================================================
1 2 3 4 5 6A 6B 7 8 9 10 11 12 13 14 15 16 17 18
12Z AVG MX 2MIN
DY MAX MIN AVG DEP HDD CDD WTR SNW DPTH SPD SPD DIR MIN PSBL S-S WX SPD DR
================================================================================
1 63 24 44 -2 21 0 0.00 M M 1.8 9 210 M M 0 16 190
2 55 45 50 4 15 0 0.84 M M 1.7 12 220 M M 8 1 19 210
3 69 45 57 11 8 0 0.94 M M 4.0 17 280 M M 6 1 26 300
4 65 41 53 6 12 0 0.00 M M 1.1 8 250 M M 0 12 260
5 61 45 53 6 12 0 0.00 M M 3.0 12 210 M M 1 17 230
6 52 38 45 -2 20 0 0.00 M M 7.7 16 300 M M 8 28 320
7 53 34 44 -4 21 0 0.00 M M 4.3 14 100 M M 3 19 100
8 65 29 47 -1 18 0 0.00 M M 2.2 10 210 M M 0 17 200
9 70 41 56 8 9 0 0.00 M M 5.1 17 200 M M 1 26 200
10 62 54 58 9 7 0 0.53 M M 3.1 10 200 M M 10 1 20 210
11 68 54 61 12 4 0 T M M 2.0 12 260 M M 6 12 17 280
12 66 51 59 10 6 0 0.02 M M 0.8 9 280 M M 10 14 280
13 69 55 62 12 3 0 0.68 M M 4.4 10 350 M M 4 1 17 230
14 57 50 54 4 11 0 0.11 M M 2.6 8 50 M M 10 1 14 80
15 55 44 50 0 15 0 0.15 M M 4.6 10 70 M M 8 1 15 60
16 57 43 50 0 15 0 0.05 M M 1.5 6 260 M M 10 1 8 270
17 61 52 57 6 8 0 0.45 M M 2.3 7 270 M M 10 1 13 290
18 70 54 62 11 3 0 0.10 M M 2.2 12 250 M M 9 1 15 260
19 79 61 70 19 0 5 0.66 M M 4.1 17 210 M M 6 1 28 200
20 71 61 66 14 0 1 1.00 M M 4.8 12 290 M M 9 1 19 200
21 61 42 52 0 13 0 0.08 M M 2.7 8 210 M M 10 1 14 10
22 60 41 51 -1 14 0 T M M 1.7 9 60 M M 4 13 50
23 58 53 56 4 9 0 0.91 M M 2.2 8 260 M M 10 1 14 210
24 56 52 54 1 11 0 0.83 M M 0.9 7 100 M M 10 1 11 90
25 68 48 58 5 7 0 0.00 M M 2.7 12 80 M M 3 1 17 80
26 78 43 61 8 4 0 0.00 M M 4.1 14 200 M M 0 21 180
27 84 57 71 17 0 6 0.00 M M 4.4 14 200 M M 1 22 220
28 83 63 73 19 0 8 0.00 M M 4.6 15 200 M M 3 25 220
29 79 62 71 17 0 6 0.40 M M 6.2 16 260 M M 2 1 25 220
30 72 48 60 6 5 0 0.00 M M 2.5 10 260 M M 0 8 16 260
31 56 44 50 -5 15 0 0.64 M M 3.7 10 70 M M 9 1 17 80
================================================================================
SM 2023 1474 286 26 8.39 M 99.0 M 171
================================================================================
AV 65.3 47.6 3.2 FASTST M M 6 MAX(MPH)
MISC ----> # 17 280 # 28 320
================================================================================
NOTES:
# LAST OF SEVERAL OCCURRENCES
COLUMN 17 PEAK WIND IN M.P.H.
PRELIMINARY LOCAL CLIMATOLOGICAL DATA (WS FORM: F-6) , PAGE 2
STATION: OAK_RIDGE_(ASOS)
MONTH: MARCH
YEAR: 2020
LATITUDE: 36 1 N
LONGITUDE: 84 14 W
[TEMPERATURE DATA] [PRECIPITATION DATA] SYMBOLS USED IN COLUMN 16
AVERAGE MONTHLY: 56.4 TOTAL FOR MONTH: 8.39 1 = FOG OR MIST
DPTR FM NORMAL: 6.0 DPTR FM NORMAL: 3.33 2 = FOG REDUCING VISIBILITY
HIGHEST: 84 ON 27 GRTST 24HR 1.00 ON 20-20 TO 1/4 MILE OR LESS
LOWEST: 24 ON 1 3 = THUNDER
SNOW, ICE PELLETS, HAIL 4 = ICE PELLETS
TOTAL MONTH: M 5 = HAIL
GRTST 24HR M ON M 6 = FREEZING RAIN OR DRIZZLE
GRTST DEPTH: M ON M 7 = DUSTSTORM OR SANDSTORM:
VSBY 1/2 MILE OR LESS
8 = SMOKE OR HAZE
[NO. OF DAYS WITH] [WEATHER - DAYS WITH] 9 = BLOWING SNOW
X = TORNADO
MAX 32 OR BELOW: 0 0.01 INCH OR MORE: 17
MAX 90 OR ABOVE: 0 0.10 INCH OR MORE: 14
MIN 32 OR BELOW: 2 0.50 INCH OR MORE: 9
MIN 0 OR BELOW: 0 1.00 INCH OR MORE: 1
[HDD (BASE 65) ]
TOTAL THIS MO. 286 CLEAR (SCALE 0-3) 11
DPTR FM NORMAL -172 PTCLDY (SCALE 4-7) 7
TOTAL FM JUL 1 2742 CLOUDY (SCALE 8-10) 13
DPTR FM NORMAL -678
[CDD (BASE 65) ]
TOTAL THIS MO. 26
DPTR FM NORMAL 22 [PRESSURE DATA]
TOTAL FM JAN 1 26 HIGHEST SLP 30.62 ON 8
DPTR FM NORMAL 22 LOWEST SLP 29.67 ON 3
[REMARKS]
#FINAL-03-20#