000
CXUS51 KAKQ 010710
CF6ORF
PRELIMINARY LOCAL CLIMATOLOGICAL DATA (WS FORM: F-6)
STATION: NORFOLK VA
MONTH: AUGUST
YEAR: 2023
LATITUDE: 36 54 N
LONGITUDE: 76 12 W
TEMPERATURE IN F: :PCPN: SNOW: WIND :SUNSHINE: SKY :PK WND
================================================================================
1 2 3 4 5 6A 6B 7 8 9 10 11 12 13 14 15 16 17 18
12Z AVG MX 2MIN
DY MAX MIN AVG DEP HDD CDD WTR SNW DPTH SPD SPD DIR MIN PSBL S-S WX SPD DR
================================================================================
1 84 72 78 -3 0 13 0.00 0.0 0 7.5 18 20 M M 1 23 20
2 82 69 76 -4 0 11 0.00 0.0 0 6.9 13 40 M M 0 15 40
3 83 66 75 -5 0 10 0.07 0.0 0 5.6 15 180 M M 4 1 25 160
4 79 69 74 -6 0 9 2.35 0.0 0 5.6 14 160 M M 10 12 25 150
5 81 72 77 -3 0 12 T 0.0 0 6.8 15 30 M M 3 1 19 30
6 87 70 79 -1 0 14 T 0.0 0 6.7 15 160 M M 2 1 24 160
7 92 74 83 3 0 18 0.00 0.0 0 11.2 29 210 M M 3 35 210
8 88 75 82 2 0 17 0.00 0.0 0 9.4 20 230 M M 0 29 230
9 88 73 81 1 0 16 0.00 0.0 0 5.5 13 360 M M 0 20 120
10 85 72 79 -1 0 14 0.76 0.0 0 8.6 25 220 M M 3 123 30 210
11 86 74 80 0 0 15 0.00 0.0 0 4.0 10 70 M M 1 14 80
12 91 73 82 2 0 17 0.00 0.0 0 5.3 10 190 M M 1 16 20
13 96 78 87 7 0 22 0.00 0.0 0 6.7 17 230 M M 1 22 230
14 96 77 87 7 0 22 0.49 0.0 0 4.5 25 230 M M 1 13 44 230
15 96 75 86 7 0 21 0.31 0.0 0 11.9 25 200 M M 2 3 33 190
16 84 74 79 0 0 14 0.69 0.0 0 5.8 14 20 M M 4 13 18 350
17 89 73 81 2 0 16 0.14 0.0 0 9.1 18 200 M M 6 13 26 200
18 89 76 83 4 0 18 0.00 0.0 0 7.6 16 210 M M 2 20 230
19 80 70 75 -4 0 10 0.00 0.0 0 8.5 20 30 M M 1 27 30
20 87 69 78 -1 0 13 0.00 0.0 0 5.9 14 150 M M 2 18 100
21 93 75 84 5 0 19 0.00 0.0 0 4.7 9 30 M M 0 13 270
22 83 72 78 -1 0 13 0.00 0.0 0 10.3 22 360 M M 3 1 28 360
23 80 70 75 -4 0 10 0.00 0.0 0 9.4 20 30 M M 1 26 40
24 85 68 77 -1 0 12 T 0.0 0 5.9 15 150 M M 3 23 140
25 92 73 83 5 0 18 0.00 0.0 0 13.0 24 210 M M 2 31 230
26 90 77 84 6 0 19 0.00 0.0 0 7.0 18 200 M M 2 23 220
27 82 76 79 1 0 14 0.00 0.0 0 8.1 16 70 M M 4 1 20 70
28 82 74 78 0 0 13 2.18 0.0 0 8.1 16 60 M M 8 123 23 60
29 85 75 80 2 0 15 T 0.0 0 3.3 9 40 M M 6 1 11 20
30 90 76 83 5 0 18 0.03 0.0 0 6.9 17 30 M M 4 13 21 30
31 78 69 74 -4 0 9 0.45 0.0 0 20.0 36 40 M M 6 1 45 30
================================================================================
SM 2683 2256 0 462 7.47 0.0 239.8 M 86
================================================================================
AV 86.5 72.8 7.7 FASTST M M 3 MAX(MPH)
MISC ----> 36 40 45 30
================================================================================
NOTES:
# LAST OF SEVERAL OCCURRENCES
COLUMN 17 PEAK WIND IN M.P.H.
PRELIMINARY LOCAL CLIMATOLOGICAL DATA (WS FORM: F-6) , PAGE 2
STATION: NORFOLK VA
MONTH: AUGUST
YEAR: 2023
LATITUDE: 36 54 N
LONGITUDE: 76 12 W
[TEMPERATURE DATA] [PRECIPITATION DATA] SYMBOLS USED IN COLUMN 16
AVERAGE MONTHLY: 79.7 TOTAL FOR MONTH: 7.47 1 = FOG OR MIST
DPTR FM NORMAL: 0.5 DPTR FM NORMAL: 1.59 2 = FOG REDUCING VISIBILITY
HIGHEST: 96 ON 15,14 GRTST 24HR 2.42 ON 3- 4 TO 1/4 MILE OR LESS
LOWEST: 66 ON 3 3 = THUNDER
SNOW, ICE PELLETS, HAIL 4 = ICE PELLETS
TOTAL MONTH: 0.0 INCH 5 = HAIL
GRTST 24HR 0.0 6 = FREEZING RAIN OR DRIZZLE
GRTST DEPTH: 0 7 = DUSTSTORM OR SANDSTORM:
VSBY 1/2 MILE OR LESS
8 = SMOKE OR HAZE
[NO. OF DAYS WITH] [WEATHER - DAYS WITH] 9 = BLOWING SNOW
X = TORNADO
MAX 32 OR BELOW: 0 0.01 INCH OR MORE: 10
MAX 90 OR ABOVE: 9 0.10 INCH OR MORE: 8
MIN 32 OR BELOW: 0 0.50 INCH OR MORE: 4
MIN 0 OR BELOW: 0 1.00 INCH OR MORE: 2
[HDD (BASE 65) ]
TOTAL THIS MO. 0 CLEAR (SCALE 0-3) 21
DPTR FM NORMAL 0 PTCLDY (SCALE 4-7) 9
TOTAL FM JUL 1 0 CLOUDY (SCALE 8-10) 1
DPTR FM NORMAL 0
[CDD (BASE 65) ]
TOTAL THIS MO. 462
DPTR FM NORMAL 20 [PRESSURE DATA]
TOTAL FM JAN 1 1390 HIGHEST SLP M ON M
DPTR FM NORMAL -120 LOWEST SLP 29.67 ON 10
[REMARKS]
#FINAL-08-23#