000
CXUS53 KGRB 040509
CF6OSH
PRELIMINARY LOCAL CLIMATOLOGICAL DATA (WS FORM: F-6)
STATION: OSHKOSH WI
MONTH: AUGUST
YEAR: 2021
LATITUDE: 44 0 N
LONGITUDE: 88 34 W
TEMPERATURE IN F: :PCPN: SNOW: WIND :SUNSHINE: SKY :PK WND
================================================================================
1 2 3 4 5 6A 6B 7 8 9 10 11 12 13 14 15 16 17 18
12Z AVG MX 2MIN
DY MAX MIN AVG DEP HDD CDD WTR SNW DPTH SPD SPD DIR MIN PSBL S-S WX SPD DR
================================================================================
1 76 58 67 -4 0 2 0.00 0.0 0 7.1 18 10 M M 3 18 26 30
2 78 55 67 -4 0 2 0.00 0.0 0 3.5 10 190 M M 1 14 300
3 81 57 69 -2 0 4 0.00 0.0 0 4.3 12 290 M M 2 8 16 300
4 83 63 73 2 0 8 0.00 0.0 0 3.5 8 200 M M 1 1 12 190
5 82 62 72 1 0 7 0.00 0.0 0 8.9 18 210 M M 3 18 29 200
6 83 65 74 3 0 9 0.08 0.0 0 7.5 16 190 M M 5 13 23 200
7 74 64 69 -2 0 4 1.47 0.0 0 6.6 22 190 M M 7 13 30 180
8 86 67 77 6 0 12 0.44 0.0 0 7.5 33 190 M M 6 138 47 190
9 76 68 72 1 0 7 0.42 0.0 0 5.1 13 70 M M 6 13 18 150
10 89 62 76 6 0 11 0.09 0.0 0 8.4 36 250 M M 2 123 47 250
11 86 68 77 7 0 12 T 0.0 0 9.4 24 210 M M 3 36 230
12 85 61 73 3 0 8 0.00 0.0 0 6.1 14 290 M M 2 22 240
13 79 58 69 -1 0 4 0.00 0.0 0 6.5 17 310 M M 0 26 280
14 79 51 65 -5 0 0 0.00 0.0 0 4.9 13 200 M M 0 8 21 200
15 80 59 70 0 0 5 0.00 0.0 0 6.0 12 200 M M 0 16 200
16 79 53 66 -4 0 1 0.00 0.0 0 4.9 12 180 M M 2 14 180
17 81 57 69 -1 0 4 0.00 0.0 0 6.1 13 200 M M 1 17 200
18 85 62 74 5 0 9 0.00 0.0 0 4.6 12 120 M M 2 15 110
19 87 62 75 6 0 10 0.00 0.0 0 3.6 9 140 M M 1 12 12 140
20 86 63 75 6 0 10 0.00 0.0 0 6.7 16 120 M M 1 18 22 130
21 83 66 75 6 0 10 0.01 0.0 0 8.1 20 190 M M 3 1 27 180
22 76 58 67 -2 0 2 0.00 0.0 0 6.1 15 30 M M 0 19 30
23 84 59 72 3 0 7 0.05 0.0 0 5.1 16 180 M M 2 1 21 180
24 85 66 76 8 0 11 1.29 0.0 0 5.1 35 340 M M 3 13 48 350
25 85 65 75 7 0 10 0.00 0.0 0 6.1 13 290 M M 4 1 19 300
26 82 68 75 7 0 10 0.62 0.0 0 7.9 15 90 M M 1 13 22 110
27 77 69 73 5 0 8 0.46 0.0 0 7.3 25 360 M M 7 13 35 360
28 87 69 78 10 0 13 1.03 0.0 0 6.1 22 200 M M 4 13 34 210
29 83 68 76 9 0 11 0.00 0.0 0 8.4 21 190 M M 2 3 29 180
30 81 62 72 5 0 7 0.00 0.0 0 5.5 14 320 M M 0 20 240
31 74 61 68 1 0 3 0.00 0.0 0 7.9 13 50 M M 1 20 60
================================================================================
SM 2532 1926 0 221 5.96 0.0 194.8 M 75
================================================================================
AV 81.7 62.1 6.3 FASTST M M 2 MAX(MPH)
MISC ----> 36 250 48 350
================================================================================
NOTES:
# LAST OF SEVERAL OCCURRENCES
COLUMN 17 PEAK WIND IN M.P.H.
PRELIMINARY LOCAL CLIMATOLOGICAL DATA (WS FORM: F-6) , PAGE 2
STATION: OSHKOSH WI
MONTH: AUGUST
YEAR: 2021
LATITUDE: 44 0 N
LONGITUDE: 88 34 W
[TEMPERATURE DATA] [PRECIPITATION DATA] SYMBOLS USED IN COLUMN 16
AVERAGE MONTHLY: 71.9 TOTAL FOR MONTH: 5.96 1 = FOG OR MIST
DPTR FM NORMAL: 2.5 DPTR FM NORMAL: 2.76 2 = FOG REDUCING VISIBILITY
HIGHEST: 89 ON 10 GRTST 24HR 1.84 ON 7- 8 TO 1/4 MILE OR LESS
LOWEST: 51 ON 14 3 = THUNDER
SNOW, ICE PELLETS, HAIL 4 = ICE PELLETS
TOTAL MONTH: 0.0 INCH 5 = HAIL
GRTST 24HR 0.0 6 = FREEZING RAIN OR DRIZZLE
GRTST DEPTH: 0 7 = DUSTSTORM OR SANDSTORM:
VSBY 1/2 MILE OR LESS
8 = SMOKE OR HAZE
[NO. OF DAYS WITH] [WEATHER - DAYS WITH] 9 = BLOWING SNOW
X = TORNADO
MAX 32 OR BELOW: 0 0.01 INCH OR MORE: 11
MAX 90 OR ABOVE: 0 0.10 INCH OR MORE: 7
MIN 32 OR BELOW: 0 0.50 INCH OR MORE: 4
MIN 0 OR BELOW: 0 1.00 INCH OR MORE: 3
[HDD (BASE 65) ]
TOTAL THIS MO. 0 CLEAR (SCALE 0-3) 21
DPTR FM NORMAL -20 PTCLDY (SCALE 4-7) 10
TOTAL FM JUL 1 7 CLOUDY (SCALE 8-10) 0
DPTR FM NORMAL -21
[CDD (BASE 65) ]
TOTAL THIS MO. 221
DPTR FM NORMAL 63 [PRESSURE DATA]
TOTAL FM JAN 1 690 HIGHEST SLP 30.26 ON 14
DPTR FM NORMAL 179 LOWEST SLP 29.59 ON 11
[REMARKS]
#FINAL-08-21#