000
CXUS56 KMFR 012155
CF6OTH
PRELIMINARY LOCAL CLIMATOLOGICAL DATA (WS FORM: F-6)
STATION: NORTH BEND OR
MONTH: APRIL
YEAR: 2023
LATITUDE: 43 25 N
LONGITUDE: 124 15 W
TEMPERATURE IN F: :PCPN: SNOW: WIND :SUNSHINE: SKY :PK WND
================================================================================
1 2 3 4 5 6A 6B 7 8 9 10 11 12 13 14 15 16 17 18
12Z AVG MX 2MIN
DY MAX MIN AVG DEP HDD CDD WTR SNW DPTH SPD SPD DIR MIN PSBL S-S WX SPD DR
================================================================================
1 52 41 47 -2 18 0 0.80 M M 10.6 22 260 M M 10 1 28 260
2 48 36 42 -7 23 0 0.24 M M 12.3 30 290 M M 9 18 36 290
3 47 33 40 -9 25 0 0.38 M M 7.8 16 30 M M 7 1 24 320
4 48 38 43 -6 22 0 0.47 M M 8.1 16 280 M M 10 1 18 280
5 51 42 47 -2 18 0 0.20 M M 8.3 16 220 M M 10 22 240
6 58 47 53 4 12 0 0.26 M M 12.2 26 170 M M 10 32 170
7 52 45 49 -1 16 0 0.58 M M 8.1 16 250 M M 10 1 20 250
8 58 42 50 0 15 0 0.00 M M 7.4 16 210 M M 10 23 200
9 58 48 53 3 12 0 0.59 M M 6.5 25 210 M M 10 1 36 200
10 51 40 46 -4 19 0 0.72 M M 8.3 18 10 M M 10 1 23 350
11 50 39 45 -5 20 0 0.15 M M 9.7 22 270 M M 7 1 32 230
12 49 38 44 -6 21 0 0.15 M M 8.4 28 270 M M 5 1 32 270
13 51 35 43 -7 22 0 T M M 6.6 13 300 M M 5 16 310
14 53 38 46 -4 19 0 0.00 M M 6.6 13 340 M M 5 17 330
15 52 43 48 -2 17 0 0.00 M M 9.3 20 260 M M 8 23 260
16 52 42 47 -3 18 0 0.23 M M 10.3 21 260 M M 8 1 26 250
17 51 38 45 -5 20 0 0.49 M M 11.5 31 260 M M 8 1 38 210
18 48 37 43 -7 22 0 0.47 M M 11.5 21 210 M M 8 1 25 210
19 51 39 45 -6 20 0 0.52 M M 8.8 23 260 M M 9 1 28 260
20 51 42 47 -4 18 0 0.14 M M 11.0 21 210 M M 9 18 29 210
21 54 50 52 1 13 0 0.03 M M 5.1 15 220 M M 10 1 22 240
22 64 50 57 6 8 0 0.09 M M 5.1 15 280 M M 8 12 16 270
23 55 46 51 0 14 0 0.18 M M 8.7 16 240 M M 10 18 21 250
24 55 43 49 -2 16 0 0.03 M M 8.3 22 270 M M 5 1 24 270
25 58 39 49 -2 16 0 0.00 M M 10.9 28 360 M M 0 35 360
26 63 42 53 1 12 0 0.00 M M 10.0 28 350 M M 1 12 31 360
27 61 45 53 1 12 0 0.00 M M 10.7 25 350 M M 4 1 29 360
28 62 48 55 3 10 0 0.00 M M 7.5 15 280 M M 6 12 M M
29 55 48 52 0 13 0 0.00 M M 6.7 18 270 M M 9 M M
30 59 48 54 2 11 0 0.06 M M 8.7 16 240 M M 7 1 22 250
================================================================================
SM 1617 1262 502 0 6.78 M 265.1 M 228
================================================================================
AV 53.9 42.1 8.8 FASTST M M 8 MAX(MPH)
MISC ----> 31 260 38 210
================================================================================
NOTES:
# LAST OF SEVERAL OCCURRENCES
COLUMN 17 PEAK WIND IN M.P.H.
PRELIMINARY LOCAL CLIMATOLOGICAL DATA (WS FORM: F-6) , PAGE 2
STATION: NORTH BEND OR
MONTH: APRIL
YEAR: 2023
LATITUDE: 43 25 N
LONGITUDE: 124 15 W
[TEMPERATURE DATA] [PRECIPITATION DATA] SYMBOLS USED IN COLUMN 16
AVERAGE MONTHLY: 48.0 TOTAL FOR MONTH: 6.78 1 = FOG OR MIST
DPTR FM NORMAL: -2.4 DPTR FM NORMAL: 1.38 2 = FOG REDUCING VISIBILITY
HIGHEST: 64 ON 22 GRTST 24HR 1.03 ON 31- 1 TO 1/4 MILE OR LESS
LOWEST: 33 ON 3 3 = THUNDER
SNOW, ICE PELLETS, HAIL 4 = ICE PELLETS
TOTAL MONTH: M 5 = HAIL
GRTST 24HR M ON M 6 = FREEZING RAIN OR DRIZZLE
GRTST DEPTH: M ON M 7 = DUSTSTORM OR SANDSTORM:
VSBY 1/2 MILE OR LESS
8 = SMOKE OR HAZE
[NO. OF DAYS WITH] [WEATHER - DAYS WITH] 9 = BLOWING SNOW
X = TORNADO
MAX 32 OR BELOW: 0 0.01 INCH OR MORE: 21
MAX 90 OR ABOVE: 0 0.10 INCH OR MORE: 17
MIN 32 OR BELOW: 0 0.50 INCH OR MORE: 5
MIN 0 OR BELOW: 0 1.00 INCH OR MORE: 0
[HDD (BASE 65) ]
TOTAL THIS MO. 502 CLEAR (SCALE 0-3) 2
DPTR FM NORMAL 62 PTCLDY (SCALE 4-7) 12
TOTAL FM JUL 1 4121 CLOUDY (SCALE 8-10) 16
DPTR FM NORMAL 313
[CDD (BASE 65) ]
TOTAL THIS MO. 0
DPTR FM NORMAL 0 [PRESSURE DATA]
TOTAL FM JAN 1 0 HIGHEST SLP 30.47 ON 21
DPTR FM NORMAL 0 LOWEST SLP 29.78 ON 6
[REMARKS]
#FINAL-04-23#