000
CXAK56 PAFG 010950
CF6OTZ
PRELIMINARY LOCAL CLIMATOLOGICAL DATA (WS FORM: F-6)
STATION: KOTZEBUE AK
MONTH: JANUARY
YEAR: 2023
LATITUDE: 66 52 N
LONGITUDE: 162 38 W
TEMPERATURE IN F: :PCPN: SNOW: WIND :SUNSHINE: SKY :PK WND
================================================================================
1 2 3 4 5 6A 6B 7 8 9 10 11 12 13 14 15 16 17 18
12Z AVG MX 2MIN
DY MAX MIN AVG DEP HDD CDD WTR SNW DPTH SPD SPD DIR MIN PSBL S-S WX SPD DR
================================================================================
1 10 -2 4 4 61 0 0.00 M M 8.6 21 360 M M 2 1 23 360
2 12 0 6 6 59 0 0.01 M M 7.8 13 10 M M 8 1 15 10
3 17 -1 8 8 57 0 T M M 7.0 18 100 M M 8 1 M M
4 21 3 12 12 53 0 0.00 M M 7.8 18 120 M M 3 22 120
5 15 2 9 9 56 0 0.00 M M 4.7 12 90 M M 3 14 90
6 14 5 10 11 55 0 0.00 M M 7.6 15 130 M M 8 1 17 130
7 17 13 15 16 50 0 T M M 1.2 6 70 M M 10 12 7 70
8 16 -5 6 7 59 0 0.00 M M 8.2 16 290 M M 8 1 19 300
9 4 -5 0 1 65 0 0.00 M M 7.3 14 20 M M 10 17 20
10 15 -3 6 7 59 0 T M M 11.7 26 90 M M 9 32 90
11 15 13 14 15 51 0 0.01 M M 24.8 32 90 M M 10 19 38 90
12 14 10 12 13 53 0 0.09 M M 15.3 29 110 M M 10 1 33 110
13 13 7 10 11 55 0 T M M 5.6 14 30 M M 10 1 16 20
14 10 -3 4 5 61 0 0.00 M M 9.6 17 70 M M 9 21 70
15 12 2 7 8 58 0 T M M 13.0 23 70 M M 9 8 27 70
16 6 -9 -1 0 66 0 0.00 M M 10.6 18 20 M M 1 22 20
17 2 -7 -2 -1 67 0 T M M 4.9 9 350 M M 10 18 11 20
18 4 -2 1 2 64 0 0.06 M M 11.9 18 310 M M 10 1 M M
19 2 -8 -3 -2 68 0 0.02 M M 10.2 16 290 M M 10 1 18 290
20 -2 -12 -7 -6 72 0 T M M 12.8 21 280 M M 9 1 24 280
21 -12 -21 -16 -15 81 0 0.00 M M 12.1 20 280 M M 1 1 22 280
22 -9 -26 -17 -16 82 0 0.00 M M 10.9 20 360 M M 0 18 23 350
23 1 -15 -7 -6 72 0 0.00 M M 10.5 29 10 M M 0 89 33 10
24 1 -9 -4 -3 69 0 0.00 M M 14.6 25 50 M M 1 8 30 50
25 9 -14 -2 -2 67 0 0.13 M M 10.3 20 70 M M 9 18 23 70
26 -1 -21 -11 -11 76 0 0.03 M M 13.8 24 100 M M 5 189 29 100
27 9 -10 0 0 65 0 0.08 M M 29.4 37 100 M M 9 189 43 100
28 20 9 15 15 50 0 0.13 M M 22.8 39 100 M M 10 1269 46 100
29 19 10 15 15 50 0 0.00 M M 15.3 22 120 M M 6 25 120
30 23 18 21 21 44 0 T M M 24.8 32 90 M M 8 1 37 100
31 21 13 17 16 48 0 0.06 M M 21.4 26 90 M M 10 1 31 100
================================================================================
SM 298 -68 1893 0 0.62 M 376.5 M 216
================================================================================
AV 9.6 -2.2 12.1 FASTST M M 7 MAX(MPH)
MISC ----> 39 100 46 100
================================================================================
NOTES:
# LAST OF SEVERAL OCCURRENCES
COLUMN 17 PEAK WIND IN M.P.H.
PRELIMINARY LOCAL CLIMATOLOGICAL DATA (WS FORM: F-6) , PAGE 2
STATION: KOTZEBUE AK
MONTH: JANUARY
YEAR: 2023
LATITUDE: 66 52 N
LONGITUDE: 162 38 W
[TEMPERATURE DATA] [PRECIPITATION DATA] SYMBOLS USED IN COLUMN 16
AVERAGE MONTHLY: 3.7 TOTAL FOR MONTH: 0.62 1 = FOG OR MIST
DPTR FM NORMAL: 4.4 DPTR FM NORMAL: 0.00 2 = FOG REDUCING VISIBILITY
HIGHEST: 23 ON 30 GRTST 24HR 0.24 ON 27-27 TO 1/4 MILE OR LESS
LOWEST: -26 ON 22 3 = THUNDER
SNOW, ICE PELLETS, HAIL 4 = ICE PELLETS
TOTAL MONTH: M 5 = HAIL
GRTST 24HR M ON M 6 = FREEZING RAIN OR DRIZZLE
GRTST DEPTH: M ON M 7 = DUSTSTORM OR SANDSTORM:
VSBY 1/2 MILE OR LESS
8 = SMOKE OR HAZE
[NO. OF DAYS WITH] [WEATHER - DAYS WITH] 9 = BLOWING SNOW
X = TORNADO
MAX 32 OR BELOW: 31 0.01 INCH OR MORE: 10
MAX 90 OR ABOVE: 0 0.10 INCH OR MORE: 2
MIN 32 OR BELOW: 31 0.50 INCH OR MORE: 0
MIN 0 OR BELOW: 19 1.00 INCH OR MORE: 0
[HDD (BASE 65) ]
TOTAL THIS MO. 1893 CLEAR (SCALE 0-3) 7
DPTR FM NORMAL -143 PTCLDY (SCALE 4-7) 6
TOTAL FM JUL 1 7888 CLOUDY (SCALE 8-10) 18
DPTR FM NORMAL -31
[CDD (BASE 65) ]
TOTAL THIS MO. 0
DPTR FM NORMAL 0 [PRESSURE DATA]
TOTAL FM JAN 1 0 HIGHEST SLP M ON M
DPTR FM NORMAL 0 LOWEST SLP 29.03 ON 1
[REMARKS]
#FINAL-01-23#