000
CXUS53 KARX 041456
CF6OVS
PRELIMINARY LOCAL CLIMATOLOGICAL DATA (WS FORM: F-6)
STATION: BOSCOBEL_(ASOS) WI
MONTH: NOVEMBER
YEAR: 2021
LATITUDE: 43 9 N
LONGITUDE: 90 41 W
TEMPERATURE IN F: :PCPN: SNOW: WIND :SUNSHINE: SKY :PK WND
================================================================================
1 2 3 4 5 6A 6B 7 8 9 10 11 12 13 14 15 16 17 18
12Z AVG MX 2MIN
DY MAX MIN AVG DEP HDD CDD WTR SNW DPTH SPD SPD DIR MIN PSBL S-S WX SPD DR
================================================================================
1 50 29 40 -4 25 0 0.00 0.0 0 7.2 20 290 M M 4 29 260
2 48 23 36 -7 29 0 0.00 0.0 0 4.8 16 320 M M 1 18 24 240
3 46 20 33 -10 32 0 0.00 0.0 0 1.2 8 200 M M 4 18 12 210
4 54 32 43 1 22 0 0.00 0.0 0 3.0 13 240 M M 7 17 220
5 56 25 41 -1 24 0 0.00 0.0 0 7.8 22 210 M M 0 1 36 180
6 64 35 50 8 15 0 0.00 0.0 0 5.5 13 220 M M 1 18 20 210
7 70 32 51 10 14 0 0.00 0.0 0 4.6 16 200 M M 3 12 24 220
8 71 36 54 13 11 0 0.00 0.0 0 2.0 10 350 M M 0 18 16 360
9 62 27 45 5 20 0 0.00 0.0 0 1.9 10 350 M M 0 18 16 350
10 58 25 42 2 23 0 0.20 0.0 0 5.4 17 100 M M 5 1 27 100
11 57 39 48 9 17 0 0.40 0.0 0 9.6 23 270 M M 9 18 35 270
12 40 34 37 -2 28 0 0.11 T 0 8.3 16 220 M M 9 1 25 210
13 39 33 36 -2 29 0 T T 0 8.0 15 330 M M 10 1 23 320
14 40 31 36 -2 29 0 T T M 9.9 20 320 M M 10 18 34 310
15 38 22 30 -8 35 0 T T 0 0.9 7 120 M M 6 18 11 120
16 49 22 36 -1 29 0 0.00 0.0 0 3.1 14 120 M M 0 8 26 110
17 50 35 43 6 22 0 0.00 0.0 0 8.2 20 300 M M 3 18 30 310
18 35 27 31 -5 34 0 T T 0 10.1 20 270 M M 6 31 290
19 41 16 29 -7 36 0 0.00 0.0 0 4.1 10 180 M M 0 8 20 150
20 51 29 40 5 25 0 0.00 0.0 0 2.9 9 230 M M 1 18 16 200
21 52 25 39 4 26 0 0.00 0.0 0 8.8 29 290 M M 4 18 45 300
22 36 17 27 -7 38 0 0.00 0.0 0 4.6 13 300 M M 3 8 17 310
23 49 16 33 -1 32 0 0.00 0.0 0 4.6 14 200 M M 0 18 24 170
24 56 41 49 15 16 0 0.00 0.0 0 6.8 18 330 M M 1 8 27 320
25 41 15 28 -5 37 0 T T 0 9.1 18 310 M M 6 26 360
26 33 10 22 -11 43 0 0.00 0.0 0 1.5 10 110 M M 7 8 14 120
27 46 27 37 5 28 0 T T 0 2.8 13 330 M M 4 8 18 10
28 42 25 34 2 31 0 0.00 0.0 0 6.1 20 320 M M 0 29 330
29 53 26 40 8 25 0 0.00 0.0 0 4.1 16 230 M M 6 8 24 220
30 52 25 39 8 26 0 0.00 0.0 0 3.2 16 290 M M 1 18 23 300
================================================================================
SM 1479 799 801 0 0.71 T 160.1 M 111
================================================================================
AV 49.3 26.6 5.3 FASTST M M 4 MAX(MPH)
MISC ----> 29 290 45 300
================================================================================
NOTES:
# LAST OF SEVERAL OCCURRENCES
COLUMN 17 PEAK WIND IN M.P.H.
PRELIMINARY LOCAL CLIMATOLOGICAL DATA (WS FORM: F-6) , PAGE 2
STATION: BOSCOBEL_(ASOS) WI
MONTH: NOVEMBER
YEAR: 2021
LATITUDE: 43 9 N
LONGITUDE: 90 41 W
[TEMPERATURE DATA] [PRECIPITATION DATA] SYMBOLS USED IN COLUMN 16
AVERAGE MONTHLY: 38.0 TOTAL FOR MONTH: 0.71 1 = FOG OR MIST
DPTR FM NORMAL: 0.7 DPTR FM NORMAL: -1.16 2 = FOG REDUCING VISIBILITY
HIGHEST: 71 ON 8 GRTST 24HR 0.60 ON 10-11 TO 1/4 MILE OR LESS
LOWEST: 10 ON 26 3 = THUNDER
SNOW, ICE PELLETS, HAIL 4 = ICE PELLETS
TOTAL MONTH: T 5 = HAIL
GRTST 24HR T ON 12-12 6 = FREEZING RAIN OR DRIZZLE
GRTST DEPTH: 0 7 = DUSTSTORM OR SANDSTORM:
VSBY 1/2 MILE OR LESS
8 = SMOKE OR HAZE
[NO. OF DAYS WITH] [WEATHER - DAYS WITH] 9 = BLOWING SNOW
X = TORNADO
MAX 32 OR BELOW: 0 0.01 INCH OR MORE: 3
MAX 90 OR ABOVE: 0 0.10 INCH OR MORE: 3
MIN 32 OR BELOW: 23 0.50 INCH OR MORE: 0
MIN 0 OR BELOW: 0 1.00 INCH OR MORE: 0
[HDD (BASE 65) ]
TOTAL THIS MO. 801 CLEAR (SCALE 0-3) 15
DPTR FM NORMAL -29 PTCLDY (SCALE 4-7) 11
TOTAL FM JUL 1 1124 CLOUDY (SCALE 8-10) 4
DPTR FM NORMAL -314
[CDD (BASE 65) ]
TOTAL THIS MO. 0
DPTR FM NORMAL 0 [PRESSURE DATA]
TOTAL FM JAN 1 901 HIGHEST SLP 30.51 ON 19
DPTR FM NORMAL 163 LOWEST SLP 29.40 ON 11
[REMARKS]
#FINAL-11-21#