000
CXUS55 KPAH 010700
CF6OWB
PRELIMINARY LOCAL CLIMATOLOGICAL DATA (WS FORM: F-6)
STATION: OWENSBORO KY
MONTH: MARCH
YEAR: 2021
LATITUDE: 37 45 N
LONGITUDE: 87 10 W
TEMPERATURE IN F: :PCPN: SNOW: WIND :SUNSHINE: SKY :PK WND
================================================================================
1 2 3 4 5 6A 6B 7 8 9 10 11 12 13 14 15 16 17 18
12Z AVG MX 2MIN
DY MAX MIN AVG DEP HDD CDD WTR SNW DPTH SPD SPD DIR MIN PSBL S-S WX SPD DR
================================================================================
1 48 36 42 -2 23 0 0.00 M M 10.7 21 330 M M 2 26 340
2 50 29 40 -4 25 0 0.00 M M 3.9 10 130 M M 0 14 120
3 65 28 47 3 18 0 0.00 M M 5.9 15 240 M M 0 18 240
4 62 37 50 5 15 0 0.00 M M 6.3 14 10 M M 0 18 10
5 48 32 40 -5 25 0 0.00 M M 8.1 18 60 M M 0 22 50
6 53 28 41 -4 24 0 0.00 M M 4.7 16 70 M M 0 20 80
7 59 27 43 -3 22 0 0.00 M M 2.2 8 300 M M 0 12 300
8 67 35 51 5 14 0 0.00 M M 6.0 16 230 M M 0 21 230
9 70 37 54 8 11 0 0.00 M M 7.8 21 190 M M 0 29 210
10 69 49 59 12 6 0 0.00 M M 14.1 24 200 M M 2 33 220
11 72 55 64 17 1 0 1.73 M M 12.5 25 220 M M 10 13 31 320
12 62 49 56 9 9 0 0.74 M M 6.7 13 60 M M 8 13 16 10
13 59 49 54 6 11 0 0.00 M M 8.1 17 60 M M 7 21 80
14 54 44 49 1 16 0 0.00 M M 10.7 21 90 M M 7 26 80
15 55 42 49 1 16 0 0.36 M M 13.4 29 100 M M 9 1 33 90
16 63 46 55 7 10 0 T M M 4.2 14 310 M M 1 12 16 320
17 61 47 54 5 11 0 0.26 M M 11.0 32 120 M M 5 1 38 120
18 62 42 52 3 13 0 0.19 M M 13.1 23 220 M M 9 1 29 220
19 57 37 47 -3 18 0 0.00 M M 13.1 22 50 M M 3 28 30
20 64 35 50 0 15 0 0.00 M M 5.1 12 20 M M 0 14 20
21 69 36 53 3 12 0 0.00 M M 3.7 10 170 M M 0 15 170
22 71 44 58 8 7 0 0.00 M M 7.0 17 190 M M 3 21 190
23 69 58 64 13 1 0 T M M 16.2 29 170 M M 9 36 160
24 74 52 63 12 2 0 0.00 M M 11.0 24 230 M M 3 28 230
25 69 50 60 8 5 0 0.58 M M 10.4 33 260 M M 6 13 40 250
26 62 50 56 4 9 0 0.00 M M 7.4 21 270 M M 6 24 280
27 77 44 61 9 4 0 0.02 M M 8.3 21 180 M M 2 25 180
28 62 39 51 -2 14 0 0.02 M M 15.2 30 310 M M 6 35 310
29 64 34 49 -4 16 0 0.00 M M 5.8 12 180 M M 0 M M
30 76 45 61 8 4 0 0.46 M M 12.7 29 210 M M 4 1 37 210
31 59 38 49 -5 16 0 0.00 M M 14.5 26 330 M M 4 32 330
================================================================================
SM 1952 1274 393 0 4.36 M 279.8 M 106
================================================================================
AV 63.0 41.1 9.0 FASTST M M 3 MAX(MPH)
MISC ----> 33 260 40 250
================================================================================
NOTES:
# LAST OF SEVERAL OCCURRENCES
COLUMN 17 PEAK WIND IN M.P.H.
PRELIMINARY LOCAL CLIMATOLOGICAL DATA (WS FORM: F-6) , PAGE 2
STATION: OWENSBORO KY
MONTH: MARCH
YEAR: 2021
LATITUDE: 37 45 N
LONGITUDE: 87 10 W
[TEMPERATURE DATA] [PRECIPITATION DATA] SYMBOLS USED IN COLUMN 16
AVERAGE MONTHLY: 52.0 TOTAL FOR MONTH: 4.36 1 = FOG OR MIST
DPTR FM NORMAL: 3.4 DPTR FM NORMAL: -0.28 2 = FOG REDUCING VISIBILITY
HIGHEST: 77 ON 27 GRTST 24HR 2.46 ON 11-12 TO 1/4 MILE OR LESS
LOWEST: 27 ON 7 3 = THUNDER
SNOW, ICE PELLETS, HAIL 4 = ICE PELLETS
TOTAL MONTH: M 5 = HAIL
GRTST 24HR M ON M 6 = FREEZING RAIN OR DRIZZLE
GRTST DEPTH: M ON M 7 = DUSTSTORM OR SANDSTORM:
VSBY 1/2 MILE OR LESS
8 = SMOKE OR HAZE
[NO. OF DAYS WITH] [WEATHER - DAYS WITH] 9 = BLOWING SNOW
X = TORNADO
MAX 32 OR BELOW: 0 0.01 INCH OR MORE: 9
MAX 90 OR ABOVE: 0 0.10 INCH OR MORE: 7
MIN 32 OR BELOW: 5 0.50 INCH OR MORE: 3
MIN 0 OR BELOW: 0 1.00 INCH OR MORE: 1
[HDD (BASE 65) ]
TOTAL THIS MO. 393 CLEAR (SCALE 0-3) 18
DPTR FM NORMAL -121 PTCLDY (SCALE 4-7) 8
TOTAL FM JUL 1 3729 CLOUDY (SCALE 8-10) 5
DPTR FM NORMAL 126
[CDD (BASE 65) ]
TOTAL THIS MO. 0
DPTR FM NORMAL -6 [PRESSURE DATA]
TOTAL FM JAN 1 0 HIGHEST SLP 30.39 ON 31
DPTR FM NORMAL -6 LOWEST SLP 29.94 ON 30
[REMARKS]
#FINAL-03-21#