000
CXUS53 KDDC 031721
CF6P28
PRELIMINARY LOCAL CLIMATOLOGICAL DATA (WS FORM: F-6)
STATION: MEDICINE LODGE KS
MONTH: DECEMBER
YEAR: 2021
LATITUDE: 37 17 N
LONGITUDE: 98 35 W
TEMPERATURE IN F: :PCPN: SNOW: WIND :SUNSHINE: SKY :PK WND
================================================================================
1 2 3 4 5 6A 6B 7 8 9 10 11 12 13 14 15 16 17 18
12Z AVG MX 2MIN
DY MAX MIN AVG DEP HDD CDD WTR SNW DPTH SPD SPD DIR MIN PSBL S-S WX SPD DR
================================================================================
1 70 30 50 11 15 0 0.00 0.0 0 3.8 12 190 M M M 15 190
2 79 34 57 18 8 0 0.00 0.0 0 4.6 14 190 M M 0 17 190
3 66 30 48 9 17 0 0.00 0.0 0 7.3 18 20 M M 0 25 20
4 61 34 48 10 17 0 0.00 0.0 0 7.1 15 40 M M 0 22 40
5 70 39 55 17 10 0 0.00 0.0 0 11.6 43 10 M M 0 59 10
6 42 24 33 -5 32 0 0.00 0.0 0 9.0 32 10 M M 0 45 360
7 44 23 34 -3 31 0 0.00 0.0 0 5.4 13 180 M M 0 22 170
8 57 19 38 1 27 0 0.00 0.0 0 7.3 18 170 M M 0 30 150
9 71 38 55 18 10 0 0.00 0.0 0 6.7 15 360 M M 0 21 350
10 74 33 54 18 11 0 0.00 0.0 0 14.6 35 240 M M 0 48 240
11 51 24 38 2 27 0 0.00 0.0 0 8.2 18 330 M M 0 27 330
12 60 28 44 8 21 0 0.00 0.0 0 10.8 23 180 M M 0 32 180
13 68 30 49 13 16 0 0.00 0.0 0 8.2 15 170 M M 0 26 150
14 69 40 55 20 10 0 0.00 0.0 0 10.2 18 180 M M 0 25 180
15 80 43 62 27 3 0 0.00 0.0 0 18.6 46 240 M M 0 77 230
16 50 26 38 3 27 0 0.00 0.0 0 5.4 14 340 M M 0 22 360
17 56 24 40 5 25 0 0.00 0.0 0 6.0 16 350 M M 0 24 350
18 36 11 24 -11 41 0 0.00 0.0 0 12.4 29 350 M M 0 44 360
19 44 5 25 -9 40 0 0.00 0.0 0 8.1 20 180 M M 0 28 170
20 56 15 36 2 29 0 0.00 0.0 0 4.3 16 20 M M 0 24 20
21 61 15 38 4 27 0 0.00 0.0 0 4.9 15 50 M M 0 20 30
22 62 18 40 6 25 0 0.00 0.0 0 5.5 20 200 M M 0 26 190
23 57 27 42 8 23 0 0.00 0.0 0 4.1 14 180 M M 0 18 180
24 77 35 56 22 9 0 0.00 0.0 0 10.9 26 250 M M 0 41 240
25 67 30 49 15 16 0 0.00 0.0 0 5.0 23 280 M M 0 35 290
26 76 36 56 22 9 0 0.00 0.0 0 8.8 22 240 M M 0 30 240
27 55 36 46 12 19 0 0.00 0.0 0 7.2 28 360 M M 0 43 350
28 61 30 46 12 19 0 0.00 0.0 0 10.6 28 280 M M 0 40 290
29 42 21 32 -2 33 0 0.00 0.0 0 5.2 12 30 M M 0 16 30
30 52 13 33 0 32 0 0.00 0.0 0 5.8 14 190 M M 0 21 190
31 61 24 43 10 22 0 0.00 0.0 0 11.2 25 10 M M 0 35 20
================================================================================
SM 1875 835 651 0 0.00 0.0 248.8 M 0
================================================================================
AV 60.5 26.9 8.0 FASTST M M 0 MAX(MPH)
MISC ----> 46 240 77 230
================================================================================
NOTES:
# LAST OF SEVERAL OCCURRENCES
COLUMN 17 PEAK WIND IN M.P.H.
PRELIMINARY LOCAL CLIMATOLOGICAL DATA (WS FORM: F-6) , PAGE 2
STATION: MEDICINE LODGE KS
MONTH: DECEMBER
YEAR: 2021
LATITUDE: 37 17 N
LONGITUDE: 98 35 W
[TEMPERATURE DATA] [PRECIPITATION DATA] SYMBOLS USED IN COLUMN 16
AVERAGE MONTHLY: 43.7 TOTAL FOR MONTH: 0.00 1 = FOG OR MIST
DPTR FM NORMAL: 8.2 DPTR FM NORMAL: -1.09 2 = FOG REDUCING VISIBILITY
HIGHEST: 80 ON 15 GRTST 24HR 0.95 ON 13-14 TO 1/4 MILE OR LESS
LOWEST: 5 ON 19 3 = THUNDER
SNOW, ICE PELLETS, HAIL 4 = ICE PELLETS
TOTAL MONTH: 0.0 INCH 5 = HAIL
GRTST 24HR 0.0 6 = FREEZING RAIN OR DRIZZLE
GRTST DEPTH: 0 7 = DUSTSTORM OR SANDSTORM:
VSBY 1/2 MILE OR LESS
8 = SMOKE OR HAZE
[NO. OF DAYS WITH] [WEATHER - DAYS WITH] 9 = BLOWING SNOW
X = TORNADO
MAX 32 OR BELOW: 0 0.01 INCH OR MORE: 0
MAX 90 OR ABOVE: 0 0.10 INCH OR MORE: 0
MIN 32 OR BELOW: 21 0.50 INCH OR MORE: 0
MIN 0 OR BELOW: 0 1.00 INCH OR MORE: 0
[HDD (BASE 65) ]
TOTAL THIS MO. 651
DPTR FM NORMAL -263
TOTAL FM JUL 1 1279
DPTR FM NORMAL -493
[CDD (BASE 65) ]
TOTAL THIS MO. 0
DPTR FM NORMAL 0 [PRESSURE DATA]
TOTAL FM JAN 1 1933 HIGHEST SLP 30.47 ON 6
DPTR FM NORMAL 112 LOWEST SLP 29.32 ON 10
[REMARKS]
#FINAL-12-21#