000
CXUS53 KDDC 051435
CF6P28
PRELIMINARY LOCAL CLIMATOLOGICAL DATA (WS FORM: F-6)

                                          STATION:   MEDICINE LODGE KS
                                          MONTH:     FEBRUARY
                                          YEAR:      2018
                                          LATITUDE:   37 17 N
                                          LONGITUDE:  98 35 W

  TEMPERATURE IN F:       :PCPN:    SNOW:  WIND      :SUNSHINE: SKY     :PK WND
================================================================================
1   2   3   4   5  6A  6B    7    8   9   10  11  12  13   14  15   16   17  18
                                     12Z  AVG MX 2MIN
DY MAX MIN AVG DEP HDD CDD  WTR  SNW DPTH SPD SPD DIR MIN PSBL S-S WX    SPD DR
================================================================================

 1  40  16  28  -7  37   0 0.00  0.0    0 11.2 26  30   M    M   0        34  20
 2  44  11  28  -7  37   0 0.00  0.0    0  8.5 22 180   M    M   0        30 190
 3  54  29  42   7  23   0 0.00  0.0    0  7.0 17 190   M    M   0        22 170
 4  41  12  27  -9  38   0 0.00  0.0    0 14.5 32 360   M    M   0        45 350
 5  53   9  31  -5  34   0 0.00  0.0    0 13.2 28  10   M    M   0        36 350
 6  28  14  21 -15  44   0 0.00  0.0    0  7.9 18  20   M    M   0        28  30
 7  42   9  26 -10  39   0 0.00  0.0    0  5.1 10  10   M    M   0        14  10
 8  64  23  44   8  21   0 0.00  0.0    0  9.8 23 190   M    M   0        31 190
 9  42  17  30  -7  35   0 0.00  0.0    0 15.7 31  10   M    M   0        41  10
10  19  12  16 -21  49   0 0.01    T    0 16.1 26  10   M    M   0        35  10
11  44  13  29  -8  36   0 0.00  0.0    0  7.2 18 350   M    M   0        27 350
12  42   8  25 -12  40   0 0.00  0.0    0  8.4 17 130   M    M   0        27 150
13  59  20  40   2  25   0 0.00  0.0    0 10.1 21 180   M    M   0        31 210
14  79  37  58  20   7   0 0.00  0.0    0 10.7 18 230   M    M   0        26 210
15  70  41  56  18   9   0 0.00  0.0    0 11.5 33 360   M    M   0        47  10
16  41  25  33  -5  32   0 0.00  0.0    0 11.9 36  10   M    M   0        53  10
17  61  24  43   4  22   0 0.00  0.0    0 11.2 29 360   M    M   0        41 360
18  65  34  50  11  15   0 0.00  0.0    0 16.8 33 190   M    M   0        51 190
19  63  28  46   7  19   0 0.00  0.0    0 14.4 24 180   M    M   0        37 180
20  32  18  25 -15  40   0 0.00  0.0    0 17.4 26 350   M    M   0        38 350
21  28  15  22 -18  43   0 0.19    T    T 13.3 23  10   M    M   0        31  10
22  30  24  27 -13  38   0 0.08    T    T  4.4 12  60   M    M   0        16  70
23  34  30  32  -8  33   0 0.01    T    0  7.1 14  50   M    M   0        19  20
24  46  25  36  -5  29   0 0.01  0.0    0  6.6 16 270   M    M   0        22 260
25  56  19  38  -3  27   0 0.00  0.0    0  5.8 18 170   M    M   0        29 160
26  64  20  42   1  23   0 0.00  0.0    0  9.6 28 190   M    M   0        37 190
27  67  37  52  10  13   0 0.00  0.0    0 10.6 20 190   M    M   0        28 160
28  67  42  55  13  10   0 0.00  0.0    0 11.3 31 350   M    M   0        45 350
================================================================================
SM 1375  612       818   0 0.30    T     297.3          M        0
================================================================================
AV 49.1 21.9                              10.6 FASTST   M    M   0      MAX(MPH)
                                 MISC ---->    36  10                     53  10
================================================================================
NOTES:
# LAST OF SEVERAL OCCURRENCES

COLUMN 17 PEAK WIND IN M.P.H.

PRELIMINARY LOCAL CLIMATOLOGICAL DATA (WS FORM: F-6) , PAGE 2

                                          STATION:  MEDICINE LODGE KS
                                          MONTH:    FEBRUARY
                                          YEAR:     2018
                                          LATITUDE:   37 17 N
                                          LONGITUDE:  98 35 W

[TEMPERATURE DATA]      [PRECIPITATION DATA]       SYMBOLS USED IN COLUMN 16

AVERAGE MONTHLY: 35.5   TOTAL FOR MONTH:   0.30    1 = FOG OR MIST
DPTR FM NORMAL:  -2.7   DPTR FM NORMAL:   -0.74    2 = FOG REDUCING VISIBILITY
HIGHEST:    79 ON 14    GRTST 24HR  0.19 ON 21-21      TO 1/4 MILE OR LESS
LOWEST:      8 ON 12                               3 = THUNDER
                        SNOW, ICE PELLETS, HAIL    4 = ICE PELLETS
                        TOTAL MONTH:    T          5 = HAIL
                        GRTST 24HR    T  ON 23-23  6 = FREEZING RAIN OR DRIZZLE
                        GRTST DEPTH:  22 ON 21-22  7 = DUSTSTORM OR SANDSTORM:
                                                       VSBY 1/2 MILE OR LESS
                                                   8 = SMOKE OR HAZE
[NO. OF DAYS WITH]      [WEATHER - DAYS WITH]      9 = BLOWING SNOW
                                                   X = TORNADO
MAX 32 OR BELOW:   5    0.01 INCH OR MORE:   5
MAX 90 OR ABOVE:   0    0.10 INCH OR MORE:   1
MIN 32 OR BELOW:  23    0.50 INCH OR MORE:   0
MIN  0 OR BELOW:   0    1.00 INCH OR MORE:   0

[HDD (BASE 65) ]
TOTAL THIS MO.   818
DPTR FM NORMAL    66
TOTAL FM JUL 1  3379
DPTR FM NORMAL  -150

[CDD (BASE 65) ]
TOTAL THIS MO.     0
DPTR FM NORMAL     0    [PRESSURE DATA]
TOTAL FM JAN 1     0    HIGHEST SLP 30.61 ON  2
DPTR FM NORMAL     0    LOWEST  SLP 29.51 ON 19

[REMARKS]
#FINAL-02-18#
