000
CXUS53 KDDC 021842
CF6P28
PRELIMINARY LOCAL CLIMATOLOGICAL DATA (WS FORM: F-6)
STATION: MEDICINE LODGE KS
MONTH: OCTOBER
YEAR: 2020
LATITUDE: 37 17 N
LONGITUDE: 98 35 W
TEMPERATURE IN F: :PCPN: SNOW: WIND :SUNSHINE: SKY :PK WND
================================================================================
1 2 3 4 5 6A 6B 7 8 9 10 11 12 13 14 15 16 17 18
12Z AVG MX 2MIN
DY MAX MIN AVG DEP HDD CDD WTR SNW DPTH SPD SPD DIR MIN PSBL S-S WX SPD DR
================================================================================
1 71 40 56 -9 9 0 0.00 0.0 0 7.9 25 350 M M 0 36 350
2 75 36 56 -8 9 0 0.00 0.0 0 8.3 21 190 M M 0 30 180
3 74 44 59 -5 6 0 0.00 0.0 0 8.8 24 10 M M 0 35 350
4 73 36 55 -9 10 0 0.00 0.0 0 6.6 17 180 M M 0 24 160
5 84 48 66 3 0 1 0.00 0.0 0 10.2 24 200 M M 0 33 200
6 89 45 67 4 0 2 0.00 0.0 0 3.9 12 60 M M 0 16 50
7 91 45 68 6 0 3 0.00 0.0 0 5.0 14 180 M M 0 22 180
8 88 59 74 12 0 9 0.00 0.0 0 9.2 20 170 M M 0 29 180
9 86 60 73 11 0 8 0.00 0.0 0 10.7 24 170 M M 0 34 180
10 83 56 70 9 0 5 0.00 0.0 0 4.7 13 180 M M 0 19 120
11 93 60 77 16 0 12 0.00 0.0 0 13.2 35 350 M M 0 53 320
12 76 43 60 0 5 0 0.00 0.0 0 7.1 26 350 M M 0 38 340
13 80 42 61 1 4 0 0.00 0.0 0 6.4 15 190 M M 0 24 190
14 90 50 70 11 0 5 0.00 0.0 0 10.7 29 20 M M 0 40 20
15 63 47 55 -4 10 0 0.00 0.0 0 10.7 22 360 M M 0 29 10
16 68 46 57 -2 8 0 0.00 0.0 0 8.2 21 200 M M 0 29 180
17 75 48 62 4 3 0 0.00 0.0 0 11.0 25 200 M M 0 38 200
18 58 42 50 -8 15 0 0.00 0.0 0 14.9 31 20 M M 0 45 10
19 57 38 48 -10 17 0 0.00 0.0 0 5.1 10 20 M M 0 15 20
20 54 39 47 -10 18 0 0.00 0.0 0 3.8 10 180 M M 0 17 180
21 58 40 49 -8 16 0 0.03 0.0 0 5.2 10 30 M M 0 16 120
22 86 41 64 8 1 0 0.00 0.0 0 15.1 29 10 M M 0 43 20
23 51 28 40 -16 25 0 0.00 0.0 0 17.1 29 360 M M 0 44 330
24 49 26 38 -18 27 0 0.00 0.0 0 6.5 14 130 M M 0 22 130
25 39 28 34 -21 31 0 0.00 0.0 0 15.0 26 10 M M 0 38 360
26 28 22 25 -30 40 0 0.26 T T 17.3 25 20 M M 0 36 10
27 32 25 29 -25 36 0 0.31 1.0 1 7.9 18 20 M M 0 25 10
28 42 31 37 -17 28 0 2.32 0.0 T 9.5 22 10 M M 0 31 40
29 57 32 45 -8 20 0 0.25 0.0 0 9.5 28 360 M M 0 38 360
30 67 30 49 -4 16 0 0.01 0.0 0 5.7 17 180 M M 0 24 170
31 74 42 58 6 7 0 0.00 0.0 0 8.5 21 10 M M 0 29 350
================================================================================
SM 2111 1269 361 45 3.18 1.0 283.7 M 0
================================================================================
AV 68.1 40.9 9.2 FASTST M M 0 MAX(MPH)
MISC ----> 35 350 53 320
================================================================================
NOTES:
# LAST OF SEVERAL OCCURRENCES
COLUMN 17 PEAK WIND IN M.P.H.
PRELIMINARY LOCAL CLIMATOLOGICAL DATA (WS FORM: F-6) , PAGE 2
STATION: MEDICINE LODGE KS
MONTH: OCTOBER
YEAR: 2020
LATITUDE: 37 17 N
LONGITUDE: 98 35 W
[TEMPERATURE DATA] [PRECIPITATION DATA] SYMBOLS USED IN COLUMN 16
AVERAGE MONTHLY: 54.5 TOTAL FOR MONTH: 3.18 1 = FOG OR MIST
DPTR FM NORMAL: -4.1 DPTR FM NORMAL: 0.34 2 = FOG REDUCING VISIBILITY
HIGHEST: 93 ON 11 GRTST 24HR 2.46 ON 28-29 TO 1/4 MILE OR LESS
LOWEST: 22 ON 26 3 = THUNDER
SNOW, ICE PELLETS, HAIL 4 = ICE PELLETS
TOTAL MONTH: 1.0 INCH 5 = HAIL
GRTST 24HR 1.0 ON 27-27 6 = FREEZING RAIN OR DRIZZLE
GRTST DEPTH: 1 ON 27 7 = DUSTSTORM OR SANDSTORM:
VSBY 1/2 MILE OR LESS
8 = SMOKE OR HAZE
[NO. OF DAYS WITH] [WEATHER - DAYS WITH] 9 = BLOWING SNOW
X = TORNADO
MAX 32 OR BELOW: 2 0.01 INCH OR MORE: 6
MAX 90 OR ABOVE: 3 0.10 INCH OR MORE: 4
MIN 32 OR BELOW: 8 0.50 INCH OR MORE: 1
MIN 0 OR BELOW: 0 1.00 INCH OR MORE: 1
[HDD (BASE 65) ]
TOTAL THIS MO. 361
DPTR FM NORMAL 126
TOTAL FM JUL 1 420
DPTR FM NORMAL 151
[CDD (BASE 65) ]
TOTAL THIS MO. 45
DPTR FM NORMAL 7 [PRESSURE DATA]
TOTAL FM JAN 1 1664 HIGHEST SLP 30.45 ON 26
DPTR FM NORMAL -105 LOWEST SLP 29.46 ON 11
[REMARKS]
#FINAL-10-20#